000
CDUS43 KGRB 060703
CLIGRB


CLIMATE REPORT
NATIONAL WEATHER SERVICE GREEN BAY
202 AM CDT FRI OCT 6 2017


...................................

...THE GREEN BAY WI CLIMATE SUMMARY FOR OCTOBER 5 2017...

CLIMATE NORMAL PERIOD 1981 TO 2010
CLIMATE RECORD PERIOD 1886 TO 2017


WEATHER ITEM   OBSERVED TIME   RECORD YEAR NORMAL DEPARTURE LAST
                VALUE   (LST)  VALUE       VALUE  FROM      YEAR
                                                  NORMAL
..................................................................
TEMPERATURE (F)
 YESTERDAY
  MAXIMUM         62    142 PM  86    2007  61      1       72
  MINIMUM         41    558 AM  21    1952  41      0       54
  AVERAGE         52                        51      1       63

PRECIPITATION (IN)
  YESTERDAY        T             1.08 1978   0.09  -0.09     0.12
  MONTH TO DATE    0.42                      0.43  -0.01     0.33
  SINCE SEP 1      1.43                      3.47  -2.04     4.62
  SINCE JAN 1     26.82                     23.87   2.95    26.24

SNOWFALL (IN)
  YESTERDAY        0.0           T    1935   0.0    0.0      0.0
  MONTH TO DATE    0.0                       0.0    0.0      0.0
  SINCE SEP 1      0.0                       0.0    0.0      0.0
  SINCE JUL 1      0.0                       0.0    0.0      0.0
  SNOW DEPTH       0

DEGREE DAYS
 HEATING
  YESTERDAY       13                        14     -1        2
  MONTH TO DATE   31                        67    -36       18
  SINCE SEP 1    151                       274   -123       83
  SINCE JUL 1    192                       337   -145       96

 COOLING
  YESTERDAY        0                         0      0        0
  MONTH TO DATE    6                         0      6        0
  SINCE SEP 1     98                        33     65       52
  SINCE JAN 1    475                       395     80      574
..................................................................


WIND (MPH)
  HIGHEST WIND SPEED    13   HIGHEST WIND DIRECTION     S (200)
  HIGHEST GUST SPEED    17   HIGHEST GUST DIRECTION    SW (230)
  AVERAGE WIND SPEED     5.5


SKY COVER
  POSSIBLE SUNSHINE  MM
  AVERAGE SKY COVER 0.6


WEATHER CONDITIONS
 THE FOLLOWING WEATHER WAS RECORDED YESTERDAY.
  LIGHT RAIN


RELATIVE HUMIDITY (PERCENT)
 HIGHEST   100           100 AM
 LOWEST     60          1200 PM
 AVERAGE    80

..........................................................


THE GREEN BAY WI CLIMATE NORMALS FOR TODAY
                         NORMAL    RECORD    YEAR
 MAXIMUM TEMPERATURE (F)   61        88      1963
 MINIMUM TEMPERATURE (F)   41        23      2001


SUNRISE AND SUNSET
OCTOBER  6 2017.......SUNRISE   657 AM CDT   SUNSET   624 PM CDT
OCTOBER  7 2017.......SUNRISE   658 AM CDT   SUNSET   622 PM CDT


-  INDICATES NEGATIVE NUMBERS.
R  INDICATES RECORD WAS SET OR TIED.
MM INDICATES DATA IS MISSING.
T  INDICATES TRACE AMOUNT.




$$
