112
CDUS43 KGRB 100700
CLIGRB

CLIMATE REPORT
NATIONAL WEATHER SERVICE GREEN BAY
1258 AM CST TUE JAN 10 2017

...................................

...THE GREEN BAY WI CLIMATE SUMMARY FOR JANUARY 9 2017...

CLIMATE NORMAL PERIOD 1981 TO 2010
CLIMATE RECORD PERIOD 1886 TO 2017


WEATHER ITEM   OBSERVED TIME   RECORD YEAR NORMAL DEPARTURE LAST
                VALUE   (LST)  VALUE       VALUE  FROM      YEAR
                                                  NORMAL
..................................................................
TEMPERATURE (F)
 YESTERDAY
  MAXIMUM         29   1159 PM  53    2002  24      5       35
  MINIMUM         17    224 AM -27    1977   9      8       19
  AVERAGE         23                        17      6       27

PRECIPITATION (IN)
  YESTERDAY        0.23          1.78 1889   0.04   0.19     0.15
  MONTH TO DATE    0.27                      0.35  -0.08     0.72
  SINCE DEC 1      2.52                      1.86   0.66     6.43
  SINCE JAN 1      0.27                      0.35  -0.08     0.72

SNOWFALL (IN)
  YESTERDAY        2.7          17.8  1889   0.4    2.3      1.0
  MONTH TO DATE    2.7                       3.6   -0.9      1.2
  SINCE DEC 1     25.8                      16.7    9.1     14.9
  SINCE JUL 1     26.7                      20.9    5.8     15.1
  SNOW DEPTH       2

DEGREE DAYS
 HEATING
  YESTERDAY       42                        48     -6       38
  MONTH TO DATE  455                       432     23      359
  SINCE DEC 1   1706                      1782    -76     1297
  SINCE JUL 1   2768                      3522   -754     2569

COOLING
  YESTERDAY        0                         0      0        0
  MONTH TO DATE    0                         0      0        0
  SINCE DEC 1      0                         0      0        0
  SINCE JAN 1      0                         0      0        0
..................................................................

WIND (MPH)
  HIGHEST WIND SPEED    13   HIGHEST WIND DIRECTION     S (170)
  HIGHEST GUST SPEED    17   HIGHEST GUST DIRECTION     S (170)
  AVERAGE WIND SPEED     7.1

SKY COVER
  POSSIBLE SUNSHINE  MM
  AVERAGE SKY COVER 1.0

WEATHER CONDITIONS
 THE FOLLOWING WEATHER WAS RECORDED YESTERDAY.
  LIGHT SNOW
  FOG

RELATIVE HUMIDITY (PERCENT)
 HIGHEST    92           800 PM
 LOWEST     61          1200 AM
 AVERAGE    77
..........................................................

THE GREEN BAY WI CLIMATE NORMALS FOR TODAY
                         NORMAL    RECORD    YEAR
 MAXIMUM TEMPERATURE (F)   24        48      1975
                                             1928
 MINIMUM TEMPERATURE (F)    9       -25      1982

SUNRISE AND SUNSET
JANUARY 10 2017.......SUNRISE   728 AM CST   SUNSET   433 PM CST
JANUARY 11 2017.......SUNRISE   727 AM CST   SUNSET   434 PM CST

-  INDICATES NEGATIVE NUMBERS.
R  INDICATES RECORD WAS SET OR TIED.
MM INDICATES DATA IS MISSING.
T  INDICATES TRACE AMOUNT.

$$
