000
CDUS43 KGRB 150620
CLIGRB


CLIMATE REPORT
NATIONAL WEATHER SERVICE GREEN BAY
120 AM CDT TUE JUL 15 2014


...................................

...THE GREEN BAY WI CLIMATE SUMMARY FOR JULY 14 2014...

CLIMATE NORMAL PERIOD 1981 TO 2010
CLIMATE RECORD PERIOD 1886 TO 2014


WEATHER ITEM   OBSERVED TIME   RECORD YEAR NORMAL DEPARTURE LAST
                VALUE   (LST)  VALUE       VALUE  FROM      YEAR
                                                  NORMAL
..................................................................
TEMPERATURE (F)
 YESTERDAY
  MAXIMUM         75    118 PM 102    1995  80     -5       89
  MINIMUM         53    438 AM  45    1950  59     -6       61
  AVERAGE         64                        69     -5       75

PRECIPITATION (IN)
  YESTERDAY        0.14          2.52 1919   0.11   0.03     0.00
  MONTH TO DATE    0.48                      1.63  -1.15     1.35
  SINCE JUN 1      4.53                      5.51  -0.98     5.17
  SINCE JAN 1     15.19                     15.16   0.03    18.94

SNOWFALL (IN)
  YESTERDAY        0.0           0.0    MM   0.0    0.0      0.0
  MONTH TO DATE    0.0                       0.0    0.0      0.0
  SINCE JUN 1      0.0                       0.0    0.0      0.0
  SINCE JUL 1      0.0                       0.0    0.0      0.0
  SNOW DEPTH       0

DEGREE DAYS
 HEATING
  YESTERDAY        1                         1      0        0
  MONTH TO DATE    7                        14     -7        1
  SINCE JUN 1     38                       106    -68       73
  SINCE JUL 1      7                        14     -7        1

 COOLING
  YESTERDAY        0                         5     -5       10
  MONTH TO DATE   44                        70    -26       96
  SINCE JUN 1    150                       153     -3      201
  SINCE JAN 1    166                       171     -5      239
..................................................................


WIND (MPH)
  HIGHEST WIND SPEED    26   HIGHEST WIND DIRECTION     W (280)
  HIGHEST GUST SPEED    31   HIGHEST GUST DIRECTION     W (280)
  AVERAGE WIND SPEED     7.2


SKY COVER
  POSSIBLE SUNSHINE  MM
  AVERAGE SKY COVER 0.6


WEATHER CONDITIONS
 THE FOLLOWING WEATHER WAS RECORDED YESTERDAY.
  HEAVY RAIN
  LIGHT RAIN


RELATIVE HUMIDITY (PERCENT)
 HIGHEST    93           400 AM
 LOWEST     49          1200 PM
 AVERAGE    71

..........................................................


THE GREEN BAY WI CLIMATE NORMALS FOR TODAY
                         NORMAL    RECORD    YEAR
 MAXIMUM TEMPERATURE (F)   80        98      2006
                                             1931
 MINIMUM TEMPERATURE (F)   59        47      1967


SUNRISE AND SUNSET
JULY 15 2014..........SUNRISE   522 AM CDT   SUNSET   835 PM CDT
JULY 16 2014..........SUNRISE   523 AM CDT   SUNSET   834 PM CDT


-  INDICATES NEGATIVE NUMBERS.
R  INDICATES RECORD WAS SET OR TIED.
MM INDICATES DATA IS MISSING.
T  INDICATES TRACE AMOUNT.




$$
