785
CDUS43 KGRB 160642
CLIGRB


CLIMATE REPORT
NATIONAL WEATHER SERVICE GREEN BAY
141 AM CDT FRI JUN 16 2017


...................................

...THE GREEN BAY WI CLIMATE SUMMARY FOR JUNE 15 2017...

CLIMATE NORMAL PERIOD 1981 TO 2010
CLIMATE RECORD PERIOD 1886 TO 2017


WEATHER ITEM   OBSERVED TIME   RECORD YEAR NORMAL DEPARTURE LAST
                VALUE   (LST)  VALUE       VALUE  FROM      YEAR
                                                  NORMAL
..................................................................
TEMPERATURE (F)
 YESTERDAY
  MAXIMUM         87    246 PM  93    2012  75     12       76
  MINIMUM         62    227 AM  38    1964  54      8       60
  AVERAGE         75                        65     10       68

PRECIPITATION (IN)
  YESTERDAY        0.00          1.09 1906   0.13  -0.13     0.65
  MONTH TO DATE    1.77                      1.97  -0.20     3.28
  SINCE JUN 1      1.77                      1.97  -0.20     3.28
  SINCE JAN 1     14.77                     11.62   3.15    14.46

SNOWFALL (IN)
  YESTERDAY        0.0           0.0    MM   0.0    0.0      0.0
  MONTH TO DATE    0.0                       0.0    0.0      0.0
  SINCE JUN 1      0.0                       0.0    0.0      0.0
  SINCE JUL 1     53.2                      51.4    1.8     50.0
  SNOW DEPTH       0

DEGREE DAYS
 HEATING
  YESTERDAY        0                         3     -3        0
  MONTH TO DATE    7                        64    -57       24
  SINCE JUN 1      7                        64    -57       24
  SINCE JUL 1   6394                      7927  -1533     6621

 COOLING
  YESTERDAY       10                         3      7        3
  MONTH TO DATE   76                        27     49       29
  SINCE JUN 1     76                        27     49       29
  SINCE JAN 1     84                        45     39       62
..................................................................


WIND (MPH)
  HIGHEST WIND SPEED    24   HIGHEST WIND DIRECTION     W (270)
  HIGHEST GUST SPEED    32   HIGHEST GUST DIRECTION    SW (240)
  AVERAGE WIND SPEED     6.3


SKY COVER
  POSSIBLE SUNSHINE  MM
  AVERAGE SKY COVER 0.2


WEATHER CONDITIONS
 THE FOLLOWING WEATHER WAS RECORDED YESTERDAY.
  FOG
  FOG W/VISIBILITY <= 1/4 MILE


RELATIVE HUMIDITY (PERCENT)
 HIGHEST   100          1200 AM
 LOWEST     32           500 PM
 AVERAGE    66

..........................................................


THE GREEN BAY WI CLIMATE NORMALS FOR TODAY
                         NORMAL    RECORD    YEAR
 MAXIMUM TEMPERATURE (F)   76        93      1994
                                             1891
 MINIMUM TEMPERATURE (F)   55        35      1964


SUNRISE AND SUNSET
JUNE 16 2017..........SUNRISE   507 AM CDT   SUNSET   840 PM CDT
JUNE 17 2017..........SUNRISE   507 AM CDT   SUNSET   840 PM CDT


-  INDICATES NEGATIVE NUMBERS.
R  INDICATES RECORD WAS SET OR TIED.
MM INDICATES DATA IS MISSING.
T  INDICATES TRACE AMOUNT.




$$
