000
CDUS43 KGRB 150630
CLIGRB


CLIMATE REPORT
NATIONAL WEATHER SERVICE GREEN BAY
130 AM CDT SAT APR 15 2017


...................................

...THE GREEN BAY WI CLIMATE SUMMARY FOR APRIL 14 2017...

CLIMATE NORMAL PERIOD 1981 TO 2010
CLIMATE RECORD PERIOD 1886 TO 2017


WEATHER ITEM   OBSERVED TIME   RECORD YEAR NORMAL DEPARTURE LAST
                VALUE   (LST)  VALUE       VALUE  FROM      YEAR
                                                  NORMAL
..................................................................
TEMPERATURE (F)
 YESTERDAY
  MAXIMUM         60    409 PM  81    2003  53      7       59
  MINIMUM         36    521 AM  16    1928  33      3       32
  AVERAGE         48                        43      5       46

PRECIPITATION (IN)
  YESTERDAY        0.01          0.99 1987   0.09  -0.08     0.00
  MONTH TO DATE    0.78                      1.19  -0.41     0.84
  SINCE MAR 1      3.08                      3.04   0.04     4.89
  SINCE JAN 1      6.33                      5.28   1.05     7.37

SNOWFALL (IN)
  YESTERDAY       MM             6.2  1928   0.1   MM        0.0
  MONTH TO DATE    0.0                       1.9   -1.9      4.4
  SINCE MAR 1      9.0                      10.0   -1.0     16.2
  SINCE JUL 1     53.2                      50.2    3.0     50.0
  SNOW DEPTH       0

DEGREE DAYS
 HEATING
  YESTERDAY       17                        22     -5       19
  MONTH TO DATE  245                       344    -99      425
  SINCE MAR 1   1269                      1404   -135     1290
  SINCE JUL 1   5842                      7244  -1402     6101

 COOLING
  YESTERDAY        0                         0      0        0
  MONTH TO DATE    0                         0      0        0
  SINCE MAR 1      0                         0      0        0
  SINCE JAN 1      0                         0      0        0
..................................................................


WIND (MPH)
  HIGHEST WIND SPEED    21   HIGHEST WIND DIRECTION    SE (120)
  HIGHEST GUST SPEED    24   HIGHEST GUST DIRECTION    SE (130)
  AVERAGE WIND SPEED     9.0


SKY COVER
  POSSIBLE SUNSHINE  MM
  AVERAGE SKY COVER 0.2


WEATHER CONDITIONS
 THE FOLLOWING WEATHER WAS RECORDED YESTERDAY.
  LIGHT RAIN


RELATIVE HUMIDITY (PERCENT)
 HIGHEST   100           500 AM
 LOWEST     51           400 PM
 AVERAGE    76

..........................................................


THE GREEN BAY WI CLIMATE NORMALS FOR TODAY
                         NORMAL    RECORD    YEAR
 MAXIMUM TEMPERATURE (F)   54        84      2002
                                             1896
 MINIMUM TEMPERATURE (F)   34        14      1928


SUNRISE AND SUNSET
APRIL 15 2017.........SUNRISE   608 AM CDT   SUNSET   738 PM CDT
APRIL 16 2017.........SUNRISE   606 AM CDT   SUNSET   739 PM CDT


-  INDICATES NEGATIVE NUMBERS.
R  INDICATES RECORD WAS SET OR TIED.
MM INDICATES DATA IS MISSING.
T  INDICATES TRACE AMOUNT.




$$
