000
CDUS43 KGRB 120700
CLIGRB


CLIMATE REPORT
NATIONAL WEATHER SERVICE GREEN BAY
200 AM CDT TUE AUG 12 2014


...................................

...THE GREEN BAY WI CLIMATE SUMMARY FOR AUGUST 11 2014...

CLIMATE NORMAL PERIOD 1981 TO 2010
CLIMATE RECORD PERIOD 1886 TO 2014


WEATHER ITEM   OBSERVED TIME   RECORD YEAR NORMAL DEPARTURE LAST
                VALUE   (LST)  VALUE       VALUE  FROM      YEAR
                                                  NORMAL
..................................................................
TEMPERATURE (F)
 YESTERDAY
  MAXIMUM         80    110 PM  95    1944  78      2       70
  MINIMUM         59   1159 PM  40    1967  58      1       55
  AVERAGE         70                        68      2       63

PRECIPITATION (IN)
  YESTERDAY        0.63          1.52 2002   0.12   0.51     0.01
  MONTH TO DATE    0.66                      1.25  -0.59     0.74
  SINCE JUN 1      5.92                      8.63  -2.71     7.91
  SINCE JAN 1     16.58                     18.28  -1.70    21.68

SNOWFALL (IN)
  YESTERDAY        0.0           0.0    MM   0.0    0.0      0.0
  MONTH TO DATE    0.0                       0.0    0.0      0.0
  SINCE JUN 1      0.0                       0.0    0.0      0.0
  SINCE JUL 1      0.0                       0.0    0.0      0.0
  SNOW DEPTH       0

DEGREE DAYS
 HEATING
  YESTERDAY        0                         1     -1        2
  MONTH TO DATE    0                        11    -11        5
  SINCE JUN 1     46                       126    -80       99
  SINCE JUL 1     15                        34    -19       27

 COOLING
  YESTERDAY        5                         4      1        0
  MONTH TO DATE   49                        45      4       20
  SINCE JUN 1    254                       278    -24      323
  SINCE JAN 1    270                       296    -26      361
..................................................................


WIND (MPH)
  HIGHEST WIND SPEED    21   HIGHEST WIND DIRECTION     N (360)
  HIGHEST GUST SPEED    27   HIGHEST GUST DIRECTION     N (360)
  AVERAGE WIND SPEED     7.9


SKY COVER
  POSSIBLE SUNSHINE  MM
  AVERAGE SKY COVER 0.7


WEATHER CONDITIONS
 THE FOLLOWING WEATHER WAS RECORDED YESTERDAY.
  HEAVY RAIN
  RAIN
  LIGHT RAIN
  FOG


RELATIVE HUMIDITY (PERCENT)
 HIGHEST   100           500 AM
 LOWEST     49           100 PM
 AVERAGE    75

..........................................................


THE GREEN BAY WI CLIMATE NORMALS FOR TODAY
                         NORMAL    RECORD    YEAR
 MAXIMUM TEMPERATURE (F)   78        94      1947
 MINIMUM TEMPERATURE (F)   58        44      1954


SUNRISE AND SUNSET
AUGUST 12 2014........SUNRISE   552 AM CDT   SUNSET   802 PM CDT
AUGUST 13 2014........SUNRISE   553 AM CDT   SUNSET   801 PM CDT


-  INDICATES NEGATIVE NUMBERS.
R  INDICATES RECORD WAS SET OR TIED.
MM INDICATES DATA IS MISSING.
T  INDICATES TRACE AMOUNT.




$$
