000
CDUS43 KGRB 210639
CLIGRB


CLIMATE REPORT
NATIONAL WEATHER SERVICE GREEN BAY
138 AM CDT SUN MAY 21 2017


...................................

...THE GREEN BAY WI CLIMATE SUMMARY FOR MAY 20 2017...

CLIMATE NORMAL PERIOD 1981 TO 2010
CLIMATE RECORD PERIOD 1886 TO 2017


WEATHER ITEM   OBSERVED TIME   RECORD YEAR NORMAL DEPARTURE LAST
                VALUE   (LST)  VALUE       VALUE  FROM      YEAR
                                                  NORMAL
..................................................................
TEMPERATURE (F)
 YESTERDAY
  MAXIMUM         56   1211 PM  90    2012  67    -11       76
                                      1972
                                      1948
  MINIMUM         43    326 AM  30    2002  45     -2       44
  AVERAGE         50                        56     -6       60

PRECIPITATION (IN)
  YESTERDAY        0.28          1.02 1913   0.10   0.18     0.00
  MONTH TO DATE    1.85                      1.74   0.11     1.28
  SINCE MAR 1      8.63                      6.22   2.41     6.62
  SINCE JAN 1     11.88                      8.46   3.42     9.10

SNOWFALL (IN)
  YESTERDAY        0.0           0.0    MM   0.0    0.0      0.0
  MONTH TO DATE    0.0                       0.2   -0.2       T
  SINCE MAR 1      9.0                      11.2   -2.2     16.2
  SINCE JUL 1     53.2                      51.4    1.8     50.0
  SNOW DEPTH       0

DEGREE DAYS
 HEATING
  YESTERDAY       15                         9      6        5
  MONTH TO DATE  235                       241     -6      245
  SINCE MAR 1   1746                      1938   -192     1782
  SINCE JUL 1   6319                      7778  -1459     6593

 COOLING
  YESTERDAY        0                         1     -1        0
  MONTH TO DATE    8                         3      5        1
  SINCE MAR 1      8                         5      3        1
  SINCE JAN 1      8                         5      3        1
..................................................................


WIND (MPH)
  HIGHEST WIND SPEED    21   HIGHEST WIND DIRECTION     E (70)
  HIGHEST GUST SPEED    28   HIGHEST GUST DIRECTION     E (70)
  AVERAGE WIND SPEED    12.5


SKY COVER
  POSSIBLE SUNSHINE  MM
  AVERAGE SKY COVER 0.5


WEATHER CONDITIONS
 THE FOLLOWING WEATHER WAS RECORDED YESTERDAY.
  RAIN
  LIGHT RAIN
  FOG


RELATIVE HUMIDITY (PERCENT)
 HIGHEST   100           500 PM
 LOWEST     51          1100 AM
 AVERAGE    76

..........................................................


THE GREEN BAY WI CLIMATE NORMALS FOR TODAY
                         NORMAL    RECORD    YEAR
 MAXIMUM TEMPERATURE (F)   68        88      1970
 MINIMUM TEMPERATURE (F)   46        30      2002


SUNRISE AND SUNSET
MAY 21 2017...........SUNRISE   519 AM CDT   SUNSET   820 PM CDT
MAY 22 2017...........SUNRISE   518 AM CDT   SUNSET   821 PM CDT


-  INDICATES NEGATIVE NUMBERS.
R  INDICATES RECORD WAS SET OR TIED.
MM INDICATES DATA IS MISSING.
T  INDICATES TRACE AMOUNT.




$$
