520
CDUS43 KGRB 300648
CLIGRB


CLIMATE REPORT
NATIONAL WEATHER SERVICE GREEN BAY
1248 AM CST SAT JAN 30 2016


...................................

...THE GREEN BAY WI CLIMATE SUMMARY FOR JANUARY 29 2016...

CLIMATE NORMAL PERIOD 1981 TO 2010
CLIMATE RECORD PERIOD 1886 TO 2016


WEATHER ITEM   OBSERVED TIME   RECORD YEAR NORMAL DEPARTURE LAST
                VALUE   (LST)  VALUE       VALUE  FROM      YEAR
                                                  NORMAL
..................................................................
TEMPERATURE (F)
 YESTERDAY
  MAXIMUM         28   1159 PM  50    1914  25      3       35
  MINIMUM         -3    727 AM -26    1899   9    -12       21
  AVERAGE         13                        17     -4       28

PRECIPITATION (IN)
  YESTERDAY        T             0.60 1891   0.03  -0.03      T
  MONTH TO DATE    1.25                      1.06   0.19     0.56
  SINCE DEC 1      6.96                      2.57   4.39     2.24
  SINCE JAN 1      1.25                      1.06   0.19     0.56

SNOWFALL (IN)
  YESTERDAY        T             6.0  1891   0.4   -0.4       T
  MONTH TO DATE    7.7                      12.2   -4.5      8.8
  SINCE DEC 1     21.4                      25.3   -3.9     12.3
  SINCE JUL 1     21.6                      29.5   -7.9     20.5
  SNOW DEPTH       7

DEGREE DAYS
 HEATING
  YESTERDAY       52                        48      4       37
  MONTH TO DATE 1349                      1406    -57     1371
  SINCE DEC 1   2287                      2756   -469     2579
  SINCE JUL 1   3559                      4496   -937     4416

 COOLING
  YESTERDAY        0                         0      0        0
  MONTH TO DATE    0                         0      0        0
  SINCE DEC 1      0                         0      0        0
  SINCE JAN 1      0                         0      0        0
..................................................................


WIND (MPH)
  HIGHEST WIND SPEED    15   HIGHEST WIND DIRECTION    SE (150)
  HIGHEST GUST SPEED    18   HIGHEST GUST DIRECTION    SE (150)
  AVERAGE WIND SPEED     6.2


SKY COVER
  POSSIBLE SUNSHINE  MM
  AVERAGE SKY COVER 0.3


WEATHER CONDITIONS
 THE FOLLOWING WEATHER WAS RECORDED YESTERDAY.
  LIGHT SNOW


RELATIVE HUMIDITY (PERCENT)
 HIGHEST    91           800 AM
 LOWEST     61           100 PM
 AVERAGE    76

..........................................................


THE GREEN BAY WI CLIMATE NORMALS FOR TODAY
                         NORMAL    RECORD    YEAR
 MAXIMUM TEMPERATURE (F)   25        42      1989
 MINIMUM TEMPERATURE (F)    9       -31      1951


SUNRISE AND SUNSET
JANUARY 30 2016.......SUNRISE   714 AM CST   SUNSET   458 PM CST
JANUARY 31 2016.......SUNRISE   713 AM CST   SUNSET   500 PM CST


-  INDICATES NEGATIVE NUMBERS.
R  INDICATES RECORD WAS SET OR TIED.
MM INDICATES DATA IS MISSING.
T  INDICATES TRACE AMOUNT.




$$
