000
CDUS43 KGRB 150649
CLIGRB

CLIMATE REPORT
NATIONAL WEATHER SERVICE GREEN BAY
144 AM CDT SUN MAY 15 2016

...................................

...THE GREEN BAY WI CLIMATE SUMMARY FOR MAY 14 2016...

CLIMATE NORMAL PERIOD 1981 TO 2010
CLIMATE RECORD PERIOD 1886 TO 2016

WEATHER ITEM   OBSERVED TIME   RECORD YEAR NORMAL DEPARTURE LAST
                VALUE   (LST)  VALUE       VALUE  FROM      YEAR
                                                  NORMAL
..................................................................
TEMPERATURE (F)
 YESTERDAY
  MAXIMUM         46    217 PM  89    1991  66    -20       63
  MINIMUM         35   1159 PM  29    1895  43     -8       38
  AVERAGE         41                        54    -13       51

PRECIPITATION (IN)
  YESTERDAY        T             2.17 1957   0.09  -0.09     0.08
  MONTH TO DATE    1.28                      1.18   0.10     0.92
  SINCE MAR 1      6.62                      5.66   0.96     3.45
  SINCE JAN 1      9.10                      7.90   1.20     4.42

SNOWFALL (IN)
  YESTERDAY        T   R         T    2005   0.0    0.0      0.0
  MONTH TO DATE    T                         0.1   -0.1      0.0
  SINCE MAR 1     16.2                      11.1    5.1      4.2
  SINCE JUL 1     50.0                      51.3   -1.3     32.7
  SNOW DEPTH       0

DEGREE DAYS
 HEATING
  YESTERDAY       24                        11     13       14
  MONTH TO DATE  173                       181     -8      108
  SINCE MAR 1   1710                      1878   -168     1640
  SINCE JUL 1   6521                      7718  -1197     7678

 COOLING
  YESTERDAY        0                         0      0        0
  MONTH TO DATE    1                         0      1        7
  SINCE MAR 1      1                         2     -1        7
  SINCE JAN 1      1                         2     -1        7
..................................................................

WIND (MPH)
  HIGHEST WIND SPEED    22   HIGHEST WIND DIRECTION     W (280)
  HIGHEST GUST SPEED    28   HIGHEST GUST DIRECTION    NW (310)
  AVERAGE WIND SPEED    13.3

SKY COVER
  POSSIBLE SUNSHINE  MM
  AVERAGE SKY COVER 0.9

WEATHER CONDITIONS
 THE FOLLOWING WEATHER WAS RECORDED YESTERDAY.
  LIGHT SNOW

RELATIVE HUMIDITY (PERCENT)
 HIGHEST    79           100 AM
 LOWEST     49           100 PM
 AVERAGE    64
..........................................................

THE GREEN BAY WI CLIMATE NORMALS FOR TODAY
                         NORMAL    RECORD    YEAR
 MAXIMUM TEMPERATURE (F)   66        87      1991
 MINIMUM TEMPERATURE (F)   44        29      1929

SUNRISE AND SUNSET
MAY 15 2016...........SUNRISE   525 AM CDT   SUNSET   814 PM CDT
MAY 16 2016...........SUNRISE   523 AM CDT   SUNSET   815 PM CDT

-  INDICATES NEGATIVE NUMBERS.
R  INDICATES RECORD WAS SET OR TIED.
MM INDICATES DATA IS MISSING.
T  INDICATES TRACE AMOUNT.

$$
