000
CDUS43 KGRB 260720
CLIGRB


CLIMATE REPORT
NATIONAL WEATHER SERVICE GREEN BAY
119 AM CST SUN NOV 26 2017


...................................

...THE GREEN BAY WI CLIMATE SUMMARY FOR NOVEMBER 25 2017...

CLIMATE NORMAL PERIOD 1981 TO 2010
CLIMATE RECORD PERIOD 1886 TO 2017


WEATHER ITEM   OBSERVED TIME   RECORD YEAR NORMAL DEPARTURE LAST
                VALUE   (LST)  VALUE       VALUE  FROM      YEAR
                                                  NORMAL
..................................................................
TEMPERATURE (F)
 YESTERDAY
  MAXIMUM         45   1224 AM  59    1908  37      8       40
  MINIMUM         24   1159 PM  -7    1950  23      1       33
  AVERAGE         35                        30      5       37

PRECIPITATION (IN)
  YESTERDAY        0.00          1.13 1896   0.07  -0.07     0.01
  MONTH TO DATE    1.14                      1.79  -0.65     0.58
  SINCE SEP 1      5.27                      7.27  -2.00     7.53
  SINCE JAN 1     30.66                     27.67   2.99    29.15

SNOWFALL (IN)
  YESTERDAY        0.0           3.4  1895   0.3   -0.3      0.0
  MONTH TO DATE    0.6                       2.8   -2.2      0.9
  SINCE SEP 1      0.6                       3.0   -2.4      0.9
  SINCE JUL 1      0.6                       3.0   -2.4      0.9
  SNOW DEPTH       0

DEGREE DAYS
 HEATING
  YESTERDAY       30                        35     -5       28
  MONTH TO DATE  748                       733     15      483
  SINCE SEP 1   1244                      1496   -252      924
  SINCE JUL 1   1285                      1559   -274      937

 COOLING
  YESTERDAY        0                         0      0        0
  MONTH TO DATE    0                         0      0        0
  SINCE SEP 1    100                        36     64       55
  SINCE JAN 1    477                       398     79      577
..................................................................


WIND (MPH)
  HIGHEST WIND SPEED    24   HIGHEST WIND DIRECTION    NW (320)
  HIGHEST GUST SPEED    29   HIGHEST GUST DIRECTION    NW (330)
  AVERAGE WIND SPEED    10.1


SKY COVER
  POSSIBLE SUNSHINE  MM
  AVERAGE SKY COVER 0.4


WEATHER CONDITIONS
 THE FOLLOWING WEATHER WAS RECORDED YESTERDAY.
  NO SIGNIFICANT WEATHER WAS OBSERVED.


RELATIVE HUMIDITY (PERCENT)
 HIGHEST    85           200 AM
 LOWEST     46           200 PM
 AVERAGE    66

..........................................................


THE GREEN BAY WI CLIMATE NORMALS FOR TODAY
                         NORMAL    RECORD    YEAR
 MAXIMUM TEMPERATURE (F)   37        61      1984
                                             1914
                                             1896
 MINIMUM TEMPERATURE (F)   22        -4      1977


SUNRISE AND SUNSET
NOVEMBER 26 2017......SUNRISE   703 AM CST   SUNSET   416 PM CST
NOVEMBER 27 2017......SUNRISE   704 AM CST   SUNSET   416 PM CST


-  INDICATES NEGATIVE NUMBERS.
R  INDICATES RECORD WAS SET OR TIED.
MM INDICATES DATA IS MISSING.
T  INDICATES TRACE AMOUNT.




$$
