000
CDUS43 KGRB 180718
CLIGRB

CLIMATE REPORT
NATIONAL WEATHER SERVICE GREEN BAY
216 AM CDT MON APR 18 2016

...................................

...THE GREEN BAY WI CLIMATE SUMMARY FOR APRIL 17 2016...

CLIMATE NORMAL PERIOD 1981 TO 2010
CLIMATE RECORD PERIOD 1886 TO 2016

WEATHER ITEM   OBSERVED TIME   RECORD YEAR NORMAL DEPARTURE LAST
                VALUE   (LST)  VALUE       VALUE  FROM      YEAR
                                                  NORMAL
..................................................................
TEMPERATURE (F)
 YESTERDAY
  MAXIMUM         79    316 PM  83    1958  55     24       75
  MINIMUM         41    438 AM  21    1983  34      7       43
  AVERAGE         60                        45     15       59

PRECIPITATION (IN)
  YESTERDAY        0.00          1.03 1968   0.09  -0.09     0.00
  MONTH TO DATE    0.84                      1.47  -0.63     1.18
  SINCE MAR 1      4.89                      3.32   1.57     2.08
  SINCE JAN 1      7.37                      5.56   1.81     3.05

SNOWFALL (IN)
  YESTERDAY        0.0           2.7  1888   0.1   -0.1      0.0
  MONTH TO DATE    4.4                       2.2    2.2       T
  SINCE MAR 1     16.2                      10.3    5.9      4.2
  SINCE JUL 1     50.0                      50.5   -0.5     32.7
  SNOW DEPTH       0

DEGREE DAYS
 HEATING
  YESTERDAY        5                        20    -15        6
  MONTH TO DATE  453                       406     47      323
  SINCE MAR 1   1318                      1466   -148     1291
  SINCE JUL 1   6129                      7306  -1177     7329

COOLING
  YESTERDAY        0                         0      0        0
  MONTH TO DATE    0                         0      0        0
  SINCE MAR 1      0                         0      0        0
  SINCE JAN 1      0                         0      0        0
..................................................................

WIND (MPH)
  HIGHEST WIND SPEED    17   HIGHEST WIND DIRECTION     S (160)
  HIGHEST GUST SPEED    21   HIGHEST GUST DIRECTION    SE (150)
  AVERAGE WIND SPEED     4.4

SKY COVER
  POSSIBLE SUNSHINE  MM
  AVERAGE SKY COVER 0.0

WEATHER CONDITIONS
 THE FOLLOWING WEATHER WAS RECORDED YESTERDAY.
  NO SIGNIFICANT WEATHER WAS OBSERVED.

RELATIVE HUMIDITY (PERCENT)
 HIGHEST    89           300 AM
 LOWEST     30           200 PM
 AVERAGE    60
..........................................................

THE GREEN BAY WI CLIMATE NORMALS FOR TODAY
                         NORMAL    RECORD    YEAR
 MAXIMUM TEMPERATURE (F)   55        83      1994
 MINIMUM TEMPERATURE (F)   35        17      1960

SUNRISE AND SUNSET
APRIL 18 2016.........SUNRISE   603 AM CDT   SUNSET   742 PM CDT
APRIL 19 2016.........SUNRISE   601 AM CDT   SUNSET   743 PM CDT

-  INDICATES NEGATIVE NUMBERS.
R  INDICATES RECORD WAS SET OR TIED.
MM INDICATES DATA IS MISSING.
T  INDICATES TRACE AMOUNT.

$$
