000
CDUS43 KGRB 072127
CLIGRB


CLIMATE REPORT
NATIONAL WEATHER SERVICE GREEN BAY
425 PM CDT FRI APR 7 2017


...................................

...THE GREEN BAY WI CLIMATE SUMMARY FOR APRIL 7 2017...
VALID TODAY AS OF 0400 PM LOCAL TIME.

CLIMATE NORMAL PERIOD 1981 TO 2010
CLIMATE RECORD PERIOD 1886 TO 2017


WEATHER ITEM   OBSERVED TIME   RECORD YEAR NORMAL DEPARTURE LAST
                VALUE   (LST)  VALUE       VALUE  FROM      YEAR
                                                  NORMAL
..................................................................
TEMPERATURE (F)
 TODAY
  MAXIMUM         57    256 PM  81    1991  50      7       41
  MINIMUM         33    546 AM  16    1972  31      2       32
                                      1936
                                      1914
  AVERAGE         45                        40      5       37

PRECIPITATION (IN)
  TODAY            0.00          1.16 1929   0.08  -0.08      T
                                      1919
  MONTH TO DATE    0.45                      0.56  -0.11     0.31
  SINCE MAR 1      2.75                      2.41   0.34     4.36
  SINCE JAN 1      6.00                      4.65   1.35     6.84

SNOWFALL (IN)
  TODAY            0.0           2.5  1923   0.1   -0.1      0.1
  MONTH TO DATE    0.0                       1.0   -1.0      1.0
  SINCE MAR 1      9.0                       9.1   -0.1     12.8
  SINCE JUL 1     53.2                      49.3    3.9     46.6
  SNOW DEPTH       0

DEGREE DAYS
 HEATING
  TODAY           20                        25     -5       28
  MONTH TO DATE  135                       183    -48      218
  SINCE MAR 1   1159                      1243    -84     1083
  SINCE JUL 1   5732                      7083  -1351     5894

 COOLING
  TODAY            0                         0      0        0
  MONTH TO DATE    0                         0      0        0
  SINCE MAR 1      0                         0      0        0
  SINCE JAN 1      0                         0      0        0
..................................................................


WIND (MPH)
  HIGHEST WIND SPEED    15   HIGHEST WIND DIRECTION    NW (300)
  HIGHEST GUST SPEED    18   HIGHEST GUST DIRECTION     N (360)
  AVERAGE WIND SPEED    10.1


SKY COVER
  POSSIBLE SUNSHINE  MM
  AVERAGE SKY COVER 0.0


WEATHER CONDITIONS
 THE FOLLOWING WEATHER WAS RECORDED TODAY.
  NO SIGNIFICANT WEATHER WAS OBSERVED.


RELATIVE HUMIDITY (PERCENT)
 HIGHEST    64           100 AM
 LOWEST     30           100 PM
 AVERAGE    47

..........................................................


THE GREEN BAY WI CLIMATE NORMALS FOR TOMORROW
                         NORMAL    RECORD    YEAR
 MAXIMUM TEMPERATURE (F)   50        71      1971
 MINIMUM TEMPERATURE (F)   31        13      1972
                                             1950


SUNRISE AND SUNSET
APRIL  7 2017.........SUNRISE   622 AM CDT   SUNSET   728 PM CDT
APRIL  8 2017.........SUNRISE   620 AM CDT   SUNSET   729 PM CDT


-  INDICATES NEGATIVE NUMBERS.
R  INDICATES RECORD WAS SET OR TIED.
MM INDICATES DATA IS MISSING.
T  INDICATES TRACE AMOUNT.

$$
