000
CDUS43 KGRB 032145
CLIGRB


CLIMATE REPORT
NATIONAL WEATHER SERVICE GREEN BAY
444 PM CDT MON JUL 3 2017


...................................

...THE GREEN BAY WI CLIMATE SUMMARY FOR JULY 3 2017...
VALID TODAY AS OF 0400 PM LOCAL TIME.

CLIMATE NORMAL PERIOD 1981 TO 2010
CLIMATE RECORD PERIOD 1886 TO 2017


WEATHER ITEM   OBSERVED TIME   RECORD YEAR NORMAL DEPARTURE LAST
                VALUE   (LST)  VALUE       VALUE  FROM      YEAR
                                                  NORMAL
..................................................................
TEMPERATURE (F)
 TODAY
  MAXIMUM         78    236 PM  97    1966  79     -1       80
  MINIMUM         57    442 AM  43    1968  58     -1       54
  AVERAGE         68                        69     -1       67

PRECIPITATION (IN)
  TODAY            0.00          1.63 1951   0.12  -0.12     0.00
  MONTH TO DATE    0.02                      0.36  -0.34     0.00
  SINCE JUN 1      3.80                      4.24  -0.44     4.44
  SINCE JAN 1     16.80                     13.89   2.91    15.62

SNOWFALL (IN)
  TODAY            0.0           0.0    MM   0.0    0.0      0.0
  MONTH TO DATE    0.0                       0.0    0.0      0.0
  SINCE JUN 1      0.0                       0.0    0.0      0.0
  SINCE JUL 1      0.0                       0.0    0.0      0.0
  SNOW DEPTH       0

DEGREE DAYS
 HEATING
  TODAY            0                         1     -1        0
  MONTH TO DATE    0                         3     -3        1
  SINCE JUN 1     27                        95    -68       26
  SINCE JUL 1      0                         3     -3        1

 COOLING
  TODAY            3                         5     -2        2
  MONTH TO DATE   14                        15     -1        2
  SINCE JUN 1    129                        98     31      102
  SINCE JAN 1    137                       116     21      135
..................................................................


WIND (MPH)
  HIGHEST WIND SPEED    12   HIGHEST WIND DIRECTION    NE (40)
  HIGHEST GUST SPEED    16   HIGHEST GUST DIRECTION     E (70)
  AVERAGE WIND SPEED     4.2


SKY COVER
  POSSIBLE SUNSHINE  MM
  AVERAGE SKY COVER 0.2


WEATHER CONDITIONS
 THE FOLLOWING WEATHER WAS RECORDED TODAY.
  FOG


RELATIVE HUMIDITY (PERCENT)
 HIGHEST   100          1200 AM
 LOWEST     54          1200 PM
 AVERAGE    77

..........................................................


THE GREEN BAY WI CLIMATE NORMALS FOR TOMORROW
                         NORMAL    RECORD    YEAR
 MAXIMUM TEMPERATURE (F)   80        96      1921
 MINIMUM TEMPERATURE (F)   58        43      1972


SUNRISE AND SUNSET
JULY  3 2017..........SUNRISE   513 AM CDT   SUNSET   840 PM CDT
JULY  4 2017..........SUNRISE   514 AM CDT   SUNSET   840 PM CDT


-  INDICATES NEGATIVE NUMBERS.
R  INDICATES RECORD WAS SET OR TIED.
MM INDICATES DATA IS MISSING.
T  INDICATES TRACE AMOUNT.




$$
