000
CDUS43 KGRB 220713
CLIGRB


CLIMATE REPORT
NATIONAL WEATHER SERVICE GREEN BAY
212 AM CDT SAT AUG 22 2015


...................................

...THE GREEN BAY WI CLIMATE SUMMARY FOR AUGUST 21 2015...

CLIMATE NORMAL PERIOD 1981 TO 2010
CLIMATE RECORD PERIOD 1886 TO 2015


WEATHER ITEM   OBSERVED TIME   RECORD YEAR NORMAL DEPARTURE LAST
                VALUE   (LST)  VALUE       VALUE  FROM      YEAR
                                                  NORMAL
..................................................................
TEMPERATURE (F)
 YESTERDAY
  MAXIMUM         79    446 PM  99    1955  77      2       72
  MINIMUM         49    501 AM  39    2004  57     -8       58
  AVERAGE         64                        67     -3       65

PRECIPITATION (IN)
  YESTERDAY        0.00          2.57 1983   0.10  -0.10     0.05
  MONTH TO DATE    3.66                      2.36   1.30     3.21
  SINCE JUN 1      8.70                      9.74  -1.04     8.47
  SINCE JAN 1     15.64                     19.39  -3.75    19.13

SNOWFALL (IN)
  YESTERDAY        0.0           0.0    MM   0.0    0.0      0.0
  MONTH TO DATE    0.0                       0.0    0.0      0.0
  SINCE JUN 1      0.0                       0.0    0.0      0.0
  SINCE JUL 1      0.0                       0.0    0.0      0.0
  SNOW DEPTH       0

DEGREE DAYS
 HEATING
  YESTERDAY        1                         1      0        0
  MONTH TO DATE    7                        21    -14       12
  SINCE JUN 1     79                       136    -57       58
  SINCE JUL 1     26                        44    -18       27

 COOLING
  YESTERDAY        0                         3     -3        0
  MONTH TO DATE  120                        81     39       64
  SINCE JUN 1    363                       314     49      269
  SINCE JAN 1    391                       332     59      285
..................................................................


WIND (MPH)
  HIGHEST WIND SPEED    16   HIGHEST WIND DIRECTION     S (170)
  HIGHEST GUST SPEED    21   HIGHEST GUST DIRECTION     S (160)
  AVERAGE WIND SPEED     6.2


SKY COVER
  POSSIBLE SUNSHINE  MM
  AVERAGE SKY COVER 0.2


WEATHER CONDITIONS
 THE FOLLOWING WEATHER WAS RECORDED YESTERDAY.
  FOG


RELATIVE HUMIDITY (PERCENT)
 HIGHEST   100           500 AM
 LOWEST     53          1100 AM
 AVERAGE    77

..........................................................


THE GREEN BAY WI CLIMATE NORMALS FOR TODAY
                         NORMAL    RECORD    YEAR
 MAXIMUM TEMPERATURE (F)   77        95      1947
 MINIMUM TEMPERATURE (F)   56        38      1967
                                             1950


SUNRISE AND SUNSET
AUGUST 22 2015........SUNRISE   603 AM CDT   SUNSET   747 PM CDT
AUGUST 23 2015........SUNRISE   604 AM CDT   SUNSET   745 PM CDT


-  INDICATES NEGATIVE NUMBERS.
R  INDICATES RECORD WAS SET OR TIED.
MM INDICATES DATA IS MISSING.
T  INDICATES TRACE AMOUNT.




$$
