749
CDUS43 KGRB 180654
CLIGRB


CLIMATE REPORT
NATIONAL WEATHER SERVICE GREEN BAY
153 AM CDT THU MAY 18 2017


...................................

...THE GREEN BAY WI CLIMATE SUMMARY FOR MAY 17 2017...

CLIMATE NORMAL PERIOD 1981 TO 2010
CLIMATE RECORD PERIOD 1886 TO 2017


WEATHER ITEM   OBSERVED TIME   RECORD YEAR NORMAL DEPARTURE LAST
                VALUE   (LST)  VALUE       VALUE  FROM      YEAR
                                                  NORMAL
..................................................................
TEMPERATURE (F)
 YESTERDAY
  MAXIMUM         80    507 PM  88    1972  66     14       61
  MINIMUM         61   1159 PM  29    1891  44     17       36
  AVERAGE         71                        55     16       49

PRECIPITATION (IN)
  YESTERDAY        0.27          1.17 2000   0.09   0.18     0.00
  MONTH TO DATE    1.54                      1.45   0.09     1.28
  SINCE MAR 1      8.32                      5.93   2.39     6.62
  SINCE JAN 1     11.57                      8.17   3.40     9.10

SNOWFALL (IN)
  YESTERDAY        0.0           T    1961   0.0    0.0      0.0
                                      1915
  MONTH TO DATE    0.0                       0.2   -0.2       T
  SINCE MAR 1      9.0                      11.2   -2.2     16.2
  SINCE JUL 1     53.2                      51.4    1.8     50.0
  SNOW DEPTH       0

DEGREE DAYS
 HEATING
  YESTERDAY        0                        10    -10       16
  MONTH TO DATE  188                       212    -24      219
  SINCE MAR 1   1699                      1909   -210     1756
  SINCE JUL 1   6272                      7749  -1477     6567

 COOLING
  YESTERDAY        6                         0      6        0
  MONTH TO DATE    8                         0      8        1
  SINCE MAR 1      8                         2      6        1
  SINCE JAN 1      8                         2      6        1
..................................................................


WIND (MPH)
  HIGHEST WIND SPEED    40   HIGHEST WIND DIRECTION    SW (210)
  HIGHEST GUST SPEED    55   HIGHEST GUST DIRECTION    SW (220)
  AVERAGE WIND SPEED    10.4


SKY COVER
  POSSIBLE SUNSHINE  MM
  AVERAGE SKY COVER 0.4


WEATHER CONDITIONS
 THE FOLLOWING WEATHER WAS RECORDED YESTERDAY.
  THUNDERSTORM
  HEAVY RAIN
  RAIN
  LIGHT RAIN
  FOG


RELATIVE HUMIDITY (PERCENT)
 HIGHEST    87           400 AM
 LOWEST     57          1200 AM
 AVERAGE    72

..........................................................


THE GREEN BAY WI CLIMATE NORMALS FOR TODAY
                         NORMAL    RECORD    YEAR
 MAXIMUM TEMPERATURE (F)   67        88      1996
                                             1972
 MINIMUM TEMPERATURE (F)   45        30      2002


SUNRISE AND SUNSET
MAY 18 2017...........SUNRISE   522 AM CDT   SUNSET   817 PM CDT
MAY 19 2017...........SUNRISE   521 AM CDT   SUNSET   818 PM CDT


-  INDICATES NEGATIVE NUMBERS.
R  INDICATES RECORD WAS SET OR TIED.
MM INDICATES DATA IS MISSING.
T  INDICATES TRACE AMOUNT.




$$
