000
CDUS43 KGRB 082134
CLIGRB


CLIMATE REPORT
NATIONAL WEATHER SERVICE GREEN BAY
433 PM CDT FRI JUL 8 2016


...................................

...THE GREEN BAY WI CLIMATE SUMMARY FOR JULY 8 2016...
VALID TODAY AS OF 0400 PM LOCAL TIME.

CLIMATE NORMAL PERIOD 1981 TO 2010
CLIMATE RECORD PERIOD 1886 TO 2016


WEATHER ITEM   OBSERVED TIME   RECORD YEAR NORMAL DEPARTURE LAST
                VALUE   (LST)  VALUE       VALUE  FROM      YEAR
                                                  NORMAL
..................................................................
TEMPERATURE (F)
 TODAY
  MAXIMUM         80   1151 AM 102    1936  80      0       73
  MINIMUM         66   1236 AM  47    1954  58      8       49
                                      1953
                                      1891
  AVERAGE         73                        69      4       61

PRECIPITATION (IN)
  TODAY            0.01          4.12 2000   0.11  -0.10     0.00
  MONTH TO DATE    0.26                      0.95  -0.69     0.04
  SINCE JUN 1      4.70                      4.83  -0.13     3.28
  SINCE JAN 1     15.88                     14.48   1.40    10.22

SNOWFALL (IN)
  TODAY            0.0           0.0    MM   0.0    0.0      0.0
  MONTH TO DATE    0.0                       0.0    0.0      0.0
  SINCE JUN 1      0.0                       0.0    0.0      0.0
  SINCE JUL 1      0.0                       0.0    0.0      0.0
  SNOW DEPTH       0

DEGREE DAYS
 HEATING
  TODAY            0                         1     -1        4
  MONTH TO DATE    1                         8     -7       17
  SINCE JUN 1     26                       100    -74       70
  SINCE JUL 1      1                         8     -7       17

 COOLING
  TODAY            8                         5      3        0
  MONTH TO DATE   40                        40      0       19
  SINCE JUN 1    140                       123     17       86
  SINCE JAN 1    173                       141     32      114
..................................................................


WIND (MPH)
  HIGHEST WIND SPEED    20   HIGHEST WIND DIRECTION    NW (330)
  HIGHEST GUST SPEED    25   HIGHEST GUST DIRECTION    NW (320)
  AVERAGE WIND SPEED     7.3


SKY COVER
  POSSIBLE SUNSHINE  MM
  AVERAGE SKY COVER 0.6


WEATHER CONDITIONS
 THE FOLLOWING WEATHER WAS RECORDED TODAY.
  LIGHT RAIN


RELATIVE HUMIDITY (PERCENT)
 HIGHEST    93          1200 AM
 LOWEST     54          1200 PM
 AVERAGE    74

..........................................................


THE GREEN BAY WI CLIMATE NORMALS FOR TOMORROW
                         NORMAL    RECORD    YEAR
 MAXIMUM TEMPERATURE (F)   80       100      1936
 MINIMUM TEMPERATURE (F)   59        43      1963
                                             1895


SUNRISE AND SUNSET
JULY  8 2016..........SUNRISE   517 AM CDT   SUNSET   838 PM CDT
JULY  9 2016..........SUNRISE   517 AM CDT   SUNSET   838 PM CDT


-  INDICATES NEGATIVE NUMBERS.
R  INDICATES RECORD WAS SET OR TIED.
MM INDICATES DATA IS MISSING.
T  INDICATES TRACE AMOUNT.




$$
