000
CDUS43 KGRB 072150
CLIGRB


CLIMATE REPORT
NATIONAL WEATHER SERVICE GREEN BAY
445 PM CDT THU SEP 7 2017


...................................

...THE GREEN BAY WI CLIMATE SUMMARY FOR SEPTEMBER 7 2017...
VALID TODAY AS OF 0400 PM LOCAL TIME.

CLIMATE NORMAL PERIOD 1981 TO 2010
CLIMATE RECORD PERIOD 1886 TO 2017


WEATHER ITEM   OBSERVED TIME   RECORD YEAR NORMAL DEPARTURE LAST
                VALUE   (LST)  VALUE       VALUE  FROM      YEAR
                                                  NORMAL
..................................................................
TEMPERATURE (F)
 TODAY
  MAXIMUM         67   1250 PM  93    1959  73     -6       76
  MINIMUM         50    307 AM  35    1986  52     -2       65
  AVERAGE         59                        63     -4       71

PRECIPITATION (IN)
  TODAY            T             1.43 2007   0.09  -0.09     0.51
  MONTH TO DATE    0.49                      0.70  -0.21     0.99
  SINCE SEP 1      0.49                      0.70  -0.21     0.99
  SINCE JAN 1     25.88                     21.10   4.78    22.61

SNOWFALL (IN)
  TODAY            0.0           0.0    MM   0.0    0.0      0.0
  MONTH TO DATE    0.0                       0.0    0.0      0.0
  SINCE SEP 1      0.0                       0.0    0.0      0.0
  SINCE JUL 1      0.0                       0.0    0.0      0.0
  SNOW DEPTH       0

DEGREE DAYS
 HEATING
  TODAY            6                         4      2        0
  MONTH TO DATE   41                        24     17        8
  SINCE SEP 1     41                        24     17        8
  SINCE JUL 1     82                        87     -5       21

 COOLING
  TODAY            0                         2     -2        6
  MONTH TO DATE    1                        14    -13       28
  SINCE SEP 1      1                        14    -13       28
  SINCE JAN 1    378                       376      2      550
..................................................................


WIND (MPH)
  HIGHEST WIND SPEED    16   HIGHEST WIND DIRECTION     W (290)
  HIGHEST GUST SPEED    20   HIGHEST GUST DIRECTION     W (290)
  AVERAGE WIND SPEED     5.3


SKY COVER
  POSSIBLE SUNSHINE  MM
  AVERAGE SKY COVER 0.7


WEATHER CONDITIONS
 THE FOLLOWING WEATHER WAS RECORDED TODAY.
  LIGHT RAIN


RELATIVE HUMIDITY (PERCENT)
 HIGHEST   100          1200 AM
 LOWEST     56           100 PM
 AVERAGE    78

..........................................................


THE GREEN BAY WI CLIMATE NORMALS FOR TOMORROW
                         NORMAL    RECORD    YEAR
 MAXIMUM TEMPERATURE (F)   73        96      1933
 MINIMUM TEMPERATURE (F)   52        37      1956


SUNRISE AND SUNSET
SEPTEMBER  7 2017.....SUNRISE   622 AM CDT   SUNSET   718 PM CDT
SEPTEMBER  8 2017.....SUNRISE   624 AM CDT   SUNSET   716 PM CDT


-  INDICATES NEGATIVE NUMBERS.
R  INDICATES RECORD WAS SET OR TIED.
MM INDICATES DATA IS MISSING.
T  INDICATES TRACE AMOUNT.




$$
