000
CDUS43 KGRB 200637
CLIGRB


CLIMATE REPORT
NATIONAL WEATHER SERVICE GREEN BAY
136 AM CDT FRI MAY 20 2016


...................................

...THE GREEN BAY WI CLIMATE SUMMARY FOR MAY 19 2016...

CLIMATE NORMAL PERIOD 1981 TO 2010
CLIMATE RECORD PERIOD 1886 TO 2016


WEATHER ITEM   OBSERVED TIME   RECORD YEAR NORMAL DEPARTURE LAST
                VALUE   (LST)  VALUE       VALUE  FROM      YEAR
                                                  NORMAL
..................................................................
TEMPERATURE (F)
 YESTERDAY
  MAXIMUM         74    236 PM  89    2012  67      7       55
  MINIMUM         40    453 AM  31    2002  45     -5       37
  AVERAGE         57                        56      1       46

PRECIPITATION (IN)
  YESTERDAY        0.00          1.98 1918   0.10  -0.10     0.00
  MONTH TO DATE    1.28                      1.64  -0.36     1.21
  SINCE MAR 1      6.62                      6.12   0.50     3.74
  SINCE JAN 1      9.10                      8.36   0.74     4.71

SNOWFALL (IN)
  YESTERDAY        0.0           T    1924   0.0    0.0      0.0
  MONTH TO DATE    T                         0.2   -0.2      0.0
  SINCE MAR 1     16.2                      11.2    5.0      4.2
  SINCE JUL 1     50.0                      51.4   -1.4     32.7
  SNOW DEPTH       0

DEGREE DAYS
 HEATING
  YESTERDAY        8                        10     -2       19
  MONTH TO DATE  240                       232      8      141
  SINCE MAR 1   1777                      1929   -152     1673
  SINCE JUL 1   6588                      7769  -1181     7711

 COOLING
  YESTERDAY        0                         1     -1        0
  MONTH TO DATE    1                         2     -1        7
  SINCE MAR 1      1                         4     -3        7
  SINCE JAN 1      1                         4     -3        7
..................................................................


WIND (MPH)
  HIGHEST WIND SPEED    18   HIGHEST WIND DIRECTION    SE (150)
  HIGHEST GUST SPEED    23   HIGHEST GUST DIRECTION    SE (150)
  AVERAGE WIND SPEED     5.7


SKY COVER
  POSSIBLE SUNSHINE  MM
  AVERAGE SKY COVER 0.0


WEATHER CONDITIONS
 THE FOLLOWING WEATHER WAS RECORDED YESTERDAY.
  NO SIGNIFICANT WEATHER WAS OBSERVED.


RELATIVE HUMIDITY (PERCENT)
 HIGHEST    85           500 AM
 LOWEST     23           400 PM
 AVERAGE    54

..........................................................


THE GREEN BAY WI CLIMATE NORMALS FOR TODAY
                         NORMAL    RECORD    YEAR
 MAXIMUM TEMPERATURE (F)   67        90      2012
                                             1972
                                             1948
 MINIMUM TEMPERATURE (F)   45        30      2002


SUNRISE AND SUNSET
MAY 20 2016...........SUNRISE   519 AM CDT   SUNSET   819 PM CDT
MAY 21 2016...........SUNRISE   519 AM CDT   SUNSET   820 PM CDT


-  INDICATES NEGATIVE NUMBERS.
R  INDICATES RECORD WAS SET OR TIED.
MM INDICATES DATA IS MISSING.
T  INDICATES TRACE AMOUNT.




$$
