000
CDUS43 KGRB 080830
CLIGRB


CLIMATE REPORT
NATIONAL WEATHER SERVICE GREEN BAY
330 AM CDT FRI JUL 8 2016


...................................

...THE GREEN BAY WI CLIMATE SUMMARY FOR JULY 7 2016...

CLIMATE NORMAL PERIOD 1981 TO 2010
CLIMATE RECORD PERIOD 1886 TO 2016


WEATHER ITEM   OBSERVED TIME   RECORD YEAR NORMAL DEPARTURE LAST
                VALUE   (LST)  VALUE       VALUE  FROM      YEAR
                                                  NORMAL
..................................................................
TEMPERATURE (F)
 YESTERDAY
  MAXIMUM         75   1150 AM 103    1936  80     -5       72
  MINIMUM         66   1159 PM  44    1997  58      8       52
  AVERAGE         71                        69      2       62

PRECIPITATION (IN)
  YESTERDAY        0.18          1.65 2010   0.12   0.06     0.00
  MONTH TO DATE    0.25                      0.84  -0.59     0.04
  SINCE JUN 1      4.69                      4.72  -0.03     3.28
  SINCE JAN 1     15.87                     14.37   1.50    10.22

SNOWFALL (IN)
  YESTERDAY        0.0           0.0    MM   0.0    0.0      0.0
  MONTH TO DATE    0.0                       0.0    0.0      0.0
  SINCE JUN 1      0.0                       0.0    0.0      0.0
  SINCE JUL 1      0.0                       0.0    0.0      0.0
  SNOW DEPTH       0

DEGREE DAYS
 HEATING
  YESTERDAY        0                         1     -1        3
  MONTH TO DATE    1                         7     -6       13
  SINCE JUN 1     26                        99    -73       66
  SINCE JUL 1      1                         7     -6       13

 COOLING
  YESTERDAY        6                         5      1        0
  MONTH TO DATE   32                        35     -3       19
  SINCE JUN 1    132                       118     14       86
  SINCE JAN 1    165                       136     29      114
..................................................................


WIND (MPH)
  HIGHEST WIND SPEED    20   HIGHEST WIND DIRECTION    NE (40)
  HIGHEST GUST SPEED    22   HIGHEST GUST DIRECTION    NE (40)
  AVERAGE WIND SPEED     6.5


SKY COVER
  POSSIBLE SUNSHINE  MM
  AVERAGE SKY COVER 0.4


WEATHER CONDITIONS
 THE FOLLOWING WEATHER WAS RECORDED YESTERDAY.
  RAIN
  LIGHT RAIN
  FOG


RELATIVE HUMIDITY (PERCENT)
 HIGHEST    97           200 AM
 LOWEST     73           800 AM
 AVERAGE    85

..........................................................


THE GREEN BAY WI CLIMATE NORMALS FOR TODAY
                         NORMAL    RECORD    YEAR
 MAXIMUM TEMPERATURE (F)   80       102      1936
 MINIMUM TEMPERATURE (F)   58        47      1954
                                             1953
                                             1891


SUNRISE AND SUNSET
JULY  8 2016..........SUNRISE   517 AM CDT   SUNSET   838 PM CDT
JULY  9 2016..........SUNRISE   517 AM CDT   SUNSET   838 PM CDT


-  INDICATES NEGATIVE NUMBERS.
R  INDICATES RECORD WAS SET OR TIED.
MM INDICATES DATA IS MISSING.
T  INDICATES TRACE AMOUNT.




$$
