000
CDUS43 KGRB 080651
CLIGRB


CLIMATE REPORT
NATIONAL WEATHER SERVICE GREEN BAY
151 AM CDT THU JUN 8 2017


...................................

...THE GREEN BAY WI CLIMATE SUMMARY FOR JUNE 7 2017...

CLIMATE NORMAL PERIOD 1981 TO 2010
CLIMATE RECORD PERIOD 1886 TO 2017


WEATHER ITEM   OBSERVED TIME   RECORD YEAR NORMAL DEPARTURE LAST
                VALUE   (LST)  VALUE       VALUE  FROM      YEAR
                                                  NORMAL
..................................................................
TEMPERATURE (F)
 YESTERDAY
  MAXIMUM         79    527 PM  97    2011  73      6       67
  MINIMUM         50    419 AM  37    1998  52     -2       48
  AVERAGE         65                        62      3       58

PRECIPITATION (IN)
  YESTERDAY        0.00          1.82 1896   0.13  -0.13      T
  MONTH TO DATE    0.49                      0.90  -0.41     1.26
  SINCE JUN 1      0.49                      0.90  -0.41     1.26
  SINCE JAN 1     13.49                     10.55   2.94    12.44

SNOWFALL (IN)
  YESTERDAY        0.0           0.0    MM   0.0    0.0      0.0
  MONTH TO DATE    0.0                       0.0    0.0      0.0
  SINCE JUN 1      0.0                       0.0    0.0      0.0
  SINCE JUL 1     53.2                      51.4    1.8     50.0
  SNOW DEPTH       0

DEGREE DAYS
 HEATING
  YESTERDAY        0                         4     -4        7
  MONTH TO DATE    7                        36    -29       11
  SINCE JUN 1      7                        36    -29       11
  SINCE JUL 1   6394                      7899  -1505     6608

 COOLING
  YESTERDAY        0                         2     -2        0
  MONTH TO DATE   17                         9      8        6
  SINCE JUN 1     17                         9      8        6
  SINCE JAN 1     25                        27     -2       39
..................................................................


WIND (MPH)
  HIGHEST WIND SPEED    13   HIGHEST WIND DIRECTION     S (160)
  HIGHEST GUST SPEED    15   HIGHEST GUST DIRECTION     S (160)
  AVERAGE WIND SPEED     3.9


SKY COVER
  POSSIBLE SUNSHINE  MM
  AVERAGE SKY COVER 0.1


WEATHER CONDITIONS
 THE FOLLOWING WEATHER WAS RECORDED YESTERDAY.
  NO SIGNIFICANT WEATHER WAS OBSERVED.


RELATIVE HUMIDITY (PERCENT)
 HIGHEST   100           500 AM
 LOWEST     35           400 PM
 AVERAGE    68

..........................................................


THE GREEN BAY WI CLIMATE NORMALS FOR TODAY
                         NORMAL    RECORD    YEAR
 MAXIMUM TEMPERATURE (F)   73        93      2011
 MINIMUM TEMPERATURE (F)   52        36      1998


SUNRISE AND SUNSET
JUNE  8 2017..........SUNRISE   508 AM CDT   SUNSET   836 PM CDT
JUNE  9 2017..........SUNRISE   508 AM CDT   SUNSET   836 PM CDT


-  INDICATES NEGATIVE NUMBERS.
R  INDICATES RECORD WAS SET OR TIED.
MM INDICATES DATA IS MISSING.
T  INDICATES TRACE AMOUNT.




$$
