000
CDUS43 KGRB 060729
CLIGRB


CLIMATE REPORT
NATIONAL WEATHER SERVICE GREEN BAY
226 AM CDT THU APR 6 2017

...................................

...THE GREEN BAY WI CLIMATE SUMMARY FOR APRIL 5 2017...

CLIMATE NORMAL PERIOD 1981 TO 2010
CLIMATE RECORD PERIOD 1886 TO 2017

WEATHER ITEM   OBSERVED TIME   RECORD YEAR NORMAL DEPARTURE LAST
                VALUE   (LST)  VALUE       VALUE  FROM      YEAR
                                                  NORMAL
..................................................................
TEMPERATURE (F)
 YESTERDAY
  MAXIMUM         47    451 PM  77    1991  49     -2       39
                                      1921
  MINIMUM         35    527 AM  13    1995  30      5       23
                                      1887
  AVERAGE         41                        39      2       31

PRECIPITATION (IN)
  YESTERDAY        0.00          1.42 1947   0.08  -0.08     0.11
  MONTH TO DATE    0.45                      0.39   0.06     0.16
  SINCE MAR 1      2.75                      2.24   0.51     4.21
  SINCE JAN 1      6.00                      4.48   1.52     6.69

SNOWFALL (IN)
  YESTERDAY        0.0           3.5  1935   0.2   -0.2      0.5
  MONTH TO DATE    0.0                       0.8   -0.8      0.9
  SINCE MAR 1      9.0                       8.9    0.1     12.7
  SINCE JUL 1     53.2                      49.1    4.1     46.5
  SNOW DEPTH       0

DEGREE DAYS
 HEATING
  YESTERDAY       24                        26     -2       34
  MONTH TO DATE   94                       133    -39      162
  SINCE MAR 1   1118                      1193    -75     1027
  SINCE JUL 1   5691                      7033  -1342     5838

COOLING
  YESTERDAY        0                         0      0        0
  MONTH TO DATE    0                         0      0        0
  SINCE MAR 1      0                         0      0        0
  SINCE JAN 1      0                         0      0        0
..................................................................

WIND (MPH)
  HIGHEST WIND SPEED    24   HIGHEST WIND DIRECTION     N (20)
  HIGHEST GUST SPEED    29   HIGHEST GUST DIRECTION    NE (40)
  AVERAGE WIND SPEED     9.8

SKY COVER
  POSSIBLE SUNSHINE  MM
  AVERAGE SKY COVER 0.3

WEATHER CONDITIONS
 THE FOLLOWING WEATHER WAS RECORDED YESTERDAY.
  NO SIGNIFICANT WEATHER WAS OBSERVED.

RELATIVE HUMIDITY (PERCENT)
 HIGHEST   100           100 AM
 LOWEST     53           100 PM
 AVERAGE    77
..........................................................

THE GREEN BAY WI CLIMATE NORMALS FOR TODAY
                         NORMAL    RECORD    YEAR
 MAXIMUM TEMPERATURE (F)   49        84      1991
 MINIMUM TEMPERATURE (F)   30        12      2003

SUNRISE AND SUNSET
APRIL  6 2017.........SUNRISE   624 AM CDT   SUNSET   726 PM CDT
APRIL  7 2017.........SUNRISE   622 AM CDT   SUNSET   728 PM CDT

-  INDICATES NEGATIVE NUMBERS.
R  INDICATES RECORD WAS SET OR TIED.
MM INDICATES DATA IS MISSING.
T  INDICATES TRACE AMOUNT.

$$
