000
CDUS43 KGRB 040814
CLIGRB


CLIMATE REPORT
NATIONAL WEATHER SERVICE GREEN BAY
212 AM CST SUN FEB 4 2018


...................................

...THE GREEN BAY WI CLIMATE SUMMARY FOR FEBRUARY 3 2018...

CLIMATE NORMAL PERIOD 1981 TO 2010
CLIMATE RECORD PERIOD 1886 TO 2018


WEATHER ITEM   OBSERVED TIME   RECORD YEAR NORMAL DEPARTURE LAST
                VALUE   (LST)  VALUE       VALUE  FROM      YEAR
                                                  NORMAL
..................................................................
TEMPERATURE (F)
 YESTERDAY
  MAXIMUM         24    311 PM  44    1931  25     -1       18
  MINIMUM         12    422 AM -28    1996  10      2       -4
  AVERAGE         18                        18      0        7

PRECIPITATION (IN)
  YESTERDAY        0.32          0.47 1936   0.03   0.29     0.00
                                      1924
  MONTH TO DATE    0.32                      0.09   0.23      T
  SINCE DEC 1      2.65                      2.73  -0.08     4.68
  SINCE JAN 1      1.36                      1.22   0.14     2.43

SNOWFALL (IN)
  YESTERDAY        4.8           6.7  1974   0.4    4.4      0.0
  MONTH TO DATE    4.8                       1.2    3.6       T
  SINCE DEC 1     21.9                      27.3   -5.4     37.7
  SINCE JUL 1     22.5                      31.5   -9.0     38.6
  SNOW DEPTH       T

DEGREE DAYS
 HEATING
  YESTERDAY       47                        47      0       58
  MONTH TO DATE  153                       143     10      160
  SINCE DEC 1   2970                      2992    -22     2691
  SINCE JUL 1   4386                      4732   -346     3753

 COOLING
  YESTERDAY        0                         0      0        0
  MONTH TO DATE    0                         0      0        0
  SINCE DEC 1      0                         0      0        0
  SINCE JAN 1      0                         0      0        0
..................................................................


WIND (MPH)
  HIGHEST WIND SPEED    22   HIGHEST WIND DIRECTION    NE (40)
  HIGHEST GUST SPEED    27   HIGHEST GUST DIRECTION    NE (40)
  AVERAGE WIND SPEED     8.7


SKY COVER
  POSSIBLE SUNSHINE  MM
  AVERAGE SKY COVER 1.0


WEATHER CONDITIONS
 THE FOLLOWING WEATHER WAS RECORDED YESTERDAY.
  SNOW
  LIGHT SNOW
  FOG
  HAZE


RELATIVE HUMIDITY (PERCENT)
 HIGHEST    88           800 AM
 LOWEST     70           100 AM
 AVERAGE    79

..........................................................


THE GREEN BAY WI CLIMATE NORMALS FOR TODAY
                         NORMAL    RECORD    YEAR
 MAXIMUM TEMPERATURE (F)   26        44      2012
                                             1909
                                             1890
 MINIMUM TEMPERATURE (F)   10       -24      1996


SUNRISE AND SUNSET
FEBRUARY  4 2018......SUNRISE   707 AM CST   SUNSET   506 PM CST
FEBRUARY  5 2018......SUNRISE   706 AM CST   SUNSET   507 PM CST


-  INDICATES NEGATIVE NUMBERS.
R  INDICATES RECORD WAS SET OR TIED.
MM INDICATES DATA IS MISSING.
T  INDICATES TRACE AMOUNT.

$$
