000
CDUS43 KGRB 200809
CLIGRB


CLIMATE REPORT
NATIONAL WEATHER SERVICE GREEN BAY
308 AM CDT FRI MAR 20 2015


...................................

...THE GREEN BAY WI CLIMATE SUMMARY FOR MARCH 19 2015...

CLIMATE NORMAL PERIOD 1981 TO 2010
CLIMATE RECORD PERIOD 1886 TO 2015


WEATHER ITEM   OBSERVED TIME   RECORD YEAR NORMAL DEPARTURE LAST
                VALUE   (LST)  VALUE       VALUE  FROM      YEAR
                                                  NORMAL
..................................................................
TEMPERATURE (F)
 YESTERDAY
  MAXIMUM         44    414 PM  77    2012  40      4       39
  MINIMUM         30   1231 AM  -5    1989  24      6       31
                                      1923
  AVERAGE         37                        32      5       35

PRECIPITATION (IN)
  YESTERDAY        0.00          1.87 1903   0.06  -0.06     0.20
  MONTH TO DATE    0.16                      1.07  -0.91     0.36
  SINCE MAR 1      0.16                      1.07  -0.91     0.36
  SINCE JAN 1      1.13                      3.31  -2.18     3.15

SNOWFALL (IN)
  YESTERDAY        0.0           7.3  1933   0.2   -0.2      1.0
  MONTH TO DATE    1.4                       5.8   -4.4      3.9
  SINCE MAR 1      1.4                       5.8   -4.4      3.9
  SINCE JUL 1     29.9                      46.0  -16.1     66.2
  SNOW DEPTH       0

DEGREE DAYS
 HEATING
  YESTERDAY       28                        33     -5       30
  MONTH TO DATE  606                       697    -91      869
  SINCE MAR 1    606                       697    -91      869
  SINCE JUL 1   6644                      6537    107     7350

 COOLING
  YESTERDAY        0                         0      0        0
  MONTH TO DATE    0                         0      0        0
  SINCE MAR 1      0                         0      0        0
  SINCE JAN 1      0                         0      0        0
..................................................................


WIND (MPH)
  HIGHEST WIND SPEED    17   HIGHEST WIND DIRECTION     S (160)
  HIGHEST GUST SPEED    21   HIGHEST GUST DIRECTION     S (170)
  AVERAGE WIND SPEED     9.6


SKY COVER
  POSSIBLE SUNSHINE  MM
  AVERAGE SKY COVER 0.6


WEATHER CONDITIONS
 THE FOLLOWING WEATHER WAS RECORDED YESTERDAY.
  NO SIGNIFICANT WEATHER WAS OBSERVED.


RELATIVE HUMIDITY (PERCENT)
 HIGHEST    78          1200 AM
 LOWEST     41           400 AM
 AVERAGE    60

..........................................................


THE GREEN BAY WI CLIMATE NORMALS FOR TODAY
                         NORMAL    RECORD    YEAR
 MAXIMUM TEMPERATURE (F)   41        80      2012
 MINIMUM TEMPERATURE (F)   24        -4      1965


SUNRISE AND SUNSET
MARCH 20 2015.........SUNRISE   656 AM CDT   SUNSET   705 PM CDT
MARCH 21 2015.........SUNRISE   654 AM CDT   SUNSET   706 PM CDT


-  INDICATES NEGATIVE NUMBERS.
R  INDICATES RECORD WAS SET OR TIED.
MM INDICATES DATA IS MISSING.
T  INDICATES TRACE AMOUNT.




$$
