000
CDUS43 KGRB 150747
CLIGRB


CLIMATE REPORT
NATIONAL WEATHER SERVICE GREEN BAY
247 AM CDT FRI JUL 15 2016


...................................

...THE GREEN BAY WI CLIMATE SUMMARY FOR JULY 14 2016...

CLIMATE NORMAL PERIOD 1981 TO 2010
CLIMATE RECORD PERIOD 1886 TO 2016


WEATHER ITEM   OBSERVED TIME   RECORD YEAR NORMAL DEPARTURE LAST
                VALUE   (LST)  VALUE       VALUE  FROM      YEAR
                                                  NORMAL
..................................................................
TEMPERATURE (F)
 YESTERDAY
  MAXIMUM         77    122 PM 102    1995  80     -3       77
  MINIMUM         62   1159 PM  45    1950  59      3       54
  AVERAGE         70                        69      1       66

PRECIPITATION (IN)
  YESTERDAY        0.10          2.52 1919   0.11  -0.01      T
  MONTH TO DATE    1.09                      1.63  -0.54     1.37
  SINCE JUN 1      5.53                      5.51   0.02     4.61
  SINCE JAN 1     16.71                     15.16   1.55    11.55

SNOWFALL (IN)
  YESTERDAY        0.0           0.0    MM   0.0    0.0      0.0
  MONTH TO DATE    0.0                       0.0    0.0      0.0
  SINCE JUN 1      0.0                       0.0    0.0      0.0
  SINCE JUL 1      0.0                       0.0    0.0      0.0
  SNOW DEPTH       0

DEGREE DAYS
 HEATING
  YESTERDAY        0                         1     -1        0
  MONTH TO DATE    1                        14    -13       17
  SINCE JUN 1     26                       106    -80       70
  SINCE JUL 1      1                        14    -13       17

 COOLING
  YESTERDAY        5                         5      0        1
  MONTH TO DATE   85                        70     15       50
  SINCE JUN 1    185                       153     32      117
  SINCE JAN 1    218                       171     47      145
..................................................................


WIND (MPH)
  HIGHEST WIND SPEED    26   HIGHEST WIND DIRECTION     W (280)
  HIGHEST GUST SPEED    32   HIGHEST GUST DIRECTION     W (290)
  AVERAGE WIND SPEED    12.2


SKY COVER
  POSSIBLE SUNSHINE  MM
  AVERAGE SKY COVER 0.6


WEATHER CONDITIONS
 THE FOLLOWING WEATHER WAS RECORDED YESTERDAY.
  RAIN
  LIGHT RAIN
  FOG
  HAZE


RELATIVE HUMIDITY (PERCENT)
 HIGHEST    87           300 PM
 LOWEST     60          1200 PM
 AVERAGE    74

..........................................................


THE GREEN BAY WI CLIMATE NORMALS FOR TODAY
                         NORMAL    RECORD    YEAR
 MAXIMUM TEMPERATURE (F)   80        98      2006
                                             1931
 MINIMUM TEMPERATURE (F)   59        47      1967


SUNRISE AND SUNSET
JULY 15 2016..........SUNRISE   522 AM CDT   SUNSET   834 PM CDT
JULY 16 2016..........SUNRISE   523 AM CDT   SUNSET   833 PM CDT


-  INDICATES NEGATIVE NUMBERS.
R  INDICATES RECORD WAS SET OR TIED.
MM INDICATES DATA IS MISSING.
T  INDICATES TRACE AMOUNT.




$$
