000
CDUS43 KGRB 190744
CLIGRB


CLIMATE REPORT
NATIONAL WEATHER SERVICE GREEN BAY
243 AM CDT WED AUG 19 2015


...................................

...THE GREEN BAY WI CLIMATE SUMMARY FOR AUGUST 18 2015...

CLIMATE NORMAL PERIOD 1981 TO 2010
CLIMATE RECORD PERIOD 1886 TO 2015


WEATHER ITEM   OBSERVED TIME   RECORD YEAR NORMAL DEPARTURE LAST
                VALUE   (LST)  VALUE       VALUE  FROM      YEAR
                                                  NORMAL
..................................................................
TEMPERATURE (F)
 YESTERDAY
  MAXIMUM         79   1253 PM  97    1955  78      1       77
  MINIMUM         68    553 AM  41    1963  57     11       52
  AVERAGE         74                        67      7       65

PRECIPITATION (IN)
  YESTERDAY        0.16          1.66 2005   0.11   0.05     0.48
  MONTH TO DATE    3.41                      2.04   1.37     2.15
  SINCE JUN 1      8.45                      9.42  -0.97     7.41
  SINCE JAN 1     15.39                     19.07  -3.68    18.07

SNOWFALL (IN)
  YESTERDAY        0.0           0.0    MM   0.0    0.0      0.0
  MONTH TO DATE    0.0                       0.0    0.0      0.0
  SINCE JUN 1      0.0                       0.0    0.0      0.0
  SINCE JUL 1      0.0                       0.0    0.0      0.0
  SNOW DEPTH       0

DEGREE DAYS
 HEATING
  YESTERDAY        0                         1     -1        0
  MONTH TO DATE    0                        18    -18       12
  SINCE JUN 1     72                       133    -61       58
  SINCE JUL 1     19                        41    -22       27

 COOLING
  YESTERDAY        9                         3      6        0
  MONTH TO DATE  116                        72     44       56
  SINCE JUN 1    359                       305     54      261
  SINCE JAN 1    387                       323     64      277
..................................................................


WIND (MPH)
  HIGHEST WIND SPEED    16   HIGHEST WIND DIRECTION    NE (40)
  HIGHEST GUST SPEED    20   HIGHEST GUST DIRECTION    NE (40)
  AVERAGE WIND SPEED     8.0


SKY COVER
  POSSIBLE SUNSHINE  MM
  AVERAGE SKY COVER 0.7


WEATHER CONDITIONS
 THE FOLLOWING WEATHER WAS RECORDED YESTERDAY.
  RAIN
  LIGHT RAIN
  FOG
  HAZE


RELATIVE HUMIDITY (PERCENT)
 HIGHEST    97          1100 PM
 LOWEST     74           100 PM
 AVERAGE    86

..........................................................


THE GREEN BAY WI CLIMATE NORMALS FOR TODAY
                         NORMAL    RECORD    YEAR
 MAXIMUM TEMPERATURE (F)   78        96      1955
                                             1900
 MINIMUM TEMPERATURE (F)   57        42      2004


SUNRISE AND SUNSET
AUGUST 19 2015........SUNRISE   600 AM CDT   SUNSET   752 PM CDT
AUGUST 20 2015........SUNRISE   601 AM CDT   SUNSET   750 PM CDT


-  INDICATES NEGATIVE NUMBERS.
R  INDICATES RECORD WAS SET OR TIED.
MM INDICATES DATA IS MISSING.
T  INDICATES TRACE AMOUNT.




$$
