000
CDUS43 KGRB 100911
CLIGRB


CLIMATE REPORT
NATIONAL WEATHER SERVICE GREEN BAY
411 AM CDT SUN AUG 10 2014


...................................

...THE GREEN BAY WI CLIMATE SUMMARY FOR AUGUST 9 2014...

CLIMATE NORMAL PERIOD 1981 TO 2010
CLIMATE RECORD PERIOD 1886 TO 2014


WEATHER ITEM   OBSERVED TIME   RECORD YEAR NORMAL DEPARTURE LAST
                VALUE   (LST)  VALUE       VALUE  FROM      YEAR
                                                  NORMAL
..................................................................
TEMPERATURE (F)
 YESTERDAY
  MAXIMUM         81    303 PM  94    1934  79      2       78
                                      1900
  MINIMUM         55    444 AM  41    1964  58     -3       55
  AVERAGE         68                        68      0       67

PRECIPITATION (IN)
  YESTERDAY        0.00          2.16 1906   0.12  -0.12     0.00
  MONTH TO DATE    0.03                      1.01  -0.98     0.73
  SINCE JUN 1      5.29                      8.39  -3.10     7.90
  SINCE JAN 1     15.95                     18.04  -2.09    21.67

SNOWFALL (IN)
  YESTERDAY        0.0           0.0    MM   0.0    0.0      0.0
  MONTH TO DATE    0.0                       0.0    0.0      0.0
  SINCE JUN 1      0.0                       0.0    0.0      0.0
  SINCE JUL 1      0.0                       0.0    0.0      0.0
  SNOW DEPTH       0

DEGREE DAYS
 HEATING
  YESTERDAY        0                         1     -1        0
  MONTH TO DATE    0                         9     -9        3
  SINCE JUN 1     46                       124    -78       97
  SINCE JUL 1     15                        32    -17       25

 COOLING
  YESTERDAY        3                         4     -1        2
  MONTH TO DATE   40                        37      3       19
  SINCE JUN 1    245                       270    -25      322
  SINCE JAN 1    261                       288    -27      360
..................................................................


WIND (MPH)
  HIGHEST WIND SPEED    15   HIGHEST WIND DIRECTION    SE (120)
  HIGHEST GUST SPEED    22   HIGHEST GUST DIRECTION    SE (140)
  AVERAGE WIND SPEED     2.7


SKY COVER
  POSSIBLE SUNSHINE  MM
  AVERAGE SKY COVER 0.1


WEATHER CONDITIONS
 THE FOLLOWING WEATHER WAS RECORDED YESTERDAY.
  FOG


RELATIVE HUMIDITY (PERCENT)
 HIGHEST   100           100 AM
 LOWEST     42           200 PM
 AVERAGE    71

..........................................................


THE GREEN BAY WI CLIMATE NORMALS FOR TODAY
                         NORMAL    RECORD    YEAR
 MAXIMUM TEMPERATURE (F)   79        95      1944
 MINIMUM TEMPERATURE (F)   58        44      1972


SUNRISE AND SUNSET
AUGUST 10 2014........SUNRISE   550 AM CDT   SUNSET   805 PM CDT
AUGUST 11 2014........SUNRISE   551 AM CDT   SUNSET   804 PM CDT


-  INDICATES NEGATIVE NUMBERS.
R  INDICATES RECORD WAS SET OR TIED.
MM INDICATES DATA IS MISSING.
T  INDICATES TRACE AMOUNT.




$$
