000
CDUS43 KGRB 210638
CLIGRB


CLIMATE REPORT
NATIONAL WEATHER SERVICE GREEN BAY
1236 AM CST SAT FEB 21 2015

...................................

...THE GREEN BAY WI CLIMATE SUMMARY FOR FEBRUARY 20 2015...

CLIMATE NORMAL PERIOD 1981 TO 2010
CLIMATE RECORD PERIOD 1886 TO 2015

WEATHER ITEM   OBSERVED TIME   RECORD YEAR NORMAL DEPARTURE LAST
                VALUE   (LST)  VALUE       VALUE  FROM      YEAR
                                                  NORMAL
..................................................................
TEMPERATURE (F)
 YESTERDAY
  MAXIMUM         16    438 PM  54    1930  30    -14       38
  MINIMUM        -12    326 AM -24    1929  14    -26       24
  AVERAGE          2                        22    -20       31

PRECIPITATION (IN)
  YESTERDAY        0.07          1.32 1953   0.04   0.03     0.44
  MONTH TO DATE    0.33                      0.72  -0.39     1.21
  SINCE DEC 1      2.57                      3.36  -0.79     4.43
  SINCE JAN 1      0.89                      1.85  -0.96     2.54

SNOWFALL (IN)
  YESTERDAY        1.8           9.4  2011   0.3    1.5       T
  MONTH TO DATE    6.2                       7.1   -0.9     13.7
  SINCE DEC 1     18.5                      33.2  -14.7     57.1
  SINCE JUL 1     26.7                      37.4  -10.7     58.3
  SNOW DEPTH       7

DEGREE DAYS
 HEATING
  YESTERDAY       63                        43     20       34
  MONTH TO DATE 1087                       917    170     1137
  SINCE DEC 1   3757                      3766     -9     4419
  SINCE JUL 1   5594                      5506     88     6030

COOLING
  YESTERDAY        0                         0      0        0
  MONTH TO DATE    0                         0      0        0
  SINCE DEC 1      0                         0      0        0
  SINCE JAN 1      0                         0      0        0
..................................................................

WIND (MPH)
  HIGHEST WIND SPEED    21   HIGHEST WIND DIRECTION    SW (210)
  HIGHEST GUST SPEED    29   HIGHEST GUST DIRECTION    SW (210)
  AVERAGE WIND SPEED     9.8

SKY COVER
  POSSIBLE SUNSHINE  MM
  AVERAGE SKY COVER 0.7

WEATHER CONDITIONS
 THE FOLLOWING WEATHER WAS RECORDED YESTERDAY.
  LIGHT SNOW
  FOG
  HAZE

RELATIVE HUMIDITY (PERCENT)
 HIGHEST    88           800 PM
 LOWEST     60          1000 AM
 AVERAGE    74
..........................................................

THE GREEN BAY WI CLIMATE NORMALS FOR TODAY
                         NORMAL    RECORD    YEAR
 MAXIMUM TEMPERATURE (F)   30        60      1930
 MINIMUM TEMPERATURE (F)   14       -18      2008

SUNRISE AND SUNSET
FEBRUARY 21 2015......SUNRISE   644 AM CST   SUNSET   529 PM CST
FEBRUARY 22 2015......SUNRISE   642 AM CST   SUNSET   531 PM CST

-  INDICATES NEGATIVE NUMBERS.
R  INDICATES RECORD WAS SET OR TIED.
MM INDICATES DATA IS MISSING.
T  INDICATES TRACE AMOUNT.

$$
