000
CDUS43 KGRB 060032
CLIGRB


CLIMATE REPORT...CORRECTION
NATIONAL WEATHER SERVICE GREEN BAY
729 PM CDT TUE SEP 5 2017


...................................

...THE GREEN BAY WI CLIMATE SUMMARY FOR SEPTEMBER 5 2017...
VALID TODAY AS OF 0500 PM LOCAL TIME.

CLIMATE NORMAL PERIOD 1981 TO 2010
CLIMATE RECORD PERIOD 1886 TO 2017


WEATHER ITEM   OBSERVED TIME   RECORD YEAR NORMAL DEPARTURE LAST
                VALUE   (LST)  VALUE       VALUE  FROM      YEAR
                                                  NORMAL
..................................................................
TEMPERATURE (F)
 TODAY
  MAXIMUM         66    115 PM  92    2007  74     -8       87
  MINIMUM         49    551 AM  37    1957  53     -4       58
  AVERAGE         58                        63     -5       73

PRECIPITATION (IN)
  TODAY            0.01          1.01 1925   0.10  -0.09     0.00
  MONTH TO DATE    0.34                      0.51  -0.17     0.00
  SINCE SEP 1      0.34                      0.51  -0.17     0.00
  SINCE JAN 1     25.73                     20.91   4.82    21.62

SNOWFALL (IN)
  TODAY           MM             0.0    MM   0.0   MM        0.0
  MONTH TO DATE    0.0                       0.0    0.0      0.0
  SINCE SEP 1      0.0                       0.0    0.0      0.0
  SINCE JUL 1      0.0                       0.0    0.0      0.0
  SNOW DEPTH       0

DEGREE DAYS
 HEATING
  TODAY            7                         4      3        0
  MONTH TO DATE   24                        16      8        8
  SINCE SEP 1     24                        16      8        8
  SINCE JUL 1     65                        79    -14       21

 COOLING
  TODAY            0                         2     -2        8
  MONTH TO DATE    1                        10     -9        9
  SINCE SEP 1      1                        10     -9        9
  SINCE JAN 1    378                       372      6      531
..................................................................


WIND (MPH)
  HIGHEST WIND SPEED    21   HIGHEST WIND DIRECTION     N (340)
  HIGHEST GUST SPEED    28   HIGHEST GUST DIRECTION     N (340)
  AVERAGE WIND SPEED     9.5


SKY COVER
  POSSIBLE SUNSHINE  MM
  AVERAGE SKY COVER 0.6


WEATHER CONDITIONS
 THE FOLLOWING WEATHER WAS RECORDED TODAY.
  LIGHT RAIN
  HAZE


RELATIVE HUMIDITY (PERCENT)
 HIGHEST   100           200 AM
 LOWEST     60           200 PM
 AVERAGE    80

..........................................................


THE GREEN BAY WI CLIMATE NORMALS FOR TOMORROW
                         NORMAL    RECORD    YEAR
 MAXIMUM TEMPERATURE (F)   74        91      1954
                                             1901
 MINIMUM TEMPERATURE (F)   52        38      1988


SUNRISE AND SUNSET
SEPTEMBER  5 2017.....SUNRISE   620 AM CDT   SUNSET   721 PM CDT
SEPTEMBER  6 2017.....SUNRISE   621 AM CDT   SUNSET   719 PM CDT


-  INDICATES NEGATIVE NUMBERS.
R  INDICATES RECORD WAS SET OR TIED.
MM INDICATES DATA IS MISSING.
T  INDICATES TRACE AMOUNT.




$$
