000
CDUS43 KGRB 040643
CLIGRB


CLIMATE REPORT
NATIONAL WEATHER SERVICE GREEN BAY
142 AM CDT SAT NOV 4 2017


...................................

...THE GREEN BAY WI CLIMATE SUMMARY FOR NOVEMBER 3 2017...

CLIMATE NORMAL PERIOD 1981 TO 2010
CLIMATE RECORD PERIOD 1886 TO 2017


WEATHER ITEM   OBSERVED TIME   RECORD YEAR NORMAL DEPARTURE LAST
                VALUE   (LST)  VALUE       VALUE  FROM      YEAR
                                                  NORMAL
..................................................................
TEMPERATURE (F)
 YESTERDAY
  MAXIMUM         45   1158 AM  72    1938  49     -4       62
  MINIMUM         32    621 AM   7    1951  32      0       39
  AVERAGE         39                        40     -1       51

PRECIPITATION (IN)
  YESTERDAY        0.00          1.03 1934   0.07  -0.07     0.00
  MONTH TO DATE    0.26                      0.22   0.04     0.00
  SINCE SEP 1      4.39                      5.70  -1.31     6.95
  SINCE JAN 1     29.78                     26.10   3.68    28.57

SNOWFALL (IN)
  YESTERDAY        0.0           3.4  1951   0.0    0.0      0.0
  MONTH TO DATE    0.0                       0.1   -0.1      0.0
  SINCE SEP 1      T                         0.3   -0.3      0.0
  SINCE JUL 1      T                         0.3   -0.3      0.0
  SNOW DEPTH       0

DEGREE DAYS
 HEATING
  YESTERDAY       26                        25      1       14
  MONTH TO DATE   79                        73      6       35
  SINCE SEP 1    575                       836   -261      476
  SINCE JUL 1    616                       899   -283      489

 COOLING
  YESTERDAY        0                         0      0        0
  MONTH TO DATE    0                         0      0        0
  SINCE SEP 1    100                        36     64       55
  SINCE JAN 1    477                       398     79      577
..................................................................


WIND (MPH)
  HIGHEST WIND SPEED    17   HIGHEST WIND DIRECTION    NE (60)
  HIGHEST GUST SPEED    22   HIGHEST GUST DIRECTION    NW (300)
  AVERAGE WIND SPEED     8.0


SKY COVER
  POSSIBLE SUNSHINE  MM
  AVERAGE SKY COVER 0.6


WEATHER CONDITIONS
 THE FOLLOWING WEATHER WAS RECORDED YESTERDAY.
  NO SIGNIFICANT WEATHER WAS OBSERVED.


RELATIVE HUMIDITY (PERCENT)
 HIGHEST    89           400 AM
 LOWEST     62          1200 PM
 AVERAGE    76

..........................................................


THE GREEN BAY WI CLIMATE NORMALS FOR TODAY
                         NORMAL    RECORD    YEAR
 MAXIMUM TEMPERATURE (F)   48        74      2008
 MINIMUM TEMPERATURE (F)   32         4      1951


SUNRISE AND SUNSET
NOVEMBER  4 2017......SUNRISE   734 AM CDT   SUNSET   537 PM CDT
NOVEMBER  5 2017......SUNRISE   636 AM CST   SUNSET   436 PM CST


-  INDICATES NEGATIVE NUMBERS.
R  INDICATES RECORD WAS SET OR TIED.
MM INDICATES DATA IS MISSING.
T  INDICATES TRACE AMOUNT.




$$
