000
CDUS43 KGRB 060634
CLIGRB

CLIMATE REPORT
NATIONAL WEATHER SERVICE GREEN BAY
132 AM CDT SUN APR 6 2014

...................................

...THE GREEN BAY WI CLIMATE SUMMARY FOR APRIL 5 2014...

CLIMATE NORMAL PERIOD 1981 TO 2010
CLIMATE RECORD PERIOD 1886 TO 2014

WEATHER ITEM   OBSERVED TIME   RECORD YEAR NORMAL DEPARTURE LAST
                VALUE   (LST)  VALUE       VALUE  FROM      YEAR
                                                  NORMAL
..................................................................
TEMPERATURE (F)
 YESTERDAY
  MAXIMUM         50    458 PM  77    1991  49      1       41
                                      1921
  MINIMUM         27    606 AM  13    1995  30     -3       27
                                      1887
  AVERAGE         39                        39      0       34

PRECIPITATION (IN)
  YESTERDAY        0.00          1.42 1947   0.08  -0.08      T
  MONTH TO DATE    0.28                      0.39  -0.11      T
  SINCE MAR 1      1.19                      2.24  -1.05     2.01
  SINCE JAN 1      3.98                      4.48  -0.50     6.67

SNOWFALL (IN)
  YESTERDAY        0.0           3.5  1935   0.2   -0.2       T
  MONTH TO DATE    0.2                       0.8   -0.6       T
  SINCE MAR 1      6.3                       8.9   -2.6      8.4
  SINCE JUL 1     68.6                      49.1   19.5     66.4
  SNOW DEPTH       0

DEGREE DAYS
 HEATING
  YESTERDAY       26                        26      0       31
  MONTH TO DATE  148                       133     15      155
  SINCE MAR 1   1442                      1193    249     1343
  SINCE JUL 1   7923                      7033    890     6786

COOLING
  YESTERDAY        0                         0      0        0
  MONTH TO DATE    0                         0      0        0
  SINCE MAR 1      0                         0      0        0
  SINCE JAN 1      0                         0      0        0
..................................................................

WIND (MPH)
  HIGHEST WIND SPEED    17   HIGHEST WIND DIRECTION     W (250)
  HIGHEST GUST SPEED    26   HIGHEST GUST DIRECTION     W (290)
  AVERAGE WIND SPEED     8.6

SKY COVER
  POSSIBLE SUNSHINE  MM
  AVERAGE SKY COVER 0.0

WEATHER CONDITIONS
 THE FOLLOWING WEATHER WAS RECORDED YESTERDAY.
  NO SIGNIFICANT WEATHER WAS OBSERVED.

RELATIVE HUMIDITY (PERCENT)
 HIGHEST    84           500 AM
 LOWEST     42           500 PM
 AVERAGE    63
..........................................................

THE GREEN BAY WI CLIMATE NORMALS FOR TODAY
                         NORMAL    RECORD    YEAR
 MAXIMUM TEMPERATURE (F)   49        84      1991
 MINIMUM TEMPERATURE (F)   30        12      2003

SUNRISE AND SUNSET
APRIL  6 2014.........SUNRISE   625 AM CDT   SUNSET   726 PM CDT
APRIL  7 2014.........SUNRISE   623 AM CDT   SUNSET   727 PM CDT

-  INDICATES NEGATIVE NUMBERS.
R  INDICATES RECORD WAS SET OR TIED.
MM INDICATES DATA IS MISSING.
T  INDICATES TRACE AMOUNT.

$$
