000
CDUS43 KGRB 100722
CLIGRB


CLIMATE REPORT
NATIONAL WEATHER SERVICE GREEN BAY
222 AM CDT SUN APR 10 2016


...................................

...THE GREEN BAY WI CLIMATE SUMMARY FOR APRIL 9 2016...

CLIMATE NORMAL PERIOD 1981 TO 2010
CLIMATE RECORD PERIOD 1886 TO 2016


WEATHER ITEM   OBSERVED TIME   RECORD YEAR NORMAL DEPARTURE LAST
                VALUE   (LST)  VALUE       VALUE  FROM      YEAR
                                                  NORMAL
..................................................................
TEMPERATURE (F)
 YESTERDAY
  MAXIMUM         32    235 PM  76    1955  51    -19       41
                                      1945
  MINIMUM         13    548 AM  12    1928  32    -19       36
  AVERAGE         23                        41    -18       39

PRECIPITATION (IN)
  YESTERDAY        0.00          0.81 1978   0.08  -0.08     0.73
  MONTH TO DATE    0.62                      0.73  -0.11     0.96
  SINCE MAR 1      4.67                      2.58   2.09     1.86
  SINCE JAN 1      7.15                      4.82   2.33     2.83

SNOWFALL (IN)
  YESTERDAY        0.0           4.4  1973   0.1   -0.1      0.0
  MONTH TO DATE    4.4                       1.3    3.1      0.0
  SINCE MAR 1     16.2                       9.4    6.8      4.2
  SINCE JUL 1     50.0                      49.6    0.4     32.7
  SNOW DEPTH       3

DEGREE DAYS
 HEATING
  YESTERDAY       42                        24     18       26
  MONTH TO DATE  299                       231     68      214
  SINCE MAR 1   1164                      1291   -127     1182
  SINCE JUL 1   5975                      7131  -1156     7220

 COOLING
  YESTERDAY        0                         0      0        0
  MONTH TO DATE    0                         0      0        0
  SINCE MAR 1      0                         0      0        0
  SINCE JAN 1      0                         0      0        0
..................................................................


WIND (MPH)
  HIGHEST WIND SPEED    20   HIGHEST WIND DIRECTION    SE (150)
  HIGHEST GUST SPEED    25   HIGHEST GUST DIRECTION    SE (140)
  AVERAGE WIND SPEED     9.8


SKY COVER
  POSSIBLE SUNSHINE  MM
  AVERAGE SKY COVER 0.3


WEATHER CONDITIONS
 THE FOLLOWING WEATHER WAS RECORDED YESTERDAY.
  NO SIGNIFICANT WEATHER WAS OBSERVED.


RELATIVE HUMIDITY (PERCENT)
 HIGHEST    88           600 AM
 LOWEST     42          1100 AM
 AVERAGE    65

..........................................................


THE GREEN BAY WI CLIMATE NORMALS FOR TODAY
                         NORMAL    RECORD    YEAR
 MAXIMUM TEMPERATURE (F)   51        79      1977
 MINIMUM TEMPERATURE (F)   32        18      1909


SUNRISE AND SUNSET
APRIL 10 2016.........SUNRISE   616 AM CDT   SUNSET   732 PM CDT
APRIL 11 2016.........SUNRISE   615 AM CDT   SUNSET   733 PM CDT


-  INDICATES NEGATIVE NUMBERS.
R  INDICATES RECORD WAS SET OR TIED.
MM INDICATES DATA IS MISSING.
T  INDICATES TRACE AMOUNT.




$$
