000
CDUS43 KGRB 170810
CLIGRB


CLIMATE REPORT
NATIONAL WEATHER SERVICE GREEN BAY
209 AM CST MON NOV 17 2014


...................................

...THE GREEN BAY WI CLIMATE SUMMARY FOR NOVEMBER 16 2014...

CLIMATE NORMAL PERIOD 1981 TO 2010
CLIMATE RECORD PERIOD 1886 TO 2014


WEATHER ITEM   OBSERVED TIME   RECORD YEAR NORMAL DEPARTURE LAST
                VALUE   (LST)  VALUE       VALUE  FROM      YEAR
                                                  NORMAL
..................................................................
TEMPERATURE (F)
 YESTERDAY
  MAXIMUM         28    312 PM  72    1953  42    -14       58
  MINIMUM         16   1159 PM   1    1959  27    -11       33
                                      1933
  AVERAGE         22                        34    -12       46

PRECIPITATION (IN)
  YESTERDAY        T             1.57 1948   0.07  -0.07     0.95
  MONTH TO DATE    1.41                      1.16   0.25     2.84
  SINCE SEP 1      8.61                      6.64   1.97     8.68
  SINCE JAN 1     29.33                     27.04   2.29    32.67

SNOWFALL (IN)
  YESTERDAY        0.2           2.7  1992   0.1    0.1      0.0
  MONTH TO DATE    1.6                       1.1    0.5       T
  SINCE SEP 1      1.6                       1.3    0.3       T
  SINCE JUL 1      1.6                       1.3    0.3       T
  SNOW DEPTH       T

DEGREE DAYS
 HEATING
  YESTERDAY       43                        31     12       19
  MONTH TO DATE  500                       434     66      406
  SINCE SEP 1   1217                      1197     20     1064
  SINCE JUL 1   1246                      1260    -14     1104

 COOLING
  YESTERDAY        0                         0      0        0
  MONTH TO DATE    0                         0      0        0
  SINCE SEP 1     19                        36    -17       57
  SINCE JAN 1    362                       398    -36      535
..................................................................


WIND (MPH)
  HIGHEST WIND SPEED    18   HIGHEST WIND DIRECTION    SW (220)
  HIGHEST GUST SPEED    25   HIGHEST GUST DIRECTION    SW (220)
  AVERAGE WIND SPEED     9.0


SKY COVER
  POSSIBLE SUNSHINE  MM
  AVERAGE SKY COVER 0.7


WEATHER CONDITIONS
 THE FOLLOWING WEATHER WAS RECORDED YESTERDAY.
  LIGHT SNOW
  FOG
  HAZE


RELATIVE HUMIDITY (PERCENT)
 HIGHEST    92           700 AM
 LOWEST     67          1100 PM
 AVERAGE    80

..........................................................


THE GREEN BAY WI CLIMATE NORMALS FOR TODAY
                         NORMAL    RECORD    YEAR
 MAXIMUM TEMPERATURE (F)   42        67      1953
                                             1931
 MINIMUM TEMPERATURE (F)   26         0      1959


SUNRISE AND SUNSET
NOVEMBER 17 2014......SUNRISE   651 AM CST   SUNSET   423 PM CST
NOVEMBER 18 2014......SUNRISE   653 AM CST   SUNSET   422 PM CST


-  INDICATES NEGATIVE NUMBERS.
R  INDICATES RECORD WAS SET OR TIED.
MM INDICATES DATA IS MISSING.
T  INDICATES TRACE AMOUNT.

$$
