000
CDUS43 KGRB 090826
CLIGRB


CLIMATE REPORT
NATIONAL WEATHER SERVICE GREEN BAY
226 AM CST THU MAR 9 2017


...................................

...THE GREEN BAY WI CLIMATE SUMMARY FOR MARCH 8 2017...

CLIMATE NORMAL PERIOD 1981 TO 2010
CLIMATE RECORD PERIOD 1886 TO 2017


WEATHER ITEM   OBSERVED TIME   RECORD YEAR NORMAL DEPARTURE LAST
                VALUE   (LST)  VALUE       VALUE  FROM      YEAR
                                                  NORMAL
..................................................................
TEMPERATURE (F)
 YESTERDAY
  MAXIMUM         40    121 AM  74    2000  36      4       66
  MINIMUM         29   1159 PM  -9    1960  19     10       40
  AVERAGE         35                        27      8       53

PRECIPITATION (IN)
  YESTERDAY        T             0.73 2009   0.05  -0.05      T
  MONTH TO DATE    0.69                      0.45   0.24     0.24
  SINCE MAR 1      0.69                      0.45   0.24     0.24
  SINCE JAN 1      3.94                      2.69   1.25     2.72

SNOWFALL (IN)
  YESTERDAY        T             6.0  2009   0.4   -0.4      0.0
  MONTH TO DATE    5.9                       2.8    3.1      3.7
  SINCE MAR 1      5.9                       2.8    3.1      3.7
  SINCE JUL 1     50.1                      43.0    7.1     37.5
  SNOW DEPTH       0

DEGREE DAYS
 HEATING
  YESTERDAY       30                        38     -8       12
  MONTH TO DATE  269                       311    -42      266
  SINCE MAR 1    269                       311    -42      266
  SINCE JUL 1   4842                      6151  -1309     5077

 COOLING
  YESTERDAY        0                         0      0        0
  MONTH TO DATE    0                         0      0        0
  SINCE MAR 1      0                         0      0        0
  SINCE JAN 1      0                         0      0        0
..................................................................


WIND (MPH)
  HIGHEST WIND SPEED    43   HIGHEST WIND DIRECTION     W (280)
  HIGHEST GUST SPEED    57   HIGHEST GUST DIRECTION     W (280)
  AVERAGE WIND SPEED    25.6


SKY COVER
  POSSIBLE SUNSHINE  MM
  AVERAGE SKY COVER 0.4


WEATHER CONDITIONS
 THE FOLLOWING WEATHER WAS RECORDED YESTERDAY.
  LIGHT SNOW
  HAZE


RELATIVE HUMIDITY (PERCENT)
 HIGHEST    70          1200 AM
 LOWEST     41           600 PM
 AVERAGE    56

..........................................................


THE GREEN BAY WI CLIMATE NORMALS FOR TODAY
                         NORMAL    RECORD    YEAR
 MAXIMUM TEMPERATURE (F)   36        56      2000
                                             1898
 MINIMUM TEMPERATURE (F)   20        -6      2003
                                             1975


SUNRISE AND SUNSET
MARCH  9 2017.........SUNRISE   615 AM CST   SUNSET   551 PM CST
MARCH 10 2017.........SUNRISE   614 AM CST   SUNSET   553 PM CST


-  INDICATES NEGATIVE NUMBERS.
R  INDICATES RECORD WAS SET OR TIED.
MM INDICATES DATA IS MISSING.
T  INDICATES TRACE AMOUNT.




$$
