000
CDUS43 KGRB 300739
CLIGRB


CLIMATE REPORT
NATIONAL WEATHER SERVICE GREEN BAY
236 AM CDT SUN MAR 30 2014


...................................

...THE GREEN BAY WI CLIMATE SUMMARY FOR MARCH 29 2014...

CLIMATE NORMAL PERIOD 1981 TO 2010
CLIMATE RECORD PERIOD 1886 TO 2014


WEATHER ITEM   OBSERVED TIME   RECORD YEAR NORMAL DEPARTURE LAST
                VALUE   (LST)  VALUE       VALUE  FROM      YEAR
                                                  NORMAL
..................................................................
TEMPERATURE (F)
 YESTERDAY
  MAXIMUM         40    424 PM  82    1910  45     -5       48
  MINIMUM         26   1159 PM   1    1887  27     -1       27
  AVERAGE         33                        36     -3       38

PRECIPITATION (IN)
  YESTERDAY        0.00          0.87 1924   0.07  -0.07     0.00
  MONTH TO DATE    0.91                      1.71  -0.80     1.85
  SINCE MAR 1      0.91                      1.71  -0.80     1.85
  SINCE JAN 1      3.70                      3.95  -0.25     6.51

SNOWFALL (IN)
  YESTERDAY        0.0           9.8  1924   0.2   -0.2      0.0
  MONTH TO DATE    6.1                       7.8   -1.7      8.4
  SINCE MAR 1      6.1                       7.8   -1.7      8.4
  SINCE JUL 1     68.4                      48.0   20.4     66.4
  SNOW DEPTH       T

DEGREE DAYS
 HEATING
  YESTERDAY       32                        29      3       27
  MONTH TO DATE 1246                      1004    242     1132
  SINCE MAR 1   1246                      1004    242     1132
  SINCE JUL 1   7727                      6844    883     6575

 COOLING
  YESTERDAY        0                         0      0        0
  MONTH TO DATE    0                         0      0        0
  SINCE MAR 1      0                         0      0        0
  SINCE JAN 1      0                         0      0        0
..................................................................


WIND (MPH)
  HIGHEST WIND SPEED    15   HIGHEST WIND DIRECTION    NE (50)
  HIGHEST GUST SPEED    20   HIGHEST GUST DIRECTION    NE (50)
  AVERAGE WIND SPEED     6.1


SKY COVER
  POSSIBLE SUNSHINE  MM
  AVERAGE SKY COVER 0.3


WEATHER CONDITIONS
 THE FOLLOWING WEATHER WAS RECORDED YESTERDAY.
  NO SIGNIFICANT WEATHER WAS OBSERVED.


RELATIVE HUMIDITY (PERCENT)
 HIGHEST    78          1200 AM
 LOWEST     44           500 PM
 AVERAGE    61

..........................................................


THE GREEN BAY WI CLIMATE NORMALS FOR TODAY
                         NORMAL    RECORD    YEAR
 MAXIMUM TEMPERATURE (F)   46        73      1967
                                             1910
 MINIMUM TEMPERATURE (F)   28         3      1923


SUNRISE AND SUNSET
MARCH 30 2014.........SUNRISE   637 AM CDT   SUNSET   717 PM CDT
MARCH 31 2014.........SUNRISE   635 AM CDT   SUNSET   719 PM CDT


-  INDICATES NEGATIVE NUMBERS.
R  INDICATES RECORD WAS SET OR TIED.
MM INDICATES DATA IS MISSING.
T  INDICATES TRACE AMOUNT.

$$
