000
CDUS43 KGRB 110647
CLIGRB


CLIMATE REPORT
NATIONAL WEATHER SERVICE GREEN BAY
144 AM CDT THU SEP 11 2014


...................................

...THE GREEN BAY WI CLIMATE SUMMARY FOR SEPTEMBER 10 2014...

CLIMATE NORMAL PERIOD 1981 TO 2010
CLIMATE RECORD PERIOD 1886 TO 2014


WEATHER ITEM   OBSERVED TIME   RECORD YEAR NORMAL DEPARTURE LAST
                VALUE   (LST)  VALUE       VALUE  FROM      YEAR
                                                  NORMAL
..................................................................
TEMPERATURE (F)
 YESTERDAY
  MAXIMUM         72   1231 PM  97    1931  72      0       90
  MINIMUM         46   1159 PM  36    1967  51     -5       68
                                      1917
  AVERAGE         59                        62     -3       79

PRECIPITATION (IN)
  YESTERDAY        0.54          2.20 1986   0.10   0.44     1.39
  MONTH TO DATE    3.42                      1.00   2.42     1.88
  SINCE SEP 1      3.42                      1.00   2.42     1.88
  SINCE JAN 1     24.14                     21.40   2.74    25.87

SNOWFALL (IN)
  YESTERDAY        0.0           0.0    MM   0.0    0.0      0.0
  MONTH TO DATE    0.0                       0.0    0.0      0.0
  SINCE SEP 1      0.0                       0.0    0.0      0.0
  SINCE JUL 1      0.0                       0.0    0.0      0.0
  SNOW DEPTH       0

DEGREE DAYS
 HEATING
  YESTERDAY        6                         5      1        0
  MONTH TO DATE    9                        38    -29       18
  SINCE SEP 1      9                        38    -29       18
  SINCE JUL 1     38                       101    -63       58

 COOLING
  YESTERDAY        0                         2     -2       14
  MONTH TO DATE   17                        20     -3       37
  SINCE SEP 1     17                        20     -3       37
  SINCE JAN 1    360                       382    -22      515
..................................................................


WIND (MPH)
  HIGHEST WIND SPEED    25   HIGHEST WIND DIRECTION    NW (330)
  HIGHEST GUST SPEED    34   HIGHEST GUST DIRECTION     N (340)
  AVERAGE WIND SPEED    12.7


SKY COVER
  POSSIBLE SUNSHINE  MM
  AVERAGE SKY COVER 0.9


WEATHER CONDITIONS
 THE FOLLOWING WEATHER WAS RECORDED YESTERDAY.
  HEAVY RAIN
  RAIN
  LIGHT RAIN
  FOG


RELATIVE HUMIDITY (PERCENT)
 HIGHEST   100           400 AM
 LOWEST     76          1100 PM
 AVERAGE    88

..........................................................


THE GREEN BAY WI CLIMATE NORMALS FOR TODAY
                         NORMAL    RECORD    YEAR
 MAXIMUM TEMPERATURE (F)   72        95      1931
                                             1895
 MINIMUM TEMPERATURE (F)   50        35      1959
                                             1958


SUNRISE AND SUNSET
SEPTEMBER 11 2014.....SUNRISE   627 AM CDT   SUNSET   711 PM CDT
SEPTEMBER 12 2014.....SUNRISE   628 AM CDT   SUNSET   709 PM CDT


-  INDICATES NEGATIVE NUMBERS.
R  INDICATES RECORD WAS SET OR TIED.
MM INDICATES DATA IS MISSING.
T  INDICATES TRACE AMOUNT.




$$
