000
CDUS43 KGRB 150714
CLIGRB


CLIMATE REPORT
NATIONAL WEATHER SERVICE GREEN BAY
212 AM CDT THU SEP 15 2016


...................................

...THE GREEN BAY WI CLIMATE SUMMARY FOR SEPTEMBER 14 2016...

CLIMATE NORMAL PERIOD 1981 TO 2010
CLIMATE RECORD PERIOD 1886 TO 2016


WEATHER ITEM   OBSERVED TIME   RECORD YEAR NORMAL DEPARTURE LAST
                VALUE   (LST)  VALUE       VALUE  FROM      YEAR
                                                  NORMAL
..................................................................
TEMPERATURE (F)
 YESTERDAY
  MAXIMUM         72    320 PM  94    1939  71      1       80
  MINIMUM         51   1159 PM  34    1963  49      2       49
                                      1923
  AVERAGE         62                        60      2       65

PRECIPITATION (IN)
  YESTERDAY        0.01          2.48 1992   0.10  -0.09     0.00
  MONTH TO DATE    2.18                      1.41   0.77     4.19
  SINCE SEP 1      2.18                      1.41   0.77     4.19
  SINCE JAN 1     23.80                     21.81   1.99    20.39

SNOWFALL (IN)
  YESTERDAY        0.0           0.0    MM   0.0    0.0      0.0
  MONTH TO DATE    0.0                       0.0    0.0      0.0
  SINCE SEP 1      0.0                       0.0    0.0      0.0
  SINCE JUL 1      0.0                       0.0    0.0      0.0
  SNOW DEPTH       0

DEGREE DAYS
 HEATING
  YESTERDAY        3                         6     -3        0
  MONTH TO DATE   21                        61    -40       27
  SINCE SEP 1     21                        61    -40       27
  SINCE JUL 1     34                       124    -90       77

 COOLING
  YESTERDAY        0                         1     -1        0
  MONTH TO DATE   35                        24     11       74
  SINCE SEP 1     35                        24     11       74
  SINCE JAN 1    557                       386    171      476
..................................................................


WIND (MPH)
  HIGHEST WIND SPEED    13   HIGHEST WIND DIRECTION     E (110)
  HIGHEST GUST SPEED    15   HIGHEST GUST DIRECTION    SE (130)
  AVERAGE WIND SPEED     4.5


SKY COVER
  POSSIBLE SUNSHINE  MM
  AVERAGE SKY COVER 0.4


WEATHER CONDITIONS
 THE FOLLOWING WEATHER WAS RECORDED YESTERDAY.
  LIGHT RAIN


RELATIVE HUMIDITY (PERCENT)
 HIGHEST   100           200 AM
 LOWEST     49           300 PM
 AVERAGE    75

..........................................................


THE GREEN BAY WI CLIMATE NORMALS FOR TODAY
                         NORMAL    RECORD    YEAR
 MAXIMUM TEMPERATURE (F)   70        94      1939
 MINIMUM TEMPERATURE (F)   49        32      2007


SUNRISE AND SUNSET
SEPTEMBER 15 2016.....SUNRISE   632 AM CDT   SUNSET   702 PM CDT
SEPTEMBER 16 2016.....SUNRISE   633 AM CDT   SUNSET   700 PM CDT


-  INDICATES NEGATIVE NUMBERS.
R  INDICATES RECORD WAS SET OR TIED.
MM INDICATES DATA IS MISSING.
T  INDICATES TRACE AMOUNT.

$$
