000
CDUS43 KGRB 082142
CLIGRB


CLIMATE REPORT
NATIONAL WEATHER SERVICE GREEN BAY
441 PM CDT FRI APR 8 2016


...................................

...THE GREEN BAY WI CLIMATE SUMMARY FOR APRIL 8 2016...
VALID TODAY AS OF 0400 PM LOCAL TIME.

CLIMATE NORMAL PERIOD 1981 TO 2010
CLIMATE RECORD PERIOD 1886 TO 2016


WEATHER ITEM   OBSERVED TIME   RECORD YEAR NORMAL DEPARTURE LAST
                VALUE   (LST)  VALUE       VALUE  FROM      YEAR
                                                  NORMAL
..................................................................
TEMPERATURE (F)
 TODAY
  MAXIMUM         32    204 AM  71    1971  50    -18       41
  MINIMUM         28    259 PM  13    1972  31     -3       35
                                      1950
  AVERAGE         30                        41    -11       38

PRECIPITATION (IN)
  TODAY            0.28          1.11 1980   0.09   0.19     0.03
  MONTH TO DATE    0.59                      0.65  -0.06     0.23
  SINCE MAR 1      4.64                      2.50   2.14     1.13
  SINCE JAN 1      7.12                      4.74   2.38     2.10

SNOWFALL (IN)
  TODAY            2.9           4.6  1908   0.2    2.7      0.0
  MONTH TO DATE    3.9                       1.2    2.7      0.0
  SINCE MAR 1     15.7                       9.3    6.4      4.2
  SINCE JUL 1     49.5                      49.5    0.0     32.7
  SNOW DEPTH       3

DEGREE DAYS
 HEATING
  TODAY           35                        24     11       27
  MONTH TO DATE  253                       207     46      188
  SINCE MAR 1   1118                      1267   -149     1156
  SINCE JUL 1   5929                      7107  -1178     7194

 COOLING
  TODAY            0                         0      0        0
  MONTH TO DATE    0                         0      0        0
  SINCE MAR 1      0                         0      0        0
  SINCE JAN 1      0                         0      0        0
..................................................................


WIND (MPH)
  HIGHEST WIND SPEED    23   HIGHEST WIND DIRECTION    NE (30)
  HIGHEST GUST SPEED    27   HIGHEST GUST DIRECTION    NE (30)
  AVERAGE WIND SPEED     6.0


SKY COVER
  POSSIBLE SUNSHINE  MM
  AVERAGE SKY COVER 0.9


WEATHER CONDITIONS
 THE FOLLOWING WEATHER WAS RECORDED TODAY.
  HEAVY SNOW
  SNOW
  LIGHT SNOW
  FOG
  FOG W/VISIBILITY <= 1/4 MILE


RELATIVE HUMIDITY (PERCENT)
 HIGHEST    92           500 AM
 LOWEST     69           700 AM
 AVERAGE    81

..........................................................


THE GREEN BAY WI CLIMATE NORMALS FOR TOMORROW
                         NORMAL    RECORD    YEAR
 MAXIMUM TEMPERATURE (F)   51        76      1955
                                             1945
 MINIMUM TEMPERATURE (F)   32        12      1928


SUNRISE AND SUNSET
APRIL  8 2016.........SUNRISE   620 AM CDT   SUNSET   729 PM CDT
APRIL  9 2016.........SUNRISE   618 AM CDT   SUNSET   730 PM CDT


-  INDICATES NEGATIVE NUMBERS.
R  INDICATES RECORD WAS SET OR TIED.
MM INDICATES DATA IS MISSING.
T  INDICATES TRACE AMOUNT.




$$
