000
CDUS43 KGRB 150802
CLIGRB

CLIMATE REPORT
NATIONAL WEATHER SERVICE GREEN BAY
300 AM CDT FRI MAY 15 2015

...................................

...THE GREEN BAY WI CLIMATE SUMMARY FOR MAY 14 2015...

CLIMATE NORMAL PERIOD 1981 TO 2010
CLIMATE RECORD PERIOD 1886 TO 2015

WEATHER ITEM   OBSERVED TIME   RECORD YEAR NORMAL DEPARTURE LAST
                VALUE   (LST)  VALUE       VALUE  FROM      YEAR
                                                  NORMAL
..................................................................
TEMPERATURE (F)
 YESTERDAY
  MAXIMUM         63   1215 PM  89    1991  66     -3       60
  MINIMUM         38    505 AM  29    1895  43     -5       44
  AVERAGE         51                        54     -3       52

PRECIPITATION (IN)
  YESTERDAY        0.08          2.17 1957   0.09  -0.01     0.00
  MONTH TO DATE    0.92                      1.18  -0.26     1.71
  SINCE MAR 1      3.45                      5.66  -2.21     6.63
  SINCE JAN 1      4.42                      7.90  -3.48     9.42

SNOWFALL (IN)
  YESTERDAY        0.0           T    2005   0.0    0.0      0.0
  MONTH TO DATE    0.0                       0.1   -0.1      0.0
  SINCE MAR 1      4.2                      11.1   -6.9      9.8
  SINCE JUL 1     32.7                      51.3  -18.6     72.1
  SNOW DEPTH       0

DEGREE DAYS
 HEATING
  YESTERDAY       14                        11      3       13
  MONTH TO DATE  108                       181    -73      168
  SINCE MAR 1   1640                      1878   -238     2158
  SINCE JUL 1   7678                      7718    -40     8639

COOLING
  YESTERDAY        0                         0      0        0
  MONTH TO DATE    7                         0      7        0
  SINCE MAR 1      7                         2      5        0
  SINCE JAN 1      7                         2      5        0
..................................................................

WIND (MPH)
  HIGHEST WIND SPEED    21   HIGHEST WIND DIRECTION    SE (150)
  HIGHEST GUST SPEED    25   HIGHEST GUST DIRECTION    SE (140)
  AVERAGE WIND SPEED    10.5

SKY COVER
  POSSIBLE SUNSHINE  MM
  AVERAGE SKY COVER 0.2

WEATHER CONDITIONS
 THE FOLLOWING WEATHER WAS RECORDED YESTERDAY.
  LIGHT RAIN
  FOG

RELATIVE HUMIDITY (PERCENT)
 HIGHEST    85           200 AM
 LOWEST     47           500 PM
 AVERAGE    66
..........................................................

THE GREEN BAY WI CLIMATE NORMALS FOR TODAY
                         NORMAL    RECORD    YEAR
 MAXIMUM TEMPERATURE (F)   66        87      1991
 MINIMUM TEMPERATURE (F)   44        29      1929

SUNRISE AND SUNSET
MAY 15 2015...........SUNRISE   525 AM CDT   SUNSET   813 PM CDT
MAY 16 2015...........SUNRISE   524 AM CDT   SUNSET   814 PM CDT

-  INDICATES NEGATIVE NUMBERS.
R  INDICATES RECORD WAS SET OR TIED.
MM INDICATES DATA IS MISSING.
T  INDICATES TRACE AMOUNT.

$$
