175
CDUS43 KGRB 290636
CLIGRB


CLIMATE REPORT
NATIONAL WEATHER SERVICE GREEN BAY
1235 AM CST TUE NOV 29 2016


...................................

...THE GREEN BAY WI CLIMATE SUMMARY FOR NOVEMBER 28 2016...

CLIMATE NORMAL PERIOD 1981 TO 2010
CLIMATE RECORD PERIOD 1886 TO 2016


WEATHER ITEM   OBSERVED TIME   RECORD YEAR NORMAL DEPARTURE LAST
                VALUE   (LST)  VALUE       VALUE  FROM      YEAR
                                                  NORMAL
..................................................................
TEMPERATURE (F)
 YESTERDAY
  MAXIMUM         50   1159 PM  58    2006  36     14       32
  MINIMUM         44    924 AM -12    1887  21     23       18
  AVERAGE         47                        28     19       25

PRECIPITATION (IN)
  YESTERDAY        1.47R         0.80 1983   0.06   1.41     0.00
  MONTH TO DATE    2.18                      1.99   0.19     2.38
  SINCE SEP 1      9.13                      7.47   1.66    10.87
  SINCE JAN 1     30.75                     27.87   2.88    27.07

SNOWFALL (IN)
  YESTERDAY        0.0           5.3  1983   0.3   -0.3      0.0
  MONTH TO DATE    0.9                       3.5   -2.6      0.2
  SINCE SEP 1      0.9                       3.7   -2.8      0.2
  SINCE JUL 1      0.9                       3.7   -2.8      0.2
  SNOW DEPTH       0

DEGREE DAYS
 HEATING
  YESTERDAY       18                        37    -19       40
  MONTH TO DATE  555                       842   -287      629
  SINCE SEP 1    996                      1605   -609     1154
  SINCE JUL 1   1009                      1668   -659     1204

 COOLING
  YESTERDAY        0                         0      0        0
  MONTH TO DATE    0                         0      0        0
  SINCE SEP 1     55                        36     19      115
  SINCE JAN 1    577                       398    179      517
..................................................................


WIND (MPH)
  HIGHEST WIND SPEED    25   HIGHEST WIND DIRECTION    SE (150)
  HIGHEST GUST SPEED    37   HIGHEST GUST DIRECTION    SE (140)
  AVERAGE WIND SPEED    15.5


SKY COVER
  POSSIBLE SUNSHINE  MM
  AVERAGE SKY COVER 1.0


WEATHER CONDITIONS
 THE FOLLOWING WEATHER WAS RECORDED YESTERDAY.
  HEAVY RAIN
  RAIN
  LIGHT RAIN
  FOG


RELATIVE HUMIDITY (PERCENT)
 HIGHEST   100           700 PM
 LOWEST     86           100 AM
 AVERAGE    93

..........................................................


THE GREEN BAY WI CLIMATE NORMALS FOR TODAY
                         NORMAL    RECORD    YEAR
 MAXIMUM TEMPERATURE (F)   35        63      1998
 MINIMUM TEMPERATURE (F)   21        -9      1976


SUNRISE AND SUNSET
NOVEMBER 29 2016......SUNRISE   707 AM CST   SUNSET   415 PM CST
NOVEMBER 30 2016......SUNRISE   708 AM CST   SUNSET   414 PM CST


-  INDICATES NEGATIVE NUMBERS.
R  INDICATES RECORD WAS SET OR TIED.
MM INDICATES DATA IS MISSING.
T  INDICATES TRACE AMOUNT.




$$
