000
CDUS43 KGRB 170625
CLIGRB


CLIMATE REPORT
NATIONAL WEATHER SERVICE GREEN BAY
124 AM CDT MON AUG 17 2015


...................................

...THE GREEN BAY WI CLIMATE SUMMARY FOR AUGUST 16 2015...

CLIMATE NORMAL PERIOD 1981 TO 2010
CLIMATE RECORD PERIOD 1886 TO 2015


WEATHER ITEM   OBSERVED TIME   RECORD YEAR NORMAL DEPARTURE LAST
                VALUE   (LST)  VALUE       VALUE  FROM      YEAR
                                                  NORMAL
..................................................................
TEMPERATURE (F)
 YESTERDAY
  MAXIMUM         88    306 PM  99    1988  78     10       79
  MINIMUM         70    248 AM  44    1992  57     13       62
  AVERAGE         79                        68     11       71

PRECIPITATION (IN)
  YESTERDAY        0.00          2.36 1907   0.11  -0.11     0.01
  MONTH TO DATE    2.06                      1.82   0.24     1.67
  SINCE JUN 1      7.10                      9.20  -2.10     6.93
  SINCE JAN 1     14.04                     18.85  -4.81    17.59

SNOWFALL (IN)
  YESTERDAY        0.0           0.0    MM   0.0    0.0      0.0
  MONTH TO DATE    0.0                       0.0    0.0      0.0
  SINCE JUN 1      0.0                       0.0    0.0      0.0
  SINCE JUL 1      0.0                       0.0    0.0      0.0
  SNOW DEPTH       0

DEGREE DAYS
 HEATING
  YESTERDAY        0                         1     -1        0
  MONTH TO DATE    0                        16    -16        8
  SINCE JUN 1     72                       131    -59       54
  SINCE JUL 1     19                        39    -20       23

 COOLING
  YESTERDAY       14                         4     10        6
  MONTH TO DATE   97                        65     32       56
  SINCE JUN 1    340                       298     42      261
  SINCE JAN 1    368                       316     52      277
..................................................................


WIND (MPH)
  HIGHEST WIND SPEED    15   HIGHEST WIND DIRECTION    SW (240)
  HIGHEST GUST SPEED    21   HIGHEST GUST DIRECTION    SW (230)
  AVERAGE WIND SPEED     8.0


SKY COVER
  POSSIBLE SUNSHINE  MM
  AVERAGE SKY COVER 0.0


WEATHER CONDITIONS
 THE FOLLOWING WEATHER WAS RECORDED YESTERDAY.
  FOG


RELATIVE HUMIDITY (PERCENT)
 HIGHEST    97           200 AM
 LOWEST     55           200 PM
 AVERAGE    76

..........................................................


THE GREEN BAY WI CLIMATE NORMALS FOR TODAY
                         NORMAL    RECORD    YEAR
 MAXIMUM TEMPERATURE (F)   78        96      1947
 MINIMUM TEMPERATURE (F)   57        42      1954


SUNRISE AND SUNSET
AUGUST 17 2015........SUNRISE   557 AM CDT   SUNSET   755 PM CDT
AUGUST 18 2015........SUNRISE   559 AM CDT   SUNSET   753 PM CDT


-  INDICATES NEGATIVE NUMBERS.
R  INDICATES RECORD WAS SET OR TIED.
MM INDICATES DATA IS MISSING.
T  INDICATES TRACE AMOUNT.




$$
