000
CDUS43 KGRB 010753
CLIGRB


CLIMATE REPORT
NATIONAL WEATHER SERVICE GREEN BAY
151 AM CST THU FEB 1 2018


...................................

...THE GREEN BAY WI CLIMATE SUMMARY FOR JANUARY 31 2018...

CLIMATE NORMAL PERIOD 1981 TO 2010
CLIMATE RECORD PERIOD 1886 TO 2018


WEATHER ITEM   OBSERVED TIME   RECORD YEAR NORMAL DEPARTURE LAST
                VALUE   (LST)  VALUE       VALUE  FROM      YEAR
                                                  NORMAL
..................................................................
TEMPERATURE (F)
 YESTERDAY
  MAXIMUM         38    429 PM  49    1993  25     13       30
  MINIMUM         28    101 AM -26    1899   9     19       21
  AVERAGE         33                        17     16       26

PRECIPITATION (IN)
  YESTERDAY        0.03          0.70 1917   0.03   0.00     0.05
  MONTH TO DATE    1.04                      1.13  -0.09     2.43
  SINCE DEC 1      2.33                      2.64  -0.31     4.68
  SINCE JAN 1      1.04                      1.13  -0.09     2.43

SNOWFALL (IN)
  YESTERDAY        0.3           7.8  1917   0.4   -0.1      1.2
  MONTH TO DATE    5.1                      13.0   -7.9     14.6
  SINCE DEC 1     17.1                      26.1   -9.0     37.7
  SINCE JUL 1     17.7                      30.3  -12.6     38.6
  SNOW DEPTH       0

DEGREE DAYS
 HEATING
  YESTERDAY       32                        48    -16       39
  MONTH TO DATE 1390                      1502   -112     1280
  SINCE DEC 1   2817                      2849    -32     2531
  SINCE JUL 1   4233                      4589   -356     3593

 COOLING
  YESTERDAY        0                         0      0        0
  MONTH TO DATE    0                         0      0        0
  SINCE DEC 1      0                         0      0        0
  SINCE JAN 1      0                         0      0        0
..................................................................


WIND (MPH)
  HIGHEST WIND SPEED    21   HIGHEST WIND DIRECTION     W (260)
  HIGHEST GUST SPEED    28   HIGHEST GUST DIRECTION    SW (210)
  AVERAGE WIND SPEED    13.0


SKY COVER
  POSSIBLE SUNSHINE  MM
  AVERAGE SKY COVER 0.5


WEATHER CONDITIONS
 THE FOLLOWING WEATHER WAS RECORDED YESTERDAY.
  LIGHT SNOW


RELATIVE HUMIDITY (PERCENT)
 HIGHEST    78          1000 AM
 LOWEST     52           500 PM
 AVERAGE    65

..........................................................


THE GREEN BAY WI CLIMATE NORMALS FOR TODAY
                         NORMAL    RECORD    YEAR
 MAXIMUM TEMPERATURE (F)   25        42      1922
 MINIMUM TEMPERATURE (F)    9       -24      1985


SUNRISE AND SUNSET
FEBRUARY  1 2018......SUNRISE   711 AM CST   SUNSET   502 PM CST
FEBRUARY  2 2018......SUNRISE   710 AM CST   SUNSET   503 PM CST


-  INDICATES NEGATIVE NUMBERS.
R  INDICATES RECORD WAS SET OR TIED.
MM INDICATES DATA IS MISSING.
T  INDICATES TRACE AMOUNT.

$$
