000
CDUS43 KGRB 180718
CLIGRB

CLIMATE REPORT
NATIONAL WEATHER SERVICE GREEN BAY
113 AM CST FRI NOV 18 2016

...................................

...THE GREEN BAY WI CLIMATE SUMMARY FOR NOVEMBER 17 2016...

CLIMATE NORMAL PERIOD 1981 TO 2010
CLIMATE RECORD PERIOD 1886 TO 2016

WEATHER ITEM   OBSERVED TIME   RECORD YEAR NORMAL DEPARTURE LAST
                VALUE   (LST)  VALUE       VALUE  FROM      YEAR
                                                  NORMAL
..................................................................
TEMPERATURE (F)
 YESTERDAY
  MAXIMUM         67R   220 PM  67    1953  42     25       54
                                      1931
  MINIMUM         47    319 AM   0    1959  26     21       47
  AVERAGE         57                        34     23       51

PRECIPITATION (IN)
  YESTERDAY        0.00          1.53 1978   0.07  -0.07     0.67
  MONTH TO DATE    0.10                      1.23  -1.13     1.27
  SINCE SEP 1      7.05                      6.71   0.34     9.76
  SINCE JAN 1     28.67                     27.11   1.56    25.96

SNOWFALL (IN)
  YESTERDAY        0.0           3.0  1911   0.2   -0.2      0.0
  MONTH TO DATE    0.0                       1.3   -1.3       T
  SINCE SEP 1      0.0                       1.5   -1.5       T
  SINCE JUL 1      0.0                       1.5   -1.5       T
  SNOW DEPTH       0

DEGREE DAYS
 HEATING
  YESTERDAY        8                        31    -23       14
  MONTH TO DATE  253                       465   -212      295
  SINCE SEP 1    694                      1228   -534      820
  SINCE JUL 1    707                      1291   -584      870

COOLING
  YESTERDAY        0                         0      0        0
  MONTH TO DATE    0                         0      0        0
  SINCE SEP 1     55                        36     19      115
  SINCE JAN 1    577                       398    179      517
..................................................................

WIND (MPH)
  HIGHEST WIND SPEED    16   HIGHEST WIND DIRECTION    SE (150)
  HIGHEST GUST SPEED    22   HIGHEST GUST DIRECTION     S (170)
  AVERAGE WIND SPEED     7.0

SKY COVER
  POSSIBLE SUNSHINE  MM
  AVERAGE SKY COVER 0.0

WEATHER CONDITIONS
 THE FOLLOWING WEATHER WAS RECORDED YESTERDAY.
  FOG
  HAZE

RELATIVE HUMIDITY (PERCENT)
 HIGHEST    93          1200 AM
 LOWEST     52           200 PM
 AVERAGE    73
..........................................................

THE GREEN BAY WI CLIMATE NORMALS FOR TODAY
                         NORMAL    RECORD    YEAR
 MAXIMUM TEMPERATURE (F)   41        68      1953
 MINIMUM TEMPERATURE (F)   26         4      1891

SUNRISE AND SUNSET
NOVEMBER 18 2016......SUNRISE   653 AM CST   SUNSET   422 PM CST
NOVEMBER 19 2016......SUNRISE   655 AM CST   SUNSET   421 PM CST

-  INDICATES NEGATIVE NUMBERS.
R  INDICATES RECORD WAS SET OR TIED.
MM INDICATES DATA IS MISSING.
T  INDICATES TRACE AMOUNT.

$$
