290
CDUS43 KGRB 120715
CLIGRB

CLIMATE REPORT
NATIONAL WEATHER SERVICE GREEN BAY
113 AM CST SUN FEB 12 2017

...................................

...THE GREEN BAY WI CLIMATE SUMMARY FOR FEBRUARY 11 2017...

CLIMATE NORMAL PERIOD 1981 TO 2010
CLIMATE RECORD PERIOD 1886 TO 2017

WEATHER ITEM   OBSERVED TIME   RECORD YEAR NORMAL DEPARTURE LAST
                VALUE   (LST)  VALUE       VALUE  FROM      YEAR
                                                  NORMAL
..................................................................
TEMPERATURE (F)
 YESTERDAY
  MAXIMUM         36    145 PM  58    1999  27      9       17
  MINIMUM         29    154 AM -29    1899  11     18       -4
  AVERAGE         33                        19     14        7

PRECIPITATION (IN)
  YESTERDAY        0.00          0.66 1887   0.04  -0.04     0.00
  MONTH TO DATE    0.01                      0.37  -0.36     0.98
  SINCE DEC 1      4.69                      3.01   1.68     8.02
  SINCE JAN 1      2.44                      1.50   0.94     2.31

SNOWFALL (IN)
  YESTERDAY        0.0           6.8  1953   0.4   -0.4      0.0
  MONTH TO DATE    T                         4.1   -4.1     10.7
  SINCE DEC 1     37.7                      30.2    7.5     32.1
  SINCE JUL 1     38.6                      34.4    4.2     32.3
  SNOW DEPTH       2

DEGREE DAYS
 HEATING
  YESTERDAY       32                        46    -14       58
  MONTH TO DATE  499                       516    -17      478
  SINCE DEC 1   3030                      3365   -335     2826
  SINCE JUL 1   4092                      5105  -1013     4098

 COOLING
  YESTERDAY        0                         0      0        0
  MONTH TO DATE    0                         0      0        0
  SINCE DEC 1      0                         0      0        0
  SINCE JAN 1      0                         0      0        0
..................................................................

WIND (MPH)
  HIGHEST WIND SPEED    20   HIGHEST WIND DIRECTION    NE (30)
  HIGHEST GUST SPEED    23   HIGHEST GUST DIRECTION    NE (30)
  AVERAGE WIND SPEED     6.3

SKY COVER
  POSSIBLE SUNSHINE  MM
  AVERAGE SKY COVER 0.4

WEATHER CONDITIONS
 THE FOLLOWING WEATHER WAS RECORDED YESTERDAY.
  NO SIGNIFICANT WEATHER WAS OBSERVED.

RELATIVE HUMIDITY (PERCENT)
 HIGHEST    92           200 AM
 LOWEST     75          1200 AM
 AVERAGE    84
..........................................................

THE GREEN BAY WI CLIMATE NORMALS FOR TODAY
                         NORMAL    RECORD    YEAR
 MAXIMUM TEMPERATURE (F)   27        45      2005
                                             1990
                                             1966
 MINIMUM TEMPERATURE (F)   12       -27      1899

SUNRISE AND SUNSET
FEBRUARY 12 2017......SUNRISE   656 AM CST   SUNSET   518 PM CST
FEBRUARY 13 2017......SUNRISE   655 AM CST   SUNSET   519 PM CST

-  INDICATES NEGATIVE NUMBERS.
R  INDICATES RECORD WAS SET OR TIED.
MM INDICATES DATA IS MISSING.
T  INDICATES TRACE AMOUNT.

$$
