000
CDUS43 KGRB 040642
CLIGRB


CLIMATE REPORT
NATIONAL WEATHER SERVICE GREEN BAY
141 AM CDT THU SEP 4 2014


...................................

...THE GREEN BAY WI CLIMATE SUMMARY FOR SEPTEMBER 3 2014...

CLIMATE NORMAL PERIOD 1981 TO 2010
CLIMATE RECORD PERIOD 1886 TO 2014


WEATHER ITEM   OBSERVED TIME   RECORD YEAR NORMAL DEPARTURE LAST
                VALUE   (LST)  VALUE       VALUE  FROM      YEAR
                                                  NORMAL
..................................................................
TEMPERATURE (F)
 YESTERDAY
  MAXIMUM         79    312 PM  92    1929  75      4       75
  MINIMUM         53    535 AM  36    1946  53      0       45
  AVERAGE         66                        64      2       60

PRECIPITATION (IN)
  YESTERDAY        0.00          2.99 1964   0.10  -0.10     0.00
  MONTH TO DATE    0.27                      0.31  -0.04      T
  SINCE SEP 1      0.27                      0.31  -0.04      T
  SINCE JAN 1     20.99                     20.71   0.28    23.99

SNOWFALL (IN)
  YESTERDAY        0.0           0.0    MM   0.0    0.0      0.0
  MONTH TO DATE    0.0                       0.0    0.0      0.0
  SINCE SEP 1      0.0                       0.0    0.0      0.0
  SINCE JUL 1      0.0                       0.0    0.0      0.0
  SNOW DEPTH       0

DEGREE DAYS
 HEATING
  YESTERDAY        0                         3     -3        5
  MONTH TO DATE    0                         9     -9       11
  SINCE SEP 1      0                         9     -9       11
  SINCE JUL 1     29                        72    -43       51

 COOLING
  YESTERDAY        1                         2     -1        0
  MONTH TO DATE    5                         6     -1        6
  SINCE SEP 1      5                         6     -1        6
  SINCE JAN 1    348                       368    -20      484
..................................................................


WIND (MPH)
  HIGHEST WIND SPEED    15   HIGHEST WIND DIRECTION     S (160)
  HIGHEST GUST SPEED    20   HIGHEST GUST DIRECTION    SE (150)
  AVERAGE WIND SPEED     6.8


SKY COVER
  POSSIBLE SUNSHINE  MM
  AVERAGE SKY COVER 0.1


WEATHER CONDITIONS
 THE FOLLOWING WEATHER WAS RECORDED YESTERDAY.
  FOG


RELATIVE HUMIDITY (PERCENT)
 HIGHEST   100          1200 AM
 LOWEST     54           100 PM
 AVERAGE    77

..........................................................


THE GREEN BAY WI CLIMATE NORMALS FOR TODAY
                         NORMAL    RECORD    YEAR
 MAXIMUM TEMPERATURE (F)   74        90      1990
                                             1925
 MINIMUM TEMPERATURE (F)   53        38      1974


SUNRISE AND SUNSET
SEPTEMBER  4 2014.....SUNRISE   619 AM CDT   SUNSET   724 PM CDT
SEPTEMBER  5 2014.....SUNRISE   620 AM CDT   SUNSET   722 PM CDT


-  INDICATES NEGATIVE NUMBERS.
R  INDICATES RECORD WAS SET OR TIED.
MM INDICATES DATA IS MISSING.
T  INDICATES TRACE AMOUNT.




$$
