000
CDUS43 KGRB 312153
CLIGRB


CLIMATE REPORT
NATIONAL WEATHER SERVICE GREEN BAY
452 PM CDT TUE OCT 31 2017


...................................

...THE GREEN BAY WI CLIMATE SUMMARY FOR OCTOBER 31 2017...
VALID TODAY AS OF 0400 PM LOCAL TIME.

CLIMATE NORMAL PERIOD 1981 TO 2010
CLIMATE RECORD PERIOD 1886 TO 2017


WEATHER ITEM   OBSERVED TIME   RECORD YEAR NORMAL DEPARTURE LAST
                VALUE   (LST)  VALUE       VALUE  FROM      YEAR
                                                  NORMAL
..................................................................
TEMPERATURE (F)
 TODAY
  MAXIMUM         37    201 PM  74    1950  50    -13       56
  MINIMUM         31    648 AM  18    1917  33     -2       38
  AVERAGE         34                        42     -8       47

PRECIPITATION (IN)
  TODAY            0.00          1.44 1960   0.07  -0.07      T
  MONTH TO DATE    3.12                      2.44   0.68     2.66
  SINCE SEP 1      4.13                      5.48  -1.35     6.95
  SINCE JAN 1     29.52                     25.88   3.64    28.57

SNOWFALL (IN)
  TODAY            0.0           1.0  1895   0.0    0.0      0.0
  MONTH TO DATE    0.0                       0.2   -0.2      0.0
  SINCE SEP 1      0.0                       0.2   -0.2      0.0
  SINCE JUL 1      0.0                       0.2   -0.2      0.0
  SNOW DEPTH       0

DEGREE DAYS
 HEATING
  TODAY           31                        23      8       18
  MONTH TO DATE  376                       557   -181      376
  SINCE SEP 1    496                       763   -267      441
  SINCE JUL 1    537                       826   -289      454

 COOLING
  TODAY            0                         0      0        0
  MONTH TO DATE    8                         3      5        3
  SINCE SEP 1    100                        36     64       55
  SINCE JAN 1    477                       398     79      577
..................................................................


WIND (MPH)
  HIGHEST WIND SPEED    22   HIGHEST WIND DIRECTION     W (280)
  HIGHEST GUST SPEED    27   HIGHEST GUST DIRECTION     W (260)
  AVERAGE WIND SPEED    14.7


SKY COVER
  POSSIBLE SUNSHINE  MM
  AVERAGE SKY COVER 0.9


WEATHER CONDITIONS
 THE FOLLOWING WEATHER WAS RECORDED TODAY.
  NO SIGNIFICANT WEATHER WAS OBSERVED.


RELATIVE HUMIDITY (PERCENT)
 HIGHEST    85           500 AM
 LOWEST     54           100 PM
 AVERAGE    70

..........................................................


THE GREEN BAY WI CLIMATE NORMALS FOR TOMORROW
                         NORMAL    RECORD    YEAR
 MAXIMUM TEMPERATURE (F)   50        74      1933
 MINIMUM TEMPERATURE (F)   33        16      1951


SUNRISE AND SUNSET
OCTOBER 31 2017.......SUNRISE   729 AM CDT   SUNSET   543 PM CDT
NOVEMBER  1 2017......SUNRISE   730 AM CDT   SUNSET   541 PM CDT


-  INDICATES NEGATIVE NUMBERS.
R  INDICATES RECORD WAS SET OR TIED.
MM INDICATES DATA IS MISSING.
T  INDICATES TRACE AMOUNT.




$$
