000
CDUS43 KGRB 040640
CLIGRB

CLIMATE REPORT
NATIONAL WEATHER SERVICE GREEN BAY
138 AM CDT FRI APR 4 2014

...................................

...THE GREEN BAY WI CLIMATE SUMMARY FOR APRIL 3 2014...

CLIMATE NORMAL PERIOD 1981 TO 2010
CLIMATE RECORD PERIOD 1886 TO 2014

WEATHER ITEM   OBSERVED TIME   RECORD YEAR NORMAL DEPARTURE LAST
                VALUE   (LST)  VALUE       VALUE  FROM      YEAR
                                                  NORMAL
..................................................................
TEMPERATURE (F)
 YESTERDAY
  MAXIMUM         35   1159 PM  75    1921  48    -13       41
  MINIMUM         29    629 AM   7    1954  29      0       24
  AVERAGE         32                        38     -6       33

PRECIPITATION (IN)
  YESTERDAY        0.01          1.72 1981   0.08  -0.07     0.00
  MONTH TO DATE    0.01                      0.24  -0.23     0.00
  SINCE MAR 1      0.92                      2.09  -1.17     2.01
  SINCE JAN 1      3.71                      4.33  -0.62     6.67

SNOWFALL (IN)
  YESTERDAY        T             6.0  1923   0.2   -0.2      0.0
  MONTH TO DATE    T                         0.5   -0.5      0.0
  SINCE MAR 1      6.1                       8.6   -2.5      8.4
  SINCE JUL 1     68.4                      48.8   19.6     66.4
  SNOW DEPTH       0

DEGREE DAYS
 HEATING
  YESTERDAY       33                        27      6       32
  MONTH TO DATE   90                        81      9      100
  SINCE MAR 1   1384                      1141    243     1288
  SINCE JUL 1   7865                      6981    884     6731

COOLING
  YESTERDAY        0                         0      0        0
  MONTH TO DATE    0                         0      0        0
  SINCE MAR 1      0                         0      0        0
  SINCE JAN 1      0                         0      0        0
..................................................................

WIND (MPH)
  HIGHEST WIND SPEED    22   HIGHEST WIND DIRECTION    NE (60)
  HIGHEST GUST SPEED    27   HIGHEST GUST DIRECTION    NE (60)
  AVERAGE WIND SPEED    14.5

SKY COVER
  POSSIBLE SUNSHINE  MM
  AVERAGE SKY COVER 1.0

WEATHER CONDITIONS
 THE FOLLOWING WEATHER WAS RECORDED YESTERDAY.
  LT FREEZING RAIN
  LIGHT SNOW

RELATIVE HUMIDITY (PERCENT)
 HIGHEST    85           400 AM
 LOWEST     64           200 PM
 AVERAGE    75
..........................................................

THE GREEN BAY WI CLIMATE NORMALS FOR TODAY
                         NORMAL    RECORD    YEAR
 MAXIMUM TEMPERATURE (F)   48        75      1997
                                             1921
 MINIMUM TEMPERATURE (F)   30        11      1995

SUNRISE AND SUNSET
APRIL  4 2014.........SUNRISE   628 AM CDT   SUNSET   724 PM CDT
APRIL  5 2014.........SUNRISE   626 AM CDT   SUNSET   725 PM CDT

-  INDICATES NEGATIVE NUMBERS.
R  INDICATES RECORD WAS SET OR TIED.
MM INDICATES DATA IS MISSING.
T  INDICATES TRACE AMOUNT.

$$
