000
CDUS43 KGRB 120814
CLIGRB


CLIMATE REPORT
NATIONAL WEATHER SERVICE GREEN BAY
212 AM CST SUN NOV 12 2017


...................................

...THE GREEN BAY WI CLIMATE SUMMARY FOR NOVEMBER 11 2017...

CLIMATE NORMAL PERIOD 1981 TO 2010
CLIMATE RECORD PERIOD 1886 TO 2017


WEATHER ITEM   OBSERVED TIME   RECORD YEAR NORMAL DEPARTURE LAST
                VALUE   (LST)  VALUE       VALUE  FROM      YEAR
                                                  NORMAL
..................................................................
TEMPERATURE (F)
 YESTERDAY
  MAXIMUM         32   1024 PM  68    1964  45    -13       51
  MINIMUM         27    922 AM   7    1979  29     -2       30
  AVERAGE         30                        37     -7       41

PRECIPITATION (IN)
  YESTERDAY        0.09          1.66 1982   0.07   0.02      T
  MONTH TO DATE    0.41                      0.79  -0.38     0.10
  SINCE SEP 1      4.54                      6.27  -1.73     7.05
  SINCE JAN 1     29.93                     26.67   3.26    28.67

SNOWFALL (IN)
  YESTERDAY        0.6           2.8  1933   0.1    0.5      0.0
  MONTH TO DATE    0.6                       0.6    0.0      0.0
  SINCE SEP 1      0.6                       0.8   -0.2      0.0
  SINCE JUL 1      0.6                       0.8   -0.2      0.0
  SNOW DEPTH       0

DEGREE DAYS
 HEATING
  YESTERDAY       35                        28      7       24
  MONTH TO DATE  341                       285     56      154
  SINCE SEP 1    837                      1048   -211      595
  SINCE JUL 1    878                      1111   -233      608

 COOLING
  YESTERDAY        0                         0      0        0
  MONTH TO DATE    0                         0      0        0
  SINCE SEP 1    100                        36     64       55
  SINCE JAN 1    477                       398     79      577
..................................................................


WIND (MPH)
  HIGHEST WIND SPEED    21   HIGHEST WIND DIRECTION     S (190)
  HIGHEST GUST SPEED    28   HIGHEST GUST DIRECTION     S (190)
  AVERAGE WIND SPEED     6.9


SKY COVER
  POSSIBLE SUNSHINE  MM
  AVERAGE SKY COVER 1.0


WEATHER CONDITIONS
 THE FOLLOWING WEATHER WAS RECORDED YESTERDAY.
  FREEZING RAIN
  LT FREEZING RAIN
  LIGHT SNOW
  FOG


RELATIVE HUMIDITY (PERCENT)
 HIGHEST   100           800 PM
 LOWEST     63           500 AM
 AVERAGE    82

..........................................................


THE GREEN BAY WI CLIMATE NORMALS FOR TODAY
                         NORMAL    RECORD    YEAR
 MAXIMUM TEMPERATURE (F)   44        64      1964
 MINIMUM TEMPERATURE (F)   29         6      1986
                                             1911


SUNRISE AND SUNSET
NOVEMBER 12 2017......SUNRISE   645 AM CST   SUNSET   428 PM CST
NOVEMBER 13 2017......SUNRISE   646 AM CST   SUNSET   427 PM CST


-  INDICATES NEGATIVE NUMBERS.
R  INDICATES RECORD WAS SET OR TIED.
MM INDICATES DATA IS MISSING.
T  INDICATES TRACE AMOUNT.

$$
