000
CDUS43 KGRB 271033
CLIGRB


CLIMATE REPORT
NATIONAL WEATHER SERVICE GREEN BAY
533 AM CDT FRI JUN 27 2014


...................................

...THE GREEN BAY WI CLIMATE SUMMARY FOR JUNE 26 2014...

CLIMATE NORMAL PERIOD 1981 TO 2010
CLIMATE RECORD PERIOD 1886 TO 2014


WEATHER ITEM   OBSERVED TIME   RECORD YEAR NORMAL DEPARTURE LAST
                VALUE   (LST)  VALUE       VALUE  FROM      YEAR
                                                  NORMAL
..................................................................
TEMPERATURE (F)
 YESTERDAY
  MAXIMUM         74    546 PM  96    1901  78     -4       83
  MINIMUM         55    423 AM  41    1982  57     -2       68
  AVERAGE         65                        68     -3       76

PRECIPITATION (IN)
  YESTERDAY        0.00          2.47 1969   0.12  -0.12      T
  MONTH TO DATE    3.72                      3.38   0.34     3.12
  SINCE JUN 1      3.72                      3.38   0.34     3.12
  SINCE JAN 1     14.38                     13.03   1.35    16.89

SNOWFALL (IN)
  YESTERDAY        0.0           0.0    MM   0.0    0.0      0.0
  MONTH TO DATE    0.0                       0.0    0.0      0.0
  SINCE JUN 1      0.0                       0.0    0.0      0.0
  SINCE JUL 1     72.1                      51.4   20.7     74.2
  SNOW DEPTH       0

DEGREE DAYS
 HEATING
  YESTERDAY        0                         1     -1        0
  MONTH TO DATE   31                        87    -56       72
  SINCE JUN 1     31                        87    -56       72
  SINCE JUL 1   8771                      7950    821     7714

 COOLING
  YESTERDAY        0                         4     -4       11
  MONTH TO DATE   69                        66      3       83
  SINCE JUN 1     69                        66      3       83
  SINCE JAN 1     85                        84      1      121
..................................................................


WIND (MPH)
  HIGHEST WIND SPEED    13   HIGHEST WIND DIRECTION    NE (40)
  HIGHEST GUST SPEED    15   HIGHEST GUST DIRECTION    NE (50)
  AVERAGE WIND SPEED     5.3


SKY COVER
  POSSIBLE SUNSHINE  MM
  AVERAGE SKY COVER 0.3


WEATHER CONDITIONS
 THE FOLLOWING WEATHER WAS RECORDED YESTERDAY.
  NO SIGNIFICANT WEATHER WAS OBSERVED.


RELATIVE HUMIDITY (PERCENT)
 HIGHEST   100           200 AM
 LOWEST     64           200 PM
 AVERAGE    82

..........................................................


THE GREEN BAY WI CLIMATE NORMALS FOR TODAY
                         NORMAL    RECORD    YEAR
 MAXIMUM TEMPERATURE (F)   78        98      1933
 MINIMUM TEMPERATURE (F)   57        44      1992


SUNRISE AND SUNSET
JUNE 27 2014..........SUNRISE   510 AM CDT   SUNSET   841 PM CDT
JUNE 28 2014..........SUNRISE   510 AM CDT   SUNSET   841 PM CDT


-  INDICATES NEGATIVE NUMBERS.
R  INDICATES RECORD WAS SET OR TIED.
MM INDICATES DATA IS MISSING.
T  INDICATES TRACE AMOUNT.




$$
