000
CDUS43 KGRB 090814
CLIGRB


CLIMATE REPORT
NATIONAL WEATHER SERVICE GREEN BAY
214 AM CST TUE DEC 9 2014


...................................

...THE GREEN BAY WI CLIMATE SUMMARY FOR DECEMBER 8 2014...

CLIMATE NORMAL PERIOD 1981 TO 2010
CLIMATE RECORD PERIOD 1886 TO 2014


WEATHER ITEM   OBSERVED TIME   RECORD YEAR NORMAL DEPARTURE LAST
                VALUE   (LST)  VALUE       VALUE  FROM      YEAR
                                                  NORMAL
..................................................................
TEMPERATURE (F)
 YESTERDAY
  MAXIMUM         35   1159 PM  60    1946  31      4       14
  MINIMUM         32    718 AM -11    1927  17     15        3
  AVERAGE         34                        24     10        9

PRECIPITATION (IN)
  YESTERDAY        0.25          0.52 1966   0.06   0.19     0.13
  MONTH TO DATE    0.27                      0.47  -0.20     0.66
  SINCE DEC 1      0.27                      0.47  -0.20     0.66
  SINCE JAN 1     30.70                     28.48   2.22    33.93

SNOWFALL (IN)
  YESTERDAY        2.1           7.6  1977   0.4    1.7      2.2
  MONTH TO DATE    2.5                       3.1   -0.6      6.1
  SINCE DEC 1      2.5                       3.1   -0.6      6.1
  SINCE JUL 1     10.7                       7.3    3.4      7.3
  SNOW DEPTH       4

DEGREE DAYS
 HEATING
  YESTERDAY       31                        41    -10       56
  MONTH TO DATE  358                       317     41      331
  SINCE DEC 1    358                       317     41      331
  SINCE JUL 1   2195                      2057    138     1942

 COOLING
  YESTERDAY        0                         0      0        0
  MONTH TO DATE    0                         0      0        0
  SINCE DEC 1      0                         0      0        0
  SINCE JAN 1    362                       398    -36      535
..................................................................


WIND (MPH)
  HIGHEST WIND SPEED    15   HIGHEST WIND DIRECTION     S (200)
  HIGHEST GUST SPEED    22   HIGHEST GUST DIRECTION     S (200)
  AVERAGE WIND SPEED     6.9


SKY COVER
  POSSIBLE SUNSHINE  MM
  AVERAGE SKY COVER 1.0


WEATHER CONDITIONS
 THE FOLLOWING WEATHER WAS RECORDED YESTERDAY.
  LIGHT SNOW
  FOG


RELATIVE HUMIDITY (PERCENT)
 HIGHEST   100           100 PM
 LOWEST     75          1200 AM
 AVERAGE    88

..........................................................


THE GREEN BAY WI CLIMATE NORMALS FOR TODAY
                         NORMAL    RECORD    YEAR
 MAXIMUM TEMPERATURE (F)   30        59      1946
 MINIMUM TEMPERATURE (F)   17       -14      1927


SUNRISE AND SUNSET
DECEMBER  9 2014......SUNRISE   717 AM CST   SUNSET   413 PM CST
DECEMBER 10 2014......SUNRISE   718 AM CST   SUNSET   413 PM CST


-  INDICATES NEGATIVE NUMBERS.
R  INDICATES RECORD WAS SET OR TIED.
MM INDICATES DATA IS MISSING.
T  INDICATES TRACE AMOUNT.




$$
