288
CDUS43 KGRB 140645
CLIGRB


CLIMATE REPORT
NATIONAL WEATHER SERVICE GREEN BAY
145 AM CDT SAT MAY 14 2016


...................................

...THE GREEN BAY WI CLIMATE SUMMARY FOR MAY 13 2016...

CLIMATE NORMAL PERIOD 1981 TO 2010
CLIMATE RECORD PERIOD 1886 TO 2016


WEATHER ITEM   OBSERVED TIME   RECORD YEAR NORMAL DEPARTURE LAST
                VALUE   (LST)  VALUE       VALUE  FROM      YEAR
                                                  NORMAL
..................................................................
TEMPERATURE (F)
 YESTERDAY
  MAXIMUM         56   1009 AM  88    1991  65     -9       58
                                      1977
  MINIMUM         42   1156 PM  30    2013  43     -1       36
                                      1997
                                      1996
  AVERAGE         49                        54     -5       47

PRECIPITATION (IN)
  YESTERDAY        T             1.38 1978   0.09  -0.09     0.00
  MONTH TO DATE    1.27                      1.09   0.18     0.84
  SINCE MAR 1      6.61                      5.57   1.04     3.37
  SINCE JAN 1      9.09                      7.81   1.28     4.34

SNOWFALL (IN)
  YESTERDAY        0.0           1.0  1895   0.0    0.0      0.0
  MONTH TO DATE    0.0                       0.1   -0.1      0.0
  SINCE MAR 1     16.2                      11.1    5.1      4.2
  SINCE JUL 1     50.0                      51.3   -1.3     32.7
  SNOW DEPTH       0

DEGREE DAYS
 HEATING
  YESTERDAY       16                        11      5       18
  MONTH TO DATE  149                       170    -21       94
  SINCE MAR 1   1686                      1867   -181     1626
  SINCE JUL 1   6497                      7707  -1210     7664

 COOLING
  YESTERDAY        0                         0      0        0
  MONTH TO DATE    1                         0      1        7
  SINCE MAR 1      1                         2     -1        7
  SINCE JAN 1      1                         2     -1        7
..................................................................


WIND (MPH)
  HIGHEST WIND SPEED    25   HIGHEST WIND DIRECTION     W (270)
  HIGHEST GUST SPEED    32   HIGHEST GUST DIRECTION     W (270)
  AVERAGE WIND SPEED    11.9


SKY COVER
  POSSIBLE SUNSHINE  MM
  AVERAGE SKY COVER 0.7


WEATHER CONDITIONS
 THE FOLLOWING WEATHER WAS RECORDED YESTERDAY.
  LIGHT RAIN


RELATIVE HUMIDITY (PERCENT)
 HIGHEST    86           400 AM
 LOWEST     66           800 AM
 AVERAGE    76

..........................................................


THE GREEN BAY WI CLIMATE NORMALS FOR TODAY
                         NORMAL    RECORD    YEAR
 MAXIMUM TEMPERATURE (F)   66        89      1991
 MINIMUM TEMPERATURE (F)   43        29      1895


SUNRISE AND SUNSET
MAY 14 2016...........SUNRISE   526 AM CDT   SUNSET   813 PM CDT
MAY 15 2016...........SUNRISE   525 AM CDT   SUNSET   814 PM CDT


-  INDICATES NEGATIVE NUMBERS.
R  INDICATES RECORD WAS SET OR TIED.
MM INDICATES DATA IS MISSING.
T  INDICATES TRACE AMOUNT.




$$
