000
CDUS43 KGRB 010627
CLIGRB


CLIMATE REPORT
NATIONAL WEATHER SERVICE GREEN BAY
127 AM CDT FRI SEP 1 2017


...................................

...THE GREEN BAY WI CLIMATE SUMMARY FOR AUGUST 31 2017...

CLIMATE NORMAL PERIOD 1981 TO 2010
CLIMATE RECORD PERIOD 1886 TO 2017


WEATHER ITEM   OBSERVED TIME   RECORD YEAR NORMAL DEPARTURE LAST
                VALUE   (LST)  VALUE       VALUE  FROM      YEAR
                                                  NORMAL
..................................................................
TEMPERATURE (F)
 YESTERDAY
  MAXIMUM         65    208 PM  94    1937  75    -10       77
  MINIMUM         51   1002 PM  39    1967  54     -3       54
  AVERAGE         58                        65     -7       66

PRECIPITATION (IN)
  YESTERDAY        0.00          2.19 1922   0.11  -0.11     0.00
  MONTH TO DATE    4.05                      3.37   0.68     2.78
  SINCE JUN 1     12.39                     10.75   1.64    10.44
  SINCE JAN 1     25.39                     20.40   4.99    21.62

SNOWFALL (IN)
  YESTERDAY        0.0           0.0    MM   0.0    0.0      0.0
  MONTH TO DATE    0.0                       0.0    0.0      0.0
  SINCE JUN 1      0.0                       0.0    0.0      0.0
  SINCE JUL 1      0.0                       0.0    0.0      0.0
  SNOW DEPTH       0

DEGREE DAYS
 HEATING
  YESTERDAY        7                         3      4        0
  MONTH TO DATE   40                        40      0        7
  SINCE JUN 1     68                       155    -87       38
  SINCE JUL 1     41                        63    -22       13

 COOLING
  YESTERDAY        0                         2     -2        1
  MONTH TO DATE   68                       111    -43      191
  SINCE JUN 1    369                       344     25      489
  SINCE JAN 1    377                       362     15      522
..................................................................


WIND (MPH)
  HIGHEST WIND SPEED    21   HIGHEST WIND DIRECTION    NE (50)
  HIGHEST GUST SPEED    26   HIGHEST GUST DIRECTION    NE (50)
  AVERAGE WIND SPEED    11.2


SKY COVER
  POSSIBLE SUNSHINE  MM
  AVERAGE SKY COVER 0.3


WEATHER CONDITIONS
 THE FOLLOWING WEATHER WAS RECORDED YESTERDAY.
  NO SIGNIFICANT WEATHER WAS OBSERVED.


RELATIVE HUMIDITY (PERCENT)
 HIGHEST   100          1200 AM
 LOWEST     56           500 PM
 AVERAGE    78

..........................................................


THE GREEN BAY WI CLIMATE NORMALS FOR TODAY
                         NORMAL    RECORD    YEAR
 MAXIMUM TEMPERATURE (F)   75        95      1953
 MINIMUM TEMPERATURE (F)   54        38      1888


SUNRISE AND SUNSET
SEPTEMBER  1 2017.....SUNRISE   615 AM CDT   SUNSET   728 PM CDT
SEPTEMBER  2 2017.....SUNRISE   617 AM CDT   SUNSET   727 PM CDT


-  INDICATES NEGATIVE NUMBERS.
R  INDICATES RECORD WAS SET OR TIED.
MM INDICATES DATA IS MISSING.
T  INDICATES TRACE AMOUNT.




$$
