000
CDUS43 KGRB 170807
CLIGRB


CLIMATE REPORT
NATIONAL WEATHER SERVICE GREEN BAY
306 AM CDT TUE MAR 17 2015


...................................

...THE GREEN BAY WI CLIMATE SUMMARY FOR MARCH 16 2015...

CLIMATE NORMAL PERIOD 1981 TO 2010
CLIMATE RECORD PERIOD 1886 TO 2015


WEATHER ITEM   OBSERVED TIME   RECORD YEAR NORMAL DEPARTURE LAST
                VALUE   (LST)  VALUE       VALUE  FROM      YEAR
                                                  NORMAL
..................................................................
TEMPERATURE (F)
 YESTERDAY
  MAXIMUM         63        MM  70    2012  39     24       20
                                      1927
  MINIMUM         40        MM -12    1997  22     18        5
  AVERAGE         52                        31     21       13

PRECIPITATION (IN)
  YESTERDAY        T             0.69 1982   0.06  -0.06     0.00
  MONTH TO DATE    0.16                      0.90  -0.74     0.15
  SINCE MAR 1      0.16                      0.90  -0.74     0.15
  SINCE JAN 1      1.13                      3.14  -2.01     2.94

SNOWFALL (IN)
  YESTERDAY        0.0           1.8  1917   0.3   -0.3      0.0
  MONTH TO DATE    1.4                       5.1   -3.7      2.9
  SINCE MAR 1      1.4                       5.1   -3.7      2.9
  SINCE JUL 1     29.9                      45.3  -15.4     65.2
  SNOW DEPTH       0

DEGREE DAYS
 HEATING
  YESTERDAY       13                        34    -21       52
  MONTH TO DATE  523                       597    -74      761
  SINCE MAR 1    523                       597    -74      761
  SINCE JUL 1   6561                      6437    124     7242

 COOLING
  YESTERDAY        0                         0      0        0
  MONTH TO DATE    0                         0      0        0
  SINCE MAR 1      0                         0      0        0
  SINCE JAN 1      0                         0      0        0
..................................................................


WIND (MPH)
  HIGHEST WIND SPEED    17   HIGHEST WIND DIRECTION     N (10)
  HIGHEST GUST SPEED    MM   HIGHEST GUST DIRECTION    MM
  AVERAGE WIND SPEED     8.2


SKY COVER
  POSSIBLE SUNSHINE  MM
  AVERAGE SKY COVER 0.4


WEATHER CONDITIONS
 THE FOLLOWING WEATHER WAS RECORDED YESTERDAY.
  LIGHT RAIN
  FOG


RELATIVE HUMIDITY (PERCENT)
 HIGHEST    92           800 PM
 LOWEST     43           100 PM
 AVERAGE    68

..........................................................


THE GREEN BAY WI CLIMATE NORMALS FOR TODAY
                         NORMAL    RECORD    YEAR
 MAXIMUM TEMPERATURE (F)   40        78      2012
 MINIMUM TEMPERATURE (F)   23        -6      1941


SUNRISE AND SUNSET
MARCH 17 2015.........SUNRISE   702 AM CDT   SUNSET   701 PM CDT
MARCH 18 2015.........SUNRISE   700 AM CDT   SUNSET   702 PM CDT


-  INDICATES NEGATIVE NUMBERS.
R  INDICATES RECORD WAS SET OR TIED.
MM INDICATES DATA IS MISSING.
T  INDICATES TRACE AMOUNT.




$$
