000
CDUS43 KGRB 280624
CLIGRB


CLIMATE REPORT
NATIONAL WEATHER SERVICE GREEN BAY
124 AM CDT SAT JUN 28 2014


...................................

...THE GREEN BAY WI CLIMATE SUMMARY FOR JUNE 27 2014...

CLIMATE NORMAL PERIOD 1981 TO 2010
CLIMATE RECORD PERIOD 1886 TO 2014


WEATHER ITEM   OBSERVED TIME   RECORD YEAR NORMAL DEPARTURE LAST
                VALUE   (LST)  VALUE       VALUE  FROM      YEAR
                                                  NORMAL
..................................................................
TEMPERATURE (F)
 YESTERDAY
  MAXIMUM         82    254 PM  98    1933  78      4       87
  MINIMUM         55    436 AM  44    1992  57     -2       65
  AVERAGE         69                        68      1       76

PRECIPITATION (IN)
  YESTERDAY        T             1.60 1914   0.13  -0.13     0.21
  MONTH TO DATE    3.72                      3.51   0.21     3.33
  SINCE JUN 1      3.72                      3.51   0.21     3.33
  SINCE JAN 1     14.38                     13.16   1.22    17.10

SNOWFALL (IN)
  YESTERDAY        0.0           0.0    MM   0.0    0.0      0.0
  MONTH TO DATE    0.0                       0.0    0.0      0.0
  SINCE JUN 1      0.0                       0.0    0.0      0.0
  SINCE JUL 1     72.1                      51.4   20.7     74.2
  SNOW DEPTH       0

DEGREE DAYS
 HEATING
  YESTERDAY        0                         1     -1        0
  MONTH TO DATE   31                        88    -57       72
  SINCE JUN 1     31                        88    -57       72
  SINCE JUL 1   8771                      7951    820     7714

 COOLING
  YESTERDAY        4                         4      0       11
  MONTH TO DATE   73                        70      3       94
  SINCE JUN 1     73                        70      3       94
  SINCE JAN 1     89                        88      1      132
..................................................................


WIND (MPH)
  HIGHEST WIND SPEED    21   HIGHEST WIND DIRECTION    SE (150)
  HIGHEST GUST SPEED    26   HIGHEST GUST DIRECTION    SE (150)
  AVERAGE WIND SPEED     8.7


SKY COVER
  POSSIBLE SUNSHINE  MM
  AVERAGE SKY COVER 0.1


WEATHER CONDITIONS
 THE FOLLOWING WEATHER WAS RECORDED YESTERDAY.
  FOG
  HAZE


RELATIVE HUMIDITY (PERCENT)
 HIGHEST   100           200 AM
 LOWEST     58           300 PM
 AVERAGE    79

..........................................................


THE GREEN BAY WI CLIMATE NORMALS FOR TODAY
                         NORMAL    RECORD    YEAR
 MAXIMUM TEMPERATURE (F)   79        98      1931
 MINIMUM TEMPERATURE (F)   57        46      1956
                                             1954


SUNRISE AND SUNSET
JUNE 28 2014..........SUNRISE   510 AM CDT   SUNSET   841 PM CDT
JUNE 29 2014..........SUNRISE   511 AM CDT   SUNSET   841 PM CDT


-  INDICATES NEGATIVE NUMBERS.
R  INDICATES RECORD WAS SET OR TIED.
MM INDICATES DATA IS MISSING.
T  INDICATES TRACE AMOUNT.




$$
