000
CDUS43 KGRB 272139
CLIGRB


CLIMATE REPORT
NATIONAL WEATHER SERVICE GREEN BAY
437 PM CDT FRI OCT 27 2017


...................................

...THE GREEN BAY WI CLIMATE SUMMARY FOR OCTOBER 27 2017...
VALID TODAY AS OF 0400 PM LOCAL TIME.

CLIMATE NORMAL PERIOD 1981 TO 2010
CLIMATE RECORD PERIOD 1886 TO 2017


WEATHER ITEM   OBSERVED TIME   RECORD YEAR NORMAL DEPARTURE LAST
                VALUE   (LST)  VALUE       VALUE  FROM      YEAR
                                                  NORMAL
..................................................................
TEMPERATURE (F)
 TODAY
  MAXIMUM         51    156 AM  76    1927  52     -1       49
  MINIMUM         38    938 AM  17    1976  35      3       40
  AVERAGE         45                        43      2       45

PRECIPITATION (IN)
  TODAY            0.00          1.56 1918   0.08  -0.08      T
  MONTH TO DATE    3.12                      2.14   0.98     2.39
  SINCE SEP 1      4.13                      5.18  -1.05     6.68
  SINCE JAN 1     29.52                     25.58   3.94    28.30

SNOWFALL (IN)
  TODAY            0.0           0.2  1967   0.0    0.0      0.0
                                      1925
                                      1895
  MONTH TO DATE    0.0                       0.1   -0.1      0.0
  SINCE SEP 1      0.0                       0.1   -0.1      0.0
  SINCE JUL 1      0.0                       0.1   -0.1      0.0
  SNOW DEPTH       0

DEGREE DAYS
 HEATING
  TODAY           20                        22     -2       20
  MONTH TO DATE  265                       466   -201      317
  SINCE SEP 1    385                       673   -288      382
  SINCE JUL 1    426                       736   -310      395

 COOLING
  TODAY            0                         0      0        0
  MONTH TO DATE    8                         0      8        3
  SINCE SEP 1    100                        33     67       55
  SINCE JAN 1    477                       395     82      577
..................................................................


WIND (MPH)
  HIGHEST WIND SPEED    23   HIGHEST WIND DIRECTION     W (270)
  HIGHEST GUST SPEED    28   HIGHEST GUST DIRECTION     W (260)
  AVERAGE WIND SPEED    12.9


SKY COVER
  POSSIBLE SUNSHINE  MM
  AVERAGE SKY COVER 1.0


WEATHER CONDITIONS
 THE FOLLOWING WEATHER WAS RECORDED TODAY.
  NO SIGNIFICANT WEATHER WAS OBSERVED.


RELATIVE HUMIDITY (PERCENT)
 HIGHEST   100           500 AM
 LOWEST     70           900 AM
 AVERAGE    85

..........................................................


THE GREEN BAY WI CLIMATE NORMALS FOR TOMORROW
                         NORMAL    RECORD    YEAR
 MAXIMUM TEMPERATURE (F)   51        70      1946
 MINIMUM TEMPERATURE (F)   34        16      1952


SUNRISE AND SUNSET
OCTOBER 27 2017.......SUNRISE   724 AM CDT   SUNSET   549 PM CDT
OCTOBER 28 2017.......SUNRISE   725 AM CDT   SUNSET   547 PM CDT


-  INDICATES NEGATIVE NUMBERS.
R  INDICATES RECORD WAS SET OR TIED.
MM INDICATES DATA IS MISSING.
T  INDICATES TRACE AMOUNT.




$$
