000
CDUS43 KGRB 070652
CLIGRB

CLIMATE REPORT
NATIONAL WEATHER SERVICE GREEN BAY
149 AM CDT SUN MAY 7 2017

...................................

...THE GREEN BAY WI CLIMATE SUMMARY FOR MAY 6 2017...

CLIMATE NORMAL PERIOD 1981 TO 2010
CLIMATE RECORD PERIOD 1886 TO 2017

WEATHER ITEM   OBSERVED TIME   RECORD YEAR NORMAL DEPARTURE LAST
                VALUE   (LST)  VALUE       VALUE  FROM      YEAR
                                                  NORMAL
..................................................................
TEMPERATURE (F)
 YESTERDAY
  MAXIMUM         62    259 PM  92    1934  63     -1       86
  MINIMUM         40    500 AM  24    1970  41     -1       46
  AVERAGE         51                        52     -1       66

PRECIPITATION (IN)
  YESTERDAY        0.00          2.04 1960   0.08  -0.08      T
  MONTH TO DATE    0.66                      0.50   0.16     0.28
  SINCE MAR 1      7.44                      4.98   2.46     5.62
  SINCE JAN 1     10.69                      7.22   3.47     8.10

SNOWFALL (IN)
  YESTERDAY        0.0           0.8  1954   0.0    0.0      0.0
  MONTH TO DATE    0.0                       0.1   -0.1      0.0
  SINCE MAR 1      9.0                      11.1   -2.1     16.2
  SINCE JUL 1     53.2                      51.3    1.9     50.0
  SNOW DEPTH       0

DEGREE DAYS
 HEATING
  YESTERDAY       14                        13      1        0
  MONTH TO DATE   93                        85      8       72
  SINCE MAR 1   1604                      1782   -178     1609
  SINCE JUL 1   6177                      7622  -1445     6420

COOLING
  YESTERDAY        0                         0      0        1
  MONTH TO DATE    0                         0      0        1
  SINCE MAR 1      0                         2     -2        1
  SINCE JAN 1      0                         2     -2        1
..................................................................

WIND (MPH)
  HIGHEST WIND SPEED    25   HIGHEST WIND DIRECTION     N (360)
  HIGHEST GUST SPEED    30   HIGHEST GUST DIRECTION     N (360)
  AVERAGE WIND SPEED    12.7

SKY COVER
  POSSIBLE SUNSHINE  MM
  AVERAGE SKY COVER 0.2

WEATHER CONDITIONS
 THE FOLLOWING WEATHER WAS RECORDED YESTERDAY.
  NO SIGNIFICANT WEATHER WAS OBSERVED.

RELATIVE HUMIDITY (PERCENT)
 HIGHEST    85           500 AM
 LOWEST     36          1100 PM
 AVERAGE    61
..........................................................

THE GREEN BAY WI CLIMATE NORMALS FOR TODAY
                         NORMAL    RECORD    YEAR
 MAXIMUM TEMPERATURE (F)   63        87      1896
 MINIMUM TEMPERATURE (F)   41        27      1974
                                             1954


SUNRISE AND SUNSET
MAY  7 2017...........SUNRISE   534 AM CDT   SUNSET   804 PM CDT
MAY  8 2017...........SUNRISE   533 AM CDT   SUNSET   806 PM CDT

-  INDICATES NEGATIVE NUMBERS.
R  INDICATES RECORD WAS SET OR TIED.
MM INDICATES DATA IS MISSING.
T  INDICATES TRACE AMOUNT.

$$
