000
CDUS43 KGRB 180657
CLIGRB

CLIMATE REPORT
NATIONAL WEATHER SERVICE GREEN BAY
1255 AM CST WED FEB 18 2015

...................................

...THE GREEN BAY WI CLIMATE SUMMARY FOR FEBRUARY 17 2015...

CLIMATE NORMAL PERIOD 1981 TO 2010
CLIMATE RECORD PERIOD 1886 TO 2015

WEATHER ITEM   OBSERVED TIME   RECORD YEAR NORMAL DEPARTURE LAST
                VALUE   (LST)  VALUE       VALUE  FROM      YEAR
                                                  NORMAL
..................................................................
TEMPERATURE (F)
 YESTERDAY
  MAXIMUM         14    105 PM  52    1981  29    -15       25
  MINIMUM          3    737 AM -19    1979  13    -10        3
  AVERAGE          9                        21    -12       14

PRECIPITATION (IN)
  YESTERDAY        T             1.09 2008   0.04  -0.04     0.40
  MONTH TO DATE    0.26                      0.60  -0.34     0.77
  SINCE DEC 1      2.50                      3.24  -0.74     3.99
  SINCE JAN 1      0.82                      1.73  -0.91     2.10

SNOWFALL (IN)
  YESTERDAY        0.1           6.6  2008   0.3   -0.2      5.3
  MONTH TO DATE    4.4                       6.1   -1.7     13.7
  SINCE DEC 1     16.7                      32.2  -15.5     57.1
  SINCE JUL 1     24.9                      36.4  -11.5     58.3
  SNOW DEPTH       5

DEGREE DAYS
 HEATING
  YESTERDAY       56                        44     12       51
  MONTH TO DATE  888                       786    102     1020
  SINCE DEC 1   3558                      3635    -77     4302
  SINCE JUL 1   5395                      5375     20     5913

 COOLING
  YESTERDAY        0                         0      0        0
  MONTH TO DATE    0                         0      0        0
  SINCE DEC 1      0                         0      0        0
  SINCE JAN 1      0                         0      0        0
..................................................................

WIND (MPH)
  HIGHEST WIND SPEED    20   HIGHEST WIND DIRECTION     W (280)
  HIGHEST GUST SPEED    24   HIGHEST GUST DIRECTION     W (280)
  AVERAGE WIND SPEED    10.7

SKY COVER
  POSSIBLE SUNSHINE  MM
  AVERAGE SKY COVER 0.7

WEATHER CONDITIONS
 THE FOLLOWING WEATHER WAS RECORDED YESTERDAY.
  LIGHT SNOW
  FOG
  HAZE

RELATIVE HUMIDITY (PERCENT)
 HIGHEST    86           700 AM
 LOWEST     58          1200 PM
 AVERAGE    72
..........................................................

THE GREEN BAY WI CLIMATE NORMALS FOR TODAY
                         NORMAL    RECORD    YEAR
 MAXIMUM TEMPERATURE (F)   29        50      1981
                                             1954
 MINIMUM TEMPERATURE (F)   13       -21      1936

SUNRISE AND SUNSET
FEBRUARY 18 2015......SUNRISE   648 AM CST   SUNSET   525 PM CST
FEBRUARY 19 2015......SUNRISE   647 AM CST   SUNSET   527 PM CST

-  INDICATES NEGATIVE NUMBERS.
R  INDICATES RECORD WAS SET OR TIED.
MM INDICATES DATA IS MISSING.
T  INDICATES TRACE AMOUNT.

$$
