000
CDUS43 KGRB 020754
CLIGRB


CLIMATE REPORT
NATIONAL WEATHER SERVICE GREEN BAY
152 AM CST THU FEB 2 2017


...................................

...THE GREEN BAY WI CLIMATE SUMMARY FOR FEBRUARY 1 2017...

CLIMATE NORMAL PERIOD 1981 TO 2010
CLIMATE RECORD PERIOD 1886 TO 2017


WEATHER ITEM   OBSERVED TIME   RECORD YEAR NORMAL DEPARTURE LAST
                VALUE   (LST)  VALUE       VALUE  FROM      YEAR
                                                  NORMAL
..................................................................
TEMPERATURE (F)
 YESTERDAY
  MAXIMUM         28    200 PM  42    1922  25      3       39
  MINIMUM          9   1159 PM -24    1985   9      0       20
  AVERAGE         19                        17      2       30

PRECIPITATION (IN)
  YESTERDAY        T             0.35 1925   0.03  -0.03     0.00
  MONTH TO DATE    T                         0.03  -0.03     0.00
  SINCE DEC 1      4.68                      2.67   2.01     7.04
  SINCE JAN 1      2.43                      1.16   1.27     1.33

SNOWFALL (IN)
  YESTERDAY        T             3.6  1908   0.4   -0.4      0.0
  MONTH TO DATE    T                         0.4   -0.4      0.0
  SINCE DEC 1     37.7                      26.5   11.2     21.4
  SINCE JUL 1     38.6                      30.7    7.9     21.6
  SNOW DEPTH       5

DEGREE DAYS
 HEATING
  YESTERDAY       46                        48     -2       35
  MONTH TO DATE   46                        48     -2       35
  SINCE DEC 1   2577                      2897   -320     2383
  SINCE JUL 1   3639                      4637   -998     3655

 COOLING
  YESTERDAY        0                         0      0        0
  MONTH TO DATE    0                         0      0        0
  SINCE DEC 1      0                         0      0        0
  SINCE JAN 1      0                         0      0        0
..................................................................


WIND (MPH)
  HIGHEST WIND SPEED    17   HIGHEST WIND DIRECTION     W (290)
  HIGHEST GUST SPEED    21   HIGHEST GUST DIRECTION     W (280)
  AVERAGE WIND SPEED    10.2


SKY COVER
  POSSIBLE SUNSHINE  MM
  AVERAGE SKY COVER 0.3


WEATHER CONDITIONS
 THE FOLLOWING WEATHER WAS RECORDED YESTERDAY.
  LIGHT SNOW


RELATIVE HUMIDITY (PERCENT)
 HIGHEST   100           400 AM
 LOWEST     55           300 PM
 AVERAGE    78

..........................................................


THE GREEN BAY WI CLIMATE NORMALS FOR TODAY
                         NORMAL    RECORD    YEAR
 MAXIMUM TEMPERATURE (F)   25        45      1992
 MINIMUM TEMPERATURE (F)   10       -26      1996
                                             1971


SUNRISE AND SUNSET
FEBRUARY  2 2017......SUNRISE   710 AM CST   SUNSET   504 PM CST
FEBRUARY  3 2017......SUNRISE   708 AM CST   SUNSET   505 PM CST


-  INDICATES NEGATIVE NUMBERS.
R  INDICATES RECORD WAS SET OR TIED.
MM INDICATES DATA IS MISSING.
T  INDICATES TRACE AMOUNT.

$$
