000
CDUS43 KGRB 082128
CLIGRB


CLIMATE REPORT
NATIONAL WEATHER SERVICE GREEN BAY
427 PM CDT FRI AUG 8 2014


...................................

...THE GREEN BAY WI CLIMATE SUMMARY FOR AUGUST 8 2014...
VALID TODAY AS OF 0400 PM LOCAL TIME.

CLIMATE NORMAL PERIOD 1981 TO 2010
CLIMATE RECORD PERIOD 1886 TO 2014


WEATHER ITEM   OBSERVED TIME   RECORD YEAR NORMAL DEPARTURE LAST
                VALUE   (LST)  VALUE       VALUE  FROM      YEAR
                                                  NORMAL
..................................................................
TEMPERATURE (F)
 TODAY
  MAXIMUM         82    232 PM  98    1891  79      3       78
  MINIMUM         54    430 AM  45    1904  58     -4       52
  AVERAGE         68                        68      0       65

PRECIPITATION (IN)
  TODAY            0.00          0.98 1950   0.12  -0.12     0.00
  MONTH TO DATE    0.03                      0.89  -0.86     0.73
  SINCE JUN 1      5.29                      8.27  -2.98     7.90
  SINCE JAN 1     15.95                     17.92  -1.97    21.67

SNOWFALL (IN)
  TODAY            0.0           0.0    MM   0.0    0.0      0.0
  MONTH TO DATE    0.0                       0.0    0.0      0.0
  SINCE JUN 1      0.0                       0.0    0.0      0.0
  SINCE JUL 1      0.0                       0.0    0.0      0.0
  SNOW DEPTH       0

DEGREE DAYS
 HEATING
  TODAY            0                         1     -1        0
  MONTH TO DATE    0                         8     -8        3
  SINCE JUN 1     46                       123    -77       97
  SINCE JUL 1     15                        31    -16       25

 COOLING
  TODAY            3                         4     -1        0
  MONTH TO DATE   37                        33      4       17
  SINCE JUN 1    242                       266    -24      320
  SINCE JAN 1    258                       284    -26      358
..................................................................


WIND (MPH)
  HIGHEST WIND SPEED    15   HIGHEST WIND DIRECTION     E (70)
  HIGHEST GUST SPEED    19   HIGHEST GUST DIRECTION    NE (60)
  AVERAGE WIND SPEED     4.2


SKY COVER
  POSSIBLE SUNSHINE  MM
  AVERAGE SKY COVER 0.2


WEATHER CONDITIONS
 THE FOLLOWING WEATHER WAS RECORDED TODAY.
  NO SIGNIFICANT WEATHER WAS OBSERVED.


RELATIVE HUMIDITY (PERCENT)
 HIGHEST   100           100 AM
 LOWEST     46           100 PM
 AVERAGE    73

..........................................................


THE GREEN BAY WI CLIMATE NORMALS FOR TOMORROW
                         NORMAL    RECORD    YEAR
 MAXIMUM TEMPERATURE (F)   79        94      1934
                                             1900
 MINIMUM TEMPERATURE (F)   58        41      1964


SUNRISE AND SUNSET
AUGUST  8 2014........SUNRISE   547 AM CDT   SUNSET   808 PM CDT
AUGUST  9 2014........SUNRISE   548 AM CDT   SUNSET   807 PM CDT


-  INDICATES NEGATIVE NUMBERS.
R  INDICATES RECORD WAS SET OR TIED.
MM INDICATES DATA IS MISSING.
T  INDICATES TRACE AMOUNT.




$$
