000
CDUS43 KGRB 290633
CLIGRB


CLIMATE REPORT
NATIONAL WEATHER SERVICE GREEN BAY
132 AM CDT FRI SEP 29 2017


...................................

...THE GREEN BAY WI CLIMATE SUMMARY FOR SEPTEMBER 28 2017...

CLIMATE NORMAL PERIOD 1981 TO 2010
CLIMATE RECORD PERIOD 1886 TO 2017


WEATHER ITEM   OBSERVED TIME   RECORD YEAR NORMAL DEPARTURE LAST
                VALUE   (LST)  VALUE       VALUE  FROM      YEAR
                                                  NORMAL
..................................................................
TEMPERATURE (F)
 YESTERDAY
  MAXIMUM         72    408 PM  88    1952  65      7       63
  MINIMUM         46    606 AM  27    1976  44      2       49
  AVERAGE         59                        54      5       56

PRECIPITATION (IN)
  YESTERDAY        0.03          1.61 1911   0.09  -0.06     0.06
  MONTH TO DATE    1.01                      2.86  -1.85     4.27
  SINCE SEP 1      1.01                      2.86  -1.85     4.27
  SINCE JAN 1     26.40                     23.26   3.14    25.89

SNOWFALL (IN)
  YESTERDAY        0.0           T    2006   0.0    0.0     MM
  MONTH TO DATE    0.0                       0.0    0.0      0.0
  SINCE SEP 1      0.0                       0.0    0.0      0.0
  SINCE JUL 1      0.0                       0.0    0.0      0.0
  SNOW DEPTH       0

DEGREE DAYS
 HEATING
  YESTERDAY        6                        11     -5        9
  MONTH TO DATE   97                       183    -86       55
  SINCE SEP 1     97                       183    -86       55
  SINCE JUL 1    138                       246   -108       68

 COOLING
  YESTERDAY        0                         0      0        0
  MONTH TO DATE   92                        32     60       52
  SINCE SEP 1     92                        32     60       52
  SINCE JAN 1    469                       394     75      574
..................................................................


WIND (MPH)
  HIGHEST WIND SPEED    26   HIGHEST WIND DIRECTION    NW (310)
  HIGHEST GUST SPEED    36   HIGHEST GUST DIRECTION    NW (300)
  AVERAGE WIND SPEED     7.5


SKY COVER
  POSSIBLE SUNSHINE  MM
  AVERAGE SKY COVER 0.5


WEATHER CONDITIONS
 THE FOLLOWING WEATHER WAS RECORDED YESTERDAY.
  THUNDERSTORM
  LIGHT RAIN
  HAZE


RELATIVE HUMIDITY (PERCENT)
 HIGHEST   100           200 AM
 LOWEST     44          1200 PM
 AVERAGE    72

..........................................................


THE GREEN BAY WI CLIMATE NORMALS FOR TODAY
                         NORMAL    RECORD    YEAR
 MAXIMUM TEMPERATURE (F)   64        86      1898
 MINIMUM TEMPERATURE (F)   43        24      1949


SUNRISE AND SUNSET
SEPTEMBER 29 2017.....SUNRISE   648 AM CDT   SUNSET   636 PM CDT
SEPTEMBER 30 2017.....SUNRISE   649 AM CDT   SUNSET   635 PM CDT


-  INDICATES NEGATIVE NUMBERS.
R  INDICATES RECORD WAS SET OR TIED.
MM INDICATES DATA IS MISSING.
T  INDICATES TRACE AMOUNT.




$$
