000
CDUS43 KGRB 070630
CLIGRB


CLIMATE REPORT
NATIONAL WEATHER SERVICE GREEN BAY
129 AM CDT MON AUG 7 2017


...................................

...THE GREEN BAY WI CLIMATE SUMMARY FOR AUGUST 6 2017...

CLIMATE NORMAL PERIOD 1981 TO 2010
CLIMATE RECORD PERIOD 1886 TO 2017


WEATHER ITEM   OBSERVED TIME   RECORD YEAR NORMAL DEPARTURE LAST
                VALUE   (LST)  VALUE       VALUE  FROM      YEAR
                                                  NORMAL
..................................................................
TEMPERATURE (F)
 YESTERDAY
  MAXIMUM         80   1252 PM  99    1947  79      1       82
  MINIMUM         53    514 AM  47    1976  58     -5       58
                                      1893
  AVERAGE         67                        68     -1       70

PRECIPITATION (IN)
  YESTERDAY        0.02          1.90 1998   0.11  -0.09     0.00
  MONTH TO DATE    1.34                      0.65   0.69      T
  SINCE JUN 1      9.68                      8.03   1.65     7.66
  SINCE JAN 1     22.68                     17.68   5.00    18.84

SNOWFALL (IN)
  YESTERDAY        0.0           0.0    MM   0.0    0.0      0.0
  MONTH TO DATE    0.0                       0.0    0.0      0.0
  SINCE JUN 1      0.0                       0.0    0.0      0.0
  SINCE JUL 1      0.0                       0.0    0.0      0.0
  SNOW DEPTH       0

DEGREE DAYS
 HEATING
  YESTERDAY        0                         1     -1        0
  MONTH TO DATE    7                         6      1        0
  SINCE JUN 1     35                       121    -86       31
  SINCE JUL 1      8                        29    -21        6

 COOLING
  YESTERDAY        2                         4     -2        5
  MONTH TO DATE   15                        25    -10       46
  SINCE JUN 1    316                       258     58      344
  SINCE JAN 1    324                       276     48      377
..................................................................


WIND (MPH)
  HIGHEST WIND SPEED    22   HIGHEST WIND DIRECTION     N (360)
  HIGHEST GUST SPEED    26   HIGHEST GUST DIRECTION     N (10)
  AVERAGE WIND SPEED     3.1


SKY COVER
  POSSIBLE SUNSHINE  MM
  AVERAGE SKY COVER 0.4


WEATHER CONDITIONS
 THE FOLLOWING WEATHER WAS RECORDED YESTERDAY.
  THUNDERSTORM
  LIGHT RAIN
  FOG


RELATIVE HUMIDITY (PERCENT)
 HIGHEST   100          1200 AM
 LOWEST     54           100 PM
 AVERAGE    77

..........................................................


THE GREEN BAY WI CLIMATE NORMALS FOR TODAY
                         NORMAL    RECORD    YEAR
 MAXIMUM TEMPERATURE (F)   79        97      2001
 MINIMUM TEMPERATURE (F)   58        45      1975


SUNRISE AND SUNSET
AUGUST  7 2017........SUNRISE   546 AM CDT   SUNSET   809 PM CDT
AUGUST  8 2017........SUNRISE   548 AM CDT   SUNSET   808 PM CDT


-  INDICATES NEGATIVE NUMBERS.
R  INDICATES RECORD WAS SET OR TIED.
MM INDICATES DATA IS MISSING.
T  INDICATES TRACE AMOUNT.




$$
