000
CDUS43 KGRB 030654
CLIGRB


CLIMATE REPORT
NATIONAL WEATHER SERVICE GREEN BAY
153 AM CDT SAT JUN 3 2017


...................................

...THE GREEN BAY WI CLIMATE SUMMARY FOR JUNE 2 2017...

CLIMATE NORMAL PERIOD 1981 TO 2010
CLIMATE RECORD PERIOD 1886 TO 2017


WEATHER ITEM   OBSERVED TIME   RECORD YEAR NORMAL DEPARTURE LAST
                VALUE   (LST)  VALUE       VALUE  FROM      YEAR
                                                  NORMAL
..................................................................
TEMPERATURE (F)
 YESTERDAY
  MAXIMUM         84    400 PM  90    1944  71     13       73
  MINIMUM         50    424 AM  33    1956  50      0       55
  AVERAGE         67                        61      6       64

PRECIPITATION (IN)
  YESTERDAY        0.00          1.95 1902   0.13  -0.13     0.00
  MONTH TO DATE    0.00                      0.25  -0.25     0.60
  SINCE JUN 1      0.00                      0.25  -0.25     0.60
  SINCE JAN 1     13.00                      9.90   3.10    11.78

SNOWFALL (IN)
  YESTERDAY        0.0           0.0    MM   0.0    0.0      0.0
  MONTH TO DATE    0.0                       0.0    0.0      0.0
  SINCE JUN 1      0.0                       0.0    0.0      0.0
  SINCE JUL 1     53.2                      51.4    1.8     50.0
  SNOW DEPTH       0

DEGREE DAYS
 HEATING
  YESTERDAY        0                         6     -6        1
  MONTH TO DATE    3                        12     -9        1
  SINCE JUN 1      3                        12     -9        1
  SINCE JUL 1   6390                      7875  -1485     6598

 COOLING
  YESTERDAY        2                         1      1        0
  MONTH TO DATE    2                         2      0        4
  SINCE JUN 1      2                         2      0        4
  SINCE JAN 1     10                        20    -10       37
..................................................................


WIND (MPH)
  HIGHEST WIND SPEED    17   HIGHEST WIND DIRECTION    SE (140)
  HIGHEST GUST SPEED    21   HIGHEST GUST DIRECTION    SE (150)
  AVERAGE WIND SPEED     5.3


SKY COVER
  POSSIBLE SUNSHINE  MM
  AVERAGE SKY COVER 0.1


WEATHER CONDITIONS
 THE FOLLOWING WEATHER WAS RECORDED YESTERDAY.
  NO SIGNIFICANT WEATHER WAS OBSERVED.


RELATIVE HUMIDITY (PERCENT)
 HIGHEST    96           200 AM
 LOWEST     19           300 PM
 AVERAGE    58

..........................................................


THE GREEN BAY WI CLIMATE NORMALS FOR TODAY
                         NORMAL    RECORD    YEAR
 MAXIMUM TEMPERATURE (F)   72        91      1948
 MINIMUM TEMPERATURE (F)   50        38      1956
                                             1945


SUNRISE AND SUNSET
JUNE  3 2017..........SUNRISE   510 AM CDT   SUNSET   832 PM CDT
JUNE  4 2017..........SUNRISE   509 AM CDT   SUNSET   833 PM CDT


-  INDICATES NEGATIVE NUMBERS.
R  INDICATES RECORD WAS SET OR TIED.
MM INDICATES DATA IS MISSING.
T  INDICATES TRACE AMOUNT.




$$
