000
CDUS43 KGRB 120746
CLIGRB


CLIMATE REPORT
NATIONAL WEATHER SERVICE GREEN BAY
145 AM CST MON JAN 12 2015


...................................

...THE GREEN BAY WI CLIMATE SUMMARY FOR JANUARY 11 2015...

CLIMATE NORMAL PERIOD 1981 TO 2010
CLIMATE RECORD PERIOD 1886 TO 2015


WEATHER ITEM   OBSERVED TIME   RECORD YEAR NORMAL DEPARTURE LAST
                VALUE   (LST)  VALUE       VALUE  FROM      YEAR
                                                  NORMAL
..................................................................
TEMPERATURE (F)
 YESTERDAY
  MAXIMUM         25    317 PM  51    2012  24      1       34
  MINIMUM         18   1159 PM -25    1979   9      9       30
  AVERAGE         22                        16      6       32

PRECIPITATION (IN)
  YESTERDAY        T             0.52 1890   0.04  -0.04      T
  MONTH TO DATE    0.36                      0.43  -0.07     0.31
  SINCE DEC 1      2.04                      1.94   0.10     2.20
  SINCE JAN 1      0.36                      0.43  -0.07     0.31

SNOWFALL (IN)
  YESTERDAY        T             5.2  1890   0.4   -0.4       T
  MONTH TO DATE    6.1                       4.4    1.7       T
  SINCE DEC 1      9.6                      17.5   -7.9     26.4
  SINCE JUL 1     17.8                      21.7   -3.9     27.6
  SNOW DEPTH       4

DEGREE DAYS
 HEATING
  YESTERDAY       43                        49     -6       33
  MONTH TO DATE  610                       529     81      655
  SINCE DEC 1   1818                      1879    -61     2199
  SINCE JUL 1   3655                      3619     36     3810

 COOLING
  YESTERDAY        0                         0      0        0
  MONTH TO DATE    0                         0      0        0
  SINCE DEC 1      0                         0      0        0
  SINCE JAN 1      0                         0      0        0
..................................................................


WIND (MPH)
  HIGHEST WIND SPEED    13   HIGHEST WIND DIRECTION    NW (320)
  HIGHEST GUST SPEED    15   HIGHEST GUST DIRECTION    NW (320)
  AVERAGE WIND SPEED     3.5


SKY COVER
  POSSIBLE SUNSHINE  MM
  AVERAGE SKY COVER 0.9


WEATHER CONDITIONS
 THE FOLLOWING WEATHER WAS RECORDED YESTERDAY.
  LIGHT SNOW


RELATIVE HUMIDITY (PERCENT)
 HIGHEST    84           500 AM
 LOWEST     60          1100 AM
 AVERAGE    72

..........................................................


THE GREEN BAY WI CLIMATE NORMALS FOR TODAY
                         NORMAL    RECORD    YEAR
 MAXIMUM TEMPERATURE (F)   24        48      1928
 MINIMUM TEMPERATURE (F)    9       -25      1912


SUNRISE AND SUNSET
JANUARY 12 2015.......SUNRISE   727 AM CST   SUNSET   435 PM CST
JANUARY 13 2015.......SUNRISE   727 AM CST   SUNSET   436 PM CST


-  INDICATES NEGATIVE NUMBERS.
R  INDICATES RECORD WAS SET OR TIED.
MM INDICATES DATA IS MISSING.
T  INDICATES TRACE AMOUNT.




$$
