000
CDUS43 KGRB 130629
CLIGRB


CLIMATE REPORT
NATIONAL WEATHER SERVICE GREEN BAY
129 AM CDT SAT MAY 13 2017


...................................

...THE GREEN BAY WI CLIMATE SUMMARY FOR MAY 12 2017...

CLIMATE NORMAL PERIOD 1981 TO 2010
CLIMATE RECORD PERIOD 1886 TO 2017


WEATHER ITEM   OBSERVED TIME   RECORD YEAR NORMAL DEPARTURE LAST
                VALUE   (LST)  VALUE       VALUE  FROM      YEAR
                                                  NORMAL
..................................................................
TEMPERATURE (F)
 YESTERDAY
  MAXIMUM         70    412 PM  87    1991  65      5       69
  MINIMUM         47    506 AM  27    1967  43      4       51
  AVERAGE         59                        54      5       60

PRECIPITATION (IN)
  YESTERDAY        0.01          1.05 2014   0.08  -0.07     0.55
  MONTH TO DATE    0.75                      1.00  -0.25     1.27
  SINCE MAR 1      7.53                      5.48   2.05     6.61
  SINCE JAN 1     10.78                      7.72   3.06     9.09

SNOWFALL (IN)
  YESTERDAY        0.0           T    2005   0.0    0.0      0.0
                                      1946
  MONTH TO DATE    0.0                       0.1   -0.1      0.0
  SINCE MAR 1      9.0                      11.1   -2.1     16.2
  SINCE JUL 1     53.2                      51.3    1.9     50.0
  SNOW DEPTH       0

DEGREE DAYS
 HEATING
  YESTERDAY        6                        12     -6        5
  MONTH TO DATE  170                       159     11      133
  SINCE MAR 1   1681                      1856   -175     1670
  SINCE JUL 1   6254                      7696  -1442     6481

 COOLING
  YESTERDAY        0                         0      0        0
  MONTH TO DATE    0                         0      0        1
  SINCE MAR 1      0                         2     -2        1
  SINCE JAN 1      0                         2     -2        1
..................................................................


WIND (MPH)
  HIGHEST WIND SPEED    21   HIGHEST WIND DIRECTION    NE (50)
  HIGHEST GUST SPEED    26   HIGHEST GUST DIRECTION    NE (40)
  AVERAGE WIND SPEED     6.5


SKY COVER
  POSSIBLE SUNSHINE  MM
  AVERAGE SKY COVER 0.5


WEATHER CONDITIONS
 THE FOLLOWING WEATHER WAS RECORDED YESTERDAY.
  NO SIGNIFICANT WEATHER WAS OBSERVED.


RELATIVE HUMIDITY (PERCENT)
 HIGHEST   100           400 AM
 LOWEST     42           400 PM
 AVERAGE    71

..........................................................


THE GREEN BAY WI CLIMATE NORMALS FOR TODAY
                         NORMAL    RECORD    YEAR
 MAXIMUM TEMPERATURE (F)   65        88      1991
                                             1977
 MINIMUM TEMPERATURE (F)   43        30      2013
                                             1997
                                             1996


SUNRISE AND SUNSET
MAY 13 2017...........SUNRISE   527 AM CDT   SUNSET   811 PM CDT
MAY 14 2017...........SUNRISE   526 AM CDT   SUNSET   813 PM CDT


-  INDICATES NEGATIVE NUMBERS.
R  INDICATES RECORD WAS SET OR TIED.
MM INDICATES DATA IS MISSING.
T  INDICATES TRACE AMOUNT.




$$
