000
CDUS43 KGRB 162243
CLIGRB


CLIMATE REPORT
NATIONAL WEATHER SERVICE GREEN BAY
438 PM CST WED NOV 16 2016


...................................

...THE GREEN BAY WI CLIMATE SUMMARY FOR NOVEMBER 16 2016...
VALID TODAY AS OF 0400 PM LOCAL TIME.

CLIMATE NORMAL PERIOD 1981 TO 2010
CLIMATE RECORD PERIOD 1886 TO 2016


WEATHER ITEM   OBSERVED TIME   RECORD YEAR NORMAL DEPARTURE LAST
                VALUE   (LST)  VALUE       VALUE  FROM      YEAR
                                                  NORMAL
..................................................................
TEMPERATURE (F)
 TODAY
  MAXIMUM         57    311 PM  72    1953  42     15       59
  MINIMUM         33    746 AM   1    1959  27      6       38
                                      1933
  AVERAGE         45                        34     11       49

PRECIPITATION (IN)
  TODAY            0.00          1.57 1948   0.07  -0.07      T
  MONTH TO DATE    0.10                      1.16  -1.06     0.60
  SINCE SEP 1      7.05                      6.64   0.41     9.09
  SINCE JAN 1     28.67                     27.04   1.63    25.29

SNOWFALL (IN)
  TODAY            0.0           2.7  1992   0.1   -0.1      0.0
  MONTH TO DATE    0.0                       1.1   -1.1       T
  SINCE SEP 1      0.0                       1.3   -1.3       T
  SINCE JUL 1      0.0                       1.3   -1.3       T
  SNOW DEPTH       0

DEGREE DAYS
 HEATING
  TODAY           20                        31    -11       16
  MONTH TO DATE  245                       434   -189      281
  SINCE SEP 1    686                      1197   -511      806
  SINCE JUL 1    699                      1260   -561      856

 COOLING
  TODAY            0                         0      0        0
  MONTH TO DATE    0                         0      0        0
  SINCE SEP 1     55                        36     19      115
  SINCE JAN 1    577                       398    179      517
..................................................................


WIND (MPH)
  HIGHEST WIND SPEED     8   HIGHEST WIND DIRECTION     S (160)
  HIGHEST GUST SPEED    11   HIGHEST GUST DIRECTION     S (160)
  AVERAGE WIND SPEED     3.1


SKY COVER
  POSSIBLE SUNSHINE  MM
  AVERAGE SKY COVER 0.1


WEATHER CONDITIONS
 THE FOLLOWING WEATHER WAS RECORDED TODAY.
  FOG
  FOG W/VISIBILITY <= 1/4 MILE


RELATIVE HUMIDITY (PERCENT)
 HIGHEST   100           200 AM
 LOWEST     59           200 PM
 AVERAGE    80

..........................................................


THE GREEN BAY WI CLIMATE NORMALS FOR TOMORROW
                         NORMAL    RECORD    YEAR
 MAXIMUM TEMPERATURE (F)   42        67      1953
                                             1931
 MINIMUM TEMPERATURE (F)   26         0      1959


SUNRISE AND SUNSET
NOVEMBER 16 2016......SUNRISE   651 AM CST   SUNSET   424 PM CST
NOVEMBER 17 2016......SUNRISE   652 AM CST   SUNSET   423 PM CST


-  INDICATES NEGATIVE NUMBERS.
R  INDICATES RECORD WAS SET OR TIED.
MM INDICATES DATA IS MISSING.
T  INDICATES TRACE AMOUNT.




$$
