856
CDUS43 KGRB 070740
CLIGRB


CLIMATE REPORT
NATIONAL WEATHER SERVICE GREEN BAY
139 AM CST THU DEC 7 2017


...................................

...THE GREEN BAY WI CLIMATE SUMMARY FOR DECEMBER 6 2017...

CLIMATE NORMAL PERIOD 1981 TO 2010
CLIMATE RECORD PERIOD 1886 TO 2017


WEATHER ITEM   OBSERVED TIME   RECORD YEAR NORMAL DEPARTURE LAST
                VALUE   (LST)  VALUE       VALUE  FROM      YEAR
                                                  NORMAL
..................................................................
TEMPERATURE (F)
 YESTERDAY
  MAXIMUM         25   1252 PM  52    1998  32     -7       39
  MINIMUM         19   1006 PM -15    1972  18      1       28
  AVERAGE         22                        25     -3       34

PRECIPITATION (IN)
  YESTERDAY        T             0.44 1908   0.05  -0.05      T
  MONTH TO DATE    0.36                      0.35   0.01     0.34
  SINCE DEC 1      0.36                      0.35   0.01     0.34
  SINCE JAN 1     31.02                     28.36   2.66    31.20

SNOWFALL (IN)
  YESTERDAY        T             5.0  1908   0.4   -0.4       T
  MONTH TO DATE    T                         2.3   -2.3      3.7
  SINCE DEC 1      T                         2.3   -2.3      3.7
  SINCE JUL 1      0.6                       6.5   -5.9      4.6
  SNOW DEPTH       0

DEGREE DAYS
 HEATING
  YESTERDAY       43                        40      3       31
  MONTH TO DATE  163                       235    -72      178
  SINCE DEC 1    163                       235    -72      178
  SINCE JUL 1   1579                      1975   -396     1240

 COOLING
  YESTERDAY        0                         0      0        0
  MONTH TO DATE    0                         0      0        0
  SINCE DEC 1      0                         0      0        0
  SINCE JAN 1    477                       398     79      577
..................................................................


WIND (MPH)
  HIGHEST WIND SPEED    24   HIGHEST WIND DIRECTION     W (270)
  HIGHEST GUST SPEED    31   HIGHEST GUST DIRECTION     W (250)
  AVERAGE WIND SPEED    17.3


SKY COVER
  POSSIBLE SUNSHINE  MM
  AVERAGE SKY COVER 1.0


WEATHER CONDITIONS
 THE FOLLOWING WEATHER WAS RECORDED YESTERDAY.
  LIGHT SNOW
  FOG


RELATIVE HUMIDITY (PERCENT)
 HIGHEST    68          1200 AM
 LOWEST     62          1200 PM
 AVERAGE    65

..........................................................


THE GREEN BAY WI CLIMATE NORMALS FOR TODAY
                         NORMAL    RECORD    YEAR
 MAXIMUM TEMPERATURE (F)   31        50      1946
                                             1916
 MINIMUM TEMPERATURE (F)   17       -21      1972


SUNRISE AND SUNSET
DECEMBER  7 2017......SUNRISE   715 AM CST   SUNSET   413 PM CST
DECEMBER  8 2017......SUNRISE   716 AM CST   SUNSET   413 PM CST


-  INDICATES NEGATIVE NUMBERS.
R  INDICATES RECORD WAS SET OR TIED.
MM INDICATES DATA IS MISSING.
T  INDICATES TRACE AMOUNT.




$$
