054
CDUS43 KGRB 080654
CLIGRB


CLIMATE REPORT
NATIONAL WEATHER SERVICE GREEN BAY
153 AM CDT SUN OCT 8 2017


...................................

...THE GREEN BAY WI CLIMATE SUMMARY FOR OCTOBER 7 2017...

CLIMATE NORMAL PERIOD 1981 TO 2010
CLIMATE RECORD PERIOD 1886 TO 2017


WEATHER ITEM   OBSERVED TIME   RECORD YEAR NORMAL DEPARTURE LAST
                VALUE   (LST)  VALUE       VALUE  FROM      YEAR
                                                  NORMAL
..................................................................
TEMPERATURE (F)
 YESTERDAY
  MAXIMUM         70    113 PM  86    2007  61      9       71
  MINIMUM         58   1159 PM  21    2001  40     18       43
  AVERAGE         64                        50     14       57

PRECIPITATION (IN)
  YESTERDAY        0.26          1.00 1931   0.08   0.18      T
  MONTH TO DATE    1.44                      0.59   0.85     0.33
  SINCE SEP 1      2.45                      3.63  -1.18     4.62
  SINCE JAN 1     27.84                     24.03   3.81    26.24

SNOWFALL (IN)
  YESTERDAY        0.0           T    2000   0.0    0.0      0.0
                                      1915
  MONTH TO DATE    0.0                       0.0    0.0      0.0
  SINCE SEP 1      0.0                       0.0    0.0      0.0
  SINCE JUL 1      0.0                       0.0    0.0      0.0
  SNOW DEPTH       0

DEGREE DAYS
 HEATING
  YESTERDAY        1                        15    -14        8
  MONTH TO DATE   37                        96    -59       29
  SINCE SEP 1    157                       303   -146       94
  SINCE JUL 1    198                       366   -168      107

 COOLING
  YESTERDAY        0                         0      0        0
  MONTH TO DATE    6                         0      6        0
  SINCE SEP 1     98                        33     65       52
  SINCE JAN 1    475                       395     80      574
..................................................................


WIND (MPH)
  HIGHEST WIND SPEED    24   HIGHEST WIND DIRECTION     S (200)
  HIGHEST GUST SPEED    34   HIGHEST GUST DIRECTION     S (200)
  AVERAGE WIND SPEED    12.0


SKY COVER
  POSSIBLE SUNSHINE  MM
  AVERAGE SKY COVER 0.8


WEATHER CONDITIONS
 THE FOLLOWING WEATHER WAS RECORDED YESTERDAY.
  LIGHT RAIN
  FOG


RELATIVE HUMIDITY (PERCENT)
 HIGHEST   100          1200 AM
 LOWEST     84          1200 PM
 AVERAGE    92

..........................................................


THE GREEN BAY WI CLIMATE NORMALS FOR TODAY
                         NORMAL    RECORD    YEAR
 MAXIMUM TEMPERATURE (F)   60        86      2007
 MINIMUM TEMPERATURE (F)   40        23      1987


SUNRISE AND SUNSET
OCTOBER  8 2017.......SUNRISE   659 AM CDT   SUNSET   620 PM CDT
OCTOBER  9 2017.......SUNRISE   700 AM CDT   SUNSET   618 PM CDT


-  INDICATES NEGATIVE NUMBERS.
R  INDICATES RECORD WAS SET OR TIED.
MM INDICATES DATA IS MISSING.
T  INDICATES TRACE AMOUNT.




$$
