000
CDUS43 KGRB 130638
CLIGRB


CLIMATE REPORT
NATIONAL WEATHER SERVICE GREEN BAY
1238 AM CST TUE JAN 13 2015


...................................

...THE GREEN BAY WI CLIMATE SUMMARY FOR JANUARY 12 2015...

CLIMATE NORMAL PERIOD 1981 TO 2010
CLIMATE RECORD PERIOD 1886 TO 2015


WEATHER ITEM   OBSERVED TIME   RECORD YEAR NORMAL DEPARTURE LAST
                VALUE   (LST)  VALUE       VALUE  FROM      YEAR
                                                  NORMAL
..................................................................
TEMPERATURE (F)
 YESTERDAY
  MAXIMUM         18   1216 AM  48    1928  24     -6       39
  MINIMUM         -2   1059 PM -25    1912   9    -11       26
  AVERAGE          8                        16     -8       33

PRECIPITATION (IN)
  YESTERDAY        0.00          1.00 1890   0.03  -0.03      T
  MONTH TO DATE    0.36                      0.46  -0.10     0.31
  SINCE DEC 1      2.04                      1.97   0.07     2.20
  SINCE JAN 1      0.36                      0.46  -0.10     0.31

SNOWFALL (IN)
  YESTERDAY        0.0          11.5  1890   0.4   -0.4       T
  MONTH TO DATE    6.1                       4.8    1.3       T
  SINCE DEC 1      9.6                      17.9   -8.3     26.4
  SINCE JUL 1     17.8                      22.1   -4.3     27.6
  SNOW DEPTH       4

DEGREE DAYS
 HEATING
  YESTERDAY       57                        49      8       32
  MONTH TO DATE  667                       578     89      687
  SINCE DEC 1   1875                      1928    -53     2231
  SINCE JUL 1   3712                      3668     44     3842

 COOLING
  YESTERDAY        0                         0      0        0
  MONTH TO DATE    0                         0      0        0
  SINCE DEC 1      0                         0      0        0
  SINCE JAN 1      0                         0      0        0
..................................................................


WIND (MPH)
  HIGHEST WIND SPEED    20   HIGHEST WIND DIRECTION     N (350)
  HIGHEST GUST SPEED    23   HIGHEST GUST DIRECTION     N (350)
  AVERAGE WIND SPEED    10.0


SKY COVER
  POSSIBLE SUNSHINE  MM
  AVERAGE SKY COVER 0.1


WEATHER CONDITIONS
 THE FOLLOWING WEATHER WAS RECORDED YESTERDAY.
  NO SIGNIFICANT WEATHER WAS OBSERVED.


RELATIVE HUMIDITY (PERCENT)
 HIGHEST    80          1200 AM
 LOWEST     51           300 PM
 AVERAGE    66

..........................................................


THE GREEN BAY WI CLIMATE NORMALS FOR TODAY
                         NORMAL    RECORD    YEAR
 MAXIMUM TEMPERATURE (F)   24        50      1961
 MINIMUM TEMPERATURE (F)    9       -23      1929


SUNRISE AND SUNSET
JANUARY 13 2015.......SUNRISE   727 AM CST   SUNSET   436 PM CST
JANUARY 14 2015.......SUNRISE   726 AM CST   SUNSET   437 PM CST


-  INDICATES NEGATIVE NUMBERS.
R  INDICATES RECORD WAS SET OR TIED.
MM INDICATES DATA IS MISSING.
T  INDICATES TRACE AMOUNT.




$$
