000
CDUS43 KGRB 060703
CLIGRB


CLIMATE REPORT
NATIONAL WEATHER SERVICE GREEN BAY
103 AM CST THU NOV 6 2014


...................................

...THE GREEN BAY WI CLIMATE SUMMARY FOR NOVEMBER 5 2014...

CLIMATE NORMAL PERIOD 1981 TO 2010
CLIMATE RECORD PERIOD 1886 TO 2014


WEATHER ITEM   OBSERVED TIME   RECORD YEAR NORMAL DEPARTURE LAST
                VALUE   (LST)  VALUE       VALUE  FROM      YEAR
                                                  NORMAL
..................................................................
TEMPERATURE (F)
 YESTERDAY
  MAXIMUM         45    118 PM  71    1924  48     -3       54
  MINIMUM         35    709 AM   1    1951  32      3       40
  AVERAGE         40                        40      0       47

PRECIPITATION (IN)
  YESTERDAY        0.12          1.09 1896   0.08   0.04     0.79
  MONTH TO DATE    0.31                      0.37  -0.06     1.03
  SINCE SEP 1      7.51                      5.85   1.66     6.87
  SINCE JAN 1     28.23                     26.25   1.98    30.86

SNOWFALL (IN)
  YESTERDAY        0.0          10.5  1896   0.0    0.0      0.0
  MONTH TO DATE    0.0                       0.2   -0.2      0.0
  SINCE SEP 1      T                         0.4   -0.4       T
  SINCE JUL 1      T                         0.4   -0.4       T
  SNOW DEPTH       0

DEGREE DAYS
 HEATING
  YESTERDAY       25                        25      0       18
  MONTH TO DATE  115                       123     -8      106
  SINCE SEP 1    832                       886    -54      764
  SINCE JUL 1    861                       949    -88      804

 COOLING
  YESTERDAY        0                         0      0        0
  MONTH TO DATE    0                         0      0        0
  SINCE SEP 1     19                        36    -17       57
  SINCE JAN 1    362                       398    -36      535
..................................................................


WIND (MPH)
  HIGHEST WIND SPEED    17   HIGHEST WIND DIRECTION     W (260)
  HIGHEST GUST SPEED    21   HIGHEST GUST DIRECTION     W (270)
  AVERAGE WIND SPEED     8.7


SKY COVER
  POSSIBLE SUNSHINE  MM
  AVERAGE SKY COVER 0.7


WEATHER CONDITIONS
 THE FOLLOWING WEATHER WAS RECORDED YESTERDAY.
  LIGHT RAIN
  FOG


RELATIVE HUMIDITY (PERCENT)
 HIGHEST    93           600 PM
 LOWEST     58          1200 PM
 AVERAGE    76

..........................................................


THE GREEN BAY WI CLIMATE NORMALS FOR TODAY
                         NORMAL    RECORD    YEAR
 MAXIMUM TEMPERATURE (F)   47        68      1975
 MINIMUM TEMPERATURE (F)   31        -5      1951


SUNRISE AND SUNSET
NOVEMBER  6 2014......SUNRISE   637 AM CST   SUNSET   435 PM CST
NOVEMBER  7 2014......SUNRISE   638 AM CST   SUNSET   434 PM CST


-  INDICATES NEGATIVE NUMBERS.
R  INDICATES RECORD WAS SET OR TIED.
MM INDICATES DATA IS MISSING.
T  INDICATES TRACE AMOUNT.




$$
