000
CDUS43 KGRB 102307
CLIGRB


CLIMATE REPORT
NATIONAL WEATHER SERVICE GREEN BAY
456 PM CST THU NOV 10 2016


...................................

...THE GREEN BAY WI CLIMATE SUMMARY FOR NOVEMBER 10 2016...
VALID TODAY AS OF 0400 PM LOCAL TIME.

CLIMATE NORMAL PERIOD 1981 TO 2010
CLIMATE RECORD PERIOD 1886 TO 2016


WEATHER ITEM   OBSERVED TIME   RECORD YEAR NORMAL DEPARTURE LAST
                VALUE   (LST)  VALUE       VALUE  FROM      YEAR
                                                  NORMAL
..................................................................
TEMPERATURE (F)
 TODAY
  MAXIMUM         67R   312 PM  64    2012  45     22       51
                                      1909
  MINIMUM         43    513 AM  12    1933  30     13       28
  AVERAGE         55                        37     18       40

PRECIPITATION (IN)
  TODAY            0.00          1.03 1974   0.07  -0.07     0.00
  MONTH TO DATE    0.10                      0.72  -0.62     0.37
  SINCE SEP 1      7.05                      6.20   0.85     8.86
  SINCE JAN 1     28.67                     26.60   2.07    25.06

SNOWFALL (IN)
  TODAY            0.0           3.5  1896   0.0    0.0      0.0
  MONTH TO DATE    0.0                       0.5   -0.5      0.0
  SINCE SEP 1      0.0                       0.7   -0.7       T
  SINCE JUL 1      0.0                       0.7   -0.7       T
  SNOW DEPTH       0

DEGREE DAYS
 HEATING
  TODAY           10                        28    -18       25
  MONTH TO DATE  130                       257   -127      153
  SINCE SEP 1    571                      1020   -449      678
  SINCE JUL 1    584                      1083   -499      728

 COOLING
  TODAY            0                         0      0        0
  MONTH TO DATE    0                         0      0        0
  SINCE SEP 1     55                        36     19      115
  SINCE JAN 1    577                       398    179      517
..................................................................


WIND (MPH)
  HIGHEST WIND SPEED    23   HIGHEST WIND DIRECTION     W (260)
  HIGHEST GUST SPEED    29   HIGHEST GUST DIRECTION     W (260)
  AVERAGE WIND SPEED    11.7


SKY COVER
  POSSIBLE SUNSHINE  MM
  AVERAGE SKY COVER 0.0


WEATHER CONDITIONS
 THE FOLLOWING WEATHER WAS RECORDED TODAY.
  NO SIGNIFICANT WEATHER WAS OBSERVED.


RELATIVE HUMIDITY (PERCENT)
 HIGHEST    70           300 AM
 LOWEST     40           200 PM
 AVERAGE    55

..........................................................


THE GREEN BAY WI CLIMATE NORMALS FOR TOMORROW
                         NORMAL    RECORD    YEAR
 MAXIMUM TEMPERATURE (F)   45        68      1964
 MINIMUM TEMPERATURE (F)   29         7      1979


SUNRISE AND SUNSET
NOVEMBER 10 2016......SUNRISE   643 AM CST   SUNSET   430 PM CST
NOVEMBER 11 2016......SUNRISE   644 AM CST   SUNSET   429 PM CST


-  INDICATES NEGATIVE NUMBERS.
R  INDICATES RECORD WAS SET OR TIED.
MM INDICATES DATA IS MISSING.
T  INDICATES TRACE AMOUNT.




$$
