000
CDUS43 KGRB 260724
CLIGRB


CLIMATE REPORT
NATIONAL WEATHER SERVICE GREEN BAY
223 AM CDT WED MAR 26 2014


...................................

...THE GREEN BAY WI CLIMATE SUMMARY FOR MARCH 25 2014...

CLIMATE NORMAL PERIOD 1981 TO 2010
CLIMATE RECORD PERIOD 1886 TO 2014


WEATHER ITEM   OBSERVED TIME   RECORD YEAR NORMAL DEPARTURE LAST
                VALUE   (LST)  VALUE       VALUE  FROM      YEAR
                                                  NORMAL
..................................................................
TEMPERATURE (F)
 YESTERDAY
  MAXIMUM         23    329 PM  73    2007  43    -20       36
  MINIMUM         11    505 AM   0    1960  26    -15       24
  AVERAGE         17                        35    -18       30

PRECIPITATION (IN)
  YESTERDAY        0.00          1.49 1920   0.07  -0.07      T
  MONTH TO DATE    0.41                      1.45  -1.04     1.85
  SINCE MAR 1      0.41                      1.45  -1.04     1.85
  SINCE JAN 1      3.20                      3.69  -0.49     6.51

SNOWFALL (IN)
  YESTERDAY        0.0           6.5  1923   0.2   -0.2       T
  MONTH TO DATE    5.1                       7.1   -2.0      8.4
  SINCE MAR 1      5.1                       7.1   -2.0      8.4
  SINCE JUL 1     67.4                      47.3   20.1     66.4
  SNOW DEPTH       3

DEGREE DAYS
 HEATING
  YESTERDAY       48                        30     18       35
  MONTH TO DATE 1111                       886    225     1018
  SINCE MAR 1   1111                       886    225     1018
  SINCE JUL 1   7592                      6726    866     6461

 COOLING
  YESTERDAY        0                         0      0        0
  MONTH TO DATE    0                         0      0        0
  SINCE MAR 1      0                         0      0        0
  SINCE JAN 1      0                         0      0        0
..................................................................


WIND (MPH)
  HIGHEST WIND SPEED    24   HIGHEST WIND DIRECTION     W (250)
  HIGHEST GUST SPEED    29   HIGHEST GUST DIRECTION     W (250)
  AVERAGE WIND SPEED    12.7


SKY COVER
  POSSIBLE SUNSHINE  MM
  AVERAGE SKY COVER 0.3


WEATHER CONDITIONS
 THE FOLLOWING WEATHER WAS RECORDED YESTERDAY.
  NO SIGNIFICANT WEATHER WAS OBSERVED.


RELATIVE HUMIDITY (PERCENT)
 HIGHEST    92           500 AM
 LOWEST     47           200 PM
 AVERAGE    70

..........................................................


THE GREEN BAY WI CLIMATE NORMALS FOR TODAY
                         NORMAL    RECORD    YEAR
 MAXIMUM TEMPERATURE (F)   44        78      2007
 MINIMUM TEMPERATURE (F)   26         0      1923


SUNRISE AND SUNSET
MARCH 26 2014.........SUNRISE   645 AM CDT   SUNSET   712 PM CDT
MARCH 27 2014.........SUNRISE   643 AM CDT   SUNSET   714 PM CDT


-  INDICATES NEGATIVE NUMBERS.
R  INDICATES RECORD WAS SET OR TIED.
MM INDICATES DATA IS MISSING.
T  INDICATES TRACE AMOUNT.

$$
