000
CDUS43 KGRB 070737
CLIGRB


CLIMATE REPORT
NATIONAL WEATHER SERVICE GREEN BAY
237 AM CDT THU APR 7 2016


...................................

...THE GREEN BAY WI CLIMATE SUMMARY FOR APRIL 6 2016...

CLIMATE NORMAL PERIOD 1981 TO 2010
CLIMATE RECORD PERIOD 1886 TO 2016


WEATHER ITEM   OBSERVED TIME   RECORD YEAR NORMAL DEPARTURE LAST
                VALUE   (LST)  VALUE       VALUE  FROM      YEAR
                                                  NORMAL
..................................................................
TEMPERATURE (F)
 YESTERDAY
  MAXIMUM         41    245 PM  84    1991  49     -8       42
  MINIMUM         33   1159 PM  12    2003  30      3       33
  AVERAGE         37                        40     -3       38

PRECIPITATION (IN)
  YESTERDAY        0.15          1.22 2010   0.09   0.06     0.00
  MONTH TO DATE    0.31                      0.48  -0.17     0.17
  SINCE MAR 1      4.36                      2.33   2.03     1.07
  SINCE JAN 1      6.84                      4.57   2.27     2.04

SNOWFALL (IN)
  YESTERDAY        T             5.0  1914   0.1   -0.1      0.0
  MONTH TO DATE    0.9                       0.9    0.0      0.0
  SINCE MAR 1     12.7                       9.0    3.7      4.2
  SINCE JUL 1     46.5                      49.2   -2.7     32.7
  SNOW DEPTH       T

DEGREE DAYS
 HEATING
  YESTERDAY       28                        25      3       27
  MONTH TO DATE  190                       158     32      135
  SINCE MAR 1   1055                      1218   -163     1103
  SINCE JUL 1   5866                      7058  -1192     7141

 COOLING
  YESTERDAY        0                         0      0        0
  MONTH TO DATE    0                         0      0        0
  SINCE MAR 1      0                         0      0        0
  SINCE JAN 1      0                         0      0        0
..................................................................


WIND (MPH)
  HIGHEST WIND SPEED    14   HIGHEST WIND DIRECTION     N (360)
  HIGHEST GUST SPEED    18   HIGHEST GUST DIRECTION     N (350)
  AVERAGE WIND SPEED     8.0


SKY COVER
  POSSIBLE SUNSHINE  MM
  AVERAGE SKY COVER 1.0


WEATHER CONDITIONS
 THE FOLLOWING WEATHER WAS RECORDED YESTERDAY.
  LIGHT RAIN
  LIGHT SNOW
  FOG


RELATIVE HUMIDITY (PERCENT)
 HIGHEST   100           600 AM
 LOWEST     85           300 PM
 AVERAGE    93

..........................................................


THE GREEN BAY WI CLIMATE NORMALS FOR TODAY
                         NORMAL    RECORD    YEAR
 MAXIMUM TEMPERATURE (F)   50        81      1991
 MINIMUM TEMPERATURE (F)   31        16      1972
                                             1936
                                             1914


SUNRISE AND SUNSET
APRIL  7 2016.........SUNRISE   622 AM CDT   SUNSET   728 PM CDT
APRIL  8 2016.........SUNRISE   620 AM CDT   SUNSET   729 PM CDT


-  INDICATES NEGATIVE NUMBERS.
R  INDICATES RECORD WAS SET OR TIED.
MM INDICATES DATA IS MISSING.
T  INDICATES TRACE AMOUNT.




$$
