000
CDUS43 KGRB 260643
CLIGRB


CLIMATE REPORT
NATIONAL WEATHER SERVICE GREEN BAY
1242 AM CST THU FEB 26 2015


...................................

...THE GREEN BAY WI CLIMATE SUMMARY FOR FEBRUARY 25 2015...

CLIMATE NORMAL PERIOD 1981 TO 2010
CLIMATE RECORD PERIOD 1886 TO 2015


WEATHER ITEM   OBSERVED TIME   RECORD YEAR NORMAL DEPARTURE LAST
                VALUE   (LST)  VALUE       VALUE  FROM      YEAR
                                                  NORMAL
..................................................................
TEMPERATURE (F)
 YESTERDAY
  MAXIMUM         15    514 PM  49    2000  31    -16       11
  MINIMUM         -2    704 AM -23    1928  15    -17       -2
  AVERAGE          7                        23    -16        5

PRECIPITATION (IN)
  YESTERDAY        0.00          0.86 2007   0.05  -0.05     0.00
  MONTH TO DATE    0.41                      0.96  -0.55     1.21
  SINCE DEC 1      2.65                      3.60  -0.95     4.43
  SINCE JAN 1      0.97                      2.09  -1.12     2.54

SNOWFALL (IN)
  YESTERDAY        0.0           9.8  2007   0.4   -0.4      0.0
  MONTH TO DATE    8.0                       8.9   -0.9     13.7
  SINCE DEC 1     20.3                      35.0  -14.7     57.1
  SINCE JUL 1     28.5                      39.2  -10.7     58.3
  SNOW DEPTH       4

DEGREE DAYS
 HEATING
  YESTERDAY       58                        42     16       60
  MONTH TO DATE 1360                      1129    231     1390
  SINCE DEC 1   4030                      3978     52     4672
  SINCE JUL 1   5867                      5718    149     6283

 COOLING
  YESTERDAY        0                         0      0        0
  MONTH TO DATE    0                         0      0        0
  SINCE DEC 1      0                         0      0        0
  SINCE JAN 1      0                         0      0        0
..................................................................


WIND (MPH)
  HIGHEST WIND SPEED    24   HIGHEST WIND DIRECTION    NE (50)
  HIGHEST GUST SPEED    29   HIGHEST GUST DIRECTION    NE (50)
  AVERAGE WIND SPEED     4.5


SKY COVER
  POSSIBLE SUNSHINE  MM
  AVERAGE SKY COVER 0.4


WEATHER CONDITIONS
 THE FOLLOWING WEATHER WAS RECORDED YESTERDAY.
  FOG
  HAZE


RELATIVE HUMIDITY (PERCENT)
 HIGHEST    80          1100 PM
 LOWEST     51           400 PM
 AVERAGE    66

..........................................................


THE GREEN BAY WI CLIMATE NORMALS FOR TODAY
                         NORMAL    RECORD    YEAR
 MAXIMUM TEMPERATURE (F)   32        61      2000
 MINIMUM TEMPERATURE (F)   16       -15      1963


SUNRISE AND SUNSET
FEBRUARY 26 2015......SUNRISE   635 AM CST   SUNSET   536 PM CST
FEBRUARY 27 2015......SUNRISE   634 AM CST   SUNSET   537 PM CST


-  INDICATES NEGATIVE NUMBERS.
R  INDICATES RECORD WAS SET OR TIED.
MM INDICATES DATA IS MISSING.
T  INDICATES TRACE AMOUNT.




$$
