972
CDUS43 KGRB 210629
CLIGRB


CLIMATE REPORT
NATIONAL WEATHER SERVICE GREEN BAY
1229 AM CST TUE NOV 21 2017


...................................

...THE GREEN BAY WI CLIMATE SUMMARY FOR NOVEMBER 20 2017...

CLIMATE NORMAL PERIOD 1981 TO 2010
CLIMATE RECORD PERIOD 1886 TO 2017


WEATHER ITEM   OBSERVED TIME   RECORD YEAR NORMAL DEPARTURE LAST
                VALUE   (LST)  VALUE       VALUE  FROM      YEAR
                                                  NORMAL
..................................................................
TEMPERATURE (F)
 YESTERDAY
  MAXIMUM         47    959 PM  62    2003  40      7       34
                                      1982
                                      1953
  MINIMUM         28    405 AM   6    1903  25      3       22
  AVERAGE         38                        32      6       28

PRECIPITATION (IN)
  YESTERDAY        0.00          1.53 1992   0.06  -0.06     0.00
  MONTH TO DATE    1.07                      1.44  -0.37     0.18
  SINCE SEP 1      5.20                      6.92  -1.72     7.13
  SINCE JAN 1     30.59                     27.32   3.27    28.75

SNOWFALL (IN)
  YESTERDAY        0.0           3.6  1986   0.2   -0.2      0.0
  MONTH TO DATE    0.6                       1.8   -1.2      0.9
  SINCE SEP 1      0.6                       2.0   -1.4      0.9
  SINCE JUL 1      0.6                       2.0   -1.4      0.9
  SNOW DEPTH       0

DEGREE DAYS
 HEATING
  YESTERDAY       27                        33     -6       37
  MONTH TO DATE  604                       562     42      335
  SINCE SEP 1   1100                      1325   -225      776
  SINCE JUL 1   1141                      1388   -247      789

 COOLING
  YESTERDAY        0                         0      0        0
  MONTH TO DATE    0                         0      0        0
  SINCE SEP 1    100                        36     64       55
  SINCE JAN 1    477                       398     79      577
..................................................................


WIND (MPH)
  HIGHEST WIND SPEED    20   HIGHEST WIND DIRECTION    SW (210)
  HIGHEST GUST SPEED    29   HIGHEST GUST DIRECTION    SW (210)
  AVERAGE WIND SPEED     9.9


SKY COVER
  POSSIBLE SUNSHINE  MM
  AVERAGE SKY COVER 0.0


WEATHER CONDITIONS
 THE FOLLOWING WEATHER WAS RECORDED YESTERDAY.
  NO SIGNIFICANT WEATHER WAS OBSERVED.


RELATIVE HUMIDITY (PERCENT)
 HIGHEST    92           600 AM
 LOWEST     65           200 PM
 AVERAGE    79

..........................................................


THE GREEN BAY WI CLIMATE NORMALS FOR TODAY
                         NORMAL    RECORD    YEAR
 MAXIMUM TEMPERATURE (F)   39        66      1913
 MINIMUM TEMPERATURE (F)   25         3      2014


SUNRISE AND SUNSET
NOVEMBER 21 2017......SUNRISE   657 AM CST   SUNSET   420 PM CST
NOVEMBER 22 2017......SUNRISE   658 AM CST   SUNSET   419 PM CST


-  INDICATES NEGATIVE NUMBERS.
R  INDICATES RECORD WAS SET OR TIED.
MM INDICATES DATA IS MISSING.
T  INDICATES TRACE AMOUNT.




$$
