000
CDUS43 KGRB 250736
CLIGRB


CLIMATE REPORT
NATIONAL WEATHER SERVICE GREEN BAY
235 AM CDT THU MAY 25 2017


...................................

...THE GREEN BAY WI CLIMATE SUMMARY FOR MAY 24 2017...

CLIMATE NORMAL PERIOD 1981 TO 2010
CLIMATE RECORD PERIOD 1886 TO 2017


WEATHER ITEM   OBSERVED TIME   RECORD YEAR NORMAL DEPARTURE LAST
                VALUE   (LST)  VALUE       VALUE  FROM      YEAR
                                                  NORMAL
..................................................................
TEMPERATURE (F)
 YESTERDAY
  MAXIMUM         54    603 PM  90    2010  69    -15       84
  MINIMUM         49    752 AM  33    1992  47      2       54
  AVERAGE         52                        58     -6       69

PRECIPITATION (IN)
  YESTERDAY        0.05          2.05 1989   0.10  -0.05      T
  MONTH TO DATE    2.55                      2.14   0.41     1.28
  SINCE MAR 1      9.33                      6.62   2.71     6.62
  SINCE JAN 1     12.58                      8.86   3.72     9.10

SNOWFALL (IN)
  YESTERDAY        0.0           0.0    MM   0.0    0.0      0.0
  MONTH TO DATE    0.0                       0.2   -0.2       T
  SINCE MAR 1      9.0                      11.2   -2.2     16.2
  SINCE JUL 1     53.2                      51.4    1.8     50.0
  SNOW DEPTH       0

DEGREE DAYS
 HEATING
  YESTERDAY       13                         8      5        0
  MONTH TO DATE  275                       276     -1      246
  SINCE MAR 1   1786                      1973   -187     1783
  SINCE JUL 1   6359                      7813  -1454     6594

 COOLING
  YESTERDAY        0                         1     -1        4
  MONTH TO DATE    8                         7      1        9
  SINCE MAR 1      8                         9     -1        9
  SINCE JAN 1      8                         9     -1        9
..................................................................


WIND (MPH)
  HIGHEST WIND SPEED    22   HIGHEST WIND DIRECTION    NE (40)
  HIGHEST GUST SPEED    27   HIGHEST GUST DIRECTION    NE (40)
  AVERAGE WIND SPEED    13.0


SKY COVER
  POSSIBLE SUNSHINE  MM
  AVERAGE SKY COVER 0.8


WEATHER CONDITIONS
 THE FOLLOWING WEATHER WAS RECORDED YESTERDAY.
  LIGHT RAIN
  FOG


RELATIVE HUMIDITY (PERCENT)
 HIGHEST   100           400 AM
 LOWEST     93           100 PM
 AVERAGE    97

..........................................................


THE GREEN BAY WI CLIMATE NORMALS FOR TODAY
                         NORMAL    RECORD    YEAR
 MAXIMUM TEMPERATURE (F)   69        88      1911
 MINIMUM TEMPERATURE (F)   47        32      1988


SUNRISE AND SUNSET
MAY 25 2017...........SUNRISE   515 AM CDT   SUNSET   824 PM CDT
MAY 26 2017...........SUNRISE   515 AM CDT   SUNSET   825 PM CDT


-  INDICATES NEGATIVE NUMBERS.
R  INDICATES RECORD WAS SET OR TIED.
MM INDICATES DATA IS MISSING.
T  INDICATES TRACE AMOUNT.

$$
