000
CDUS43 KGRB 250702
CLIGRB


CLIMATE REPORT
NATIONAL WEATHER SERVICE GREEN BAY
200 AM CDT WED MAY 25 2016


...................................

...THE GREEN BAY WI CLIMATE SUMMARY FOR MAY 24 2016...

CLIMATE NORMAL PERIOD 1981 TO 2010
CLIMATE RECORD PERIOD 1886 TO 2016


WEATHER ITEM   OBSERVED TIME   RECORD YEAR NORMAL DEPARTURE LAST
                VALUE   (LST)  VALUE       VALUE  FROM      YEAR
                                                  NORMAL
..................................................................
TEMPERATURE (F)
 YESTERDAY
  MAXIMUM         84    444 PM  90    2010  69     15       72
  MINIMUM         54    401 AM  33    1992  47      7       54
  AVERAGE         69                        58     11       63

PRECIPITATION (IN)
  YESTERDAY        T             2.05 1989   0.10  -0.10     1.24
  MONTH TO DATE    1.28                      2.14  -0.86     2.47
  SINCE MAR 1      6.62                      6.62   0.00     5.00
  SINCE JAN 1      9.10                      8.86   0.24     5.97

SNOWFALL (IN)
  YESTERDAY        0.0           0.0    MM   0.0    0.0      0.0
  MONTH TO DATE    T                         0.2   -0.2      0.0
  SINCE MAR 1     16.2                      11.2    5.0      4.2
  SINCE JUL 1     50.0                      51.4   -1.4     32.7
  SNOW DEPTH       0

DEGREE DAYS
 HEATING
  YESTERDAY        0                         8     -8        2
  MONTH TO DATE  246                       276    -30      184
  SINCE MAR 1   1783                      1973   -190     1716
  SINCE JUL 1   6594                      7813  -1219     7754

 COOLING
  YESTERDAY        4                         1      3        0
  MONTH TO DATE    9                         7      2        7
  SINCE MAR 1      9                         9      0        7
  SINCE JAN 1      9                         9      0        7
..................................................................


WIND (MPH)
  HIGHEST WIND SPEED    22   HIGHEST WIND DIRECTION     W (250)
  HIGHEST GUST SPEED    29   HIGHEST GUST DIRECTION     W (260)
  AVERAGE WIND SPEED     7.3


SKY COVER
  POSSIBLE SUNSHINE  MM
  AVERAGE SKY COVER 0.1


WEATHER CONDITIONS
 THE FOLLOWING WEATHER WAS RECORDED YESTERDAY.
  LIGHT RAIN


RELATIVE HUMIDITY (PERCENT)
 HIGHEST    84          1100 PM
 LOWEST     37           300 PM
 AVERAGE    61

..........................................................


THE GREEN BAY WI CLIMATE NORMALS FOR TODAY
                         NORMAL    RECORD    YEAR
 MAXIMUM TEMPERATURE (F)   69        88      1911
 MINIMUM TEMPERATURE (F)   47        32      1988


SUNRISE AND SUNSET
MAY 25 2016...........SUNRISE   515 AM CDT   SUNSET   824 PM CDT
MAY 26 2016...........SUNRISE   514 AM CDT   SUNSET   825 PM CDT


-  INDICATES NEGATIVE NUMBERS.
R  INDICATES RECORD WAS SET OR TIED.
MM INDICATES DATA IS MISSING.
T  INDICATES TRACE AMOUNT.

$$
