000
CDUS43 KGRB 160637
CLIGRB


CLIMATE REPORT
NATIONAL WEATHER SERVICE GREEN BAY
1237 AM CST TUE DEC 16 2014


...................................

...THE GREEN BAY WI CLIMATE SUMMARY FOR DECEMBER 15 2014...

CLIMATE NORMAL PERIOD 1981 TO 2010
CLIMATE RECORD PERIOD 1886 TO 2014


WEATHER ITEM   OBSERVED TIME   RECORD YEAR NORMAL DEPARTURE LAST
                VALUE   (LST)  VALUE       VALUE  FROM      YEAR
                                                  NORMAL
..................................................................
TEMPERATURE (F)
 YESTERDAY
  MAXIMUM         45    123 PM  49    1998  28     17       18
  MINIMUM         39    814 PM -20    1901  14     25       -5
  AVERAGE         42                        21     21        7

PRECIPITATION (IN)
  YESTERDAY        0.12          1.16 1971   0.05   0.07      T
  MONTH TO DATE    0.39                      0.82  -0.43     0.92
  SINCE DEC 1      0.39                      0.82  -0.43     0.92
  SINCE JAN 1     30.82                     28.83   1.99    34.19

SNOWFALL (IN)
  YESTERDAY        0.0           9.5  1987   0.5   -0.5      0.1
  MONTH TO DATE    2.5                       6.3   -3.8     11.0
  SINCE DEC 1      2.5                       6.3   -3.8     11.0
  SINCE JUL 1     10.7                      10.5    0.2     12.2
  SNOW DEPTH       0

DEGREE DAYS
 HEATING
  YESTERDAY       23                        44    -21       58
  MONTH TO DATE  594                       616    -22      725
  SINCE DEC 1    594                       616    -22      725
  SINCE JUL 1   2431                      2356     75     2336

 COOLING
  YESTERDAY        0                         0      0        0
  MONTH TO DATE    0                         0      0        0
  SINCE DEC 1      0                         0      0        0
  SINCE JAN 1    362                       398    -36      535
..................................................................


WIND (MPH)
  HIGHEST WIND SPEED    10   HIGHEST WIND DIRECTION    SE (140)
  HIGHEST GUST SPEED    13   HIGHEST GUST DIRECTION     S (190)
  AVERAGE WIND SPEED     6.2


SKY COVER
  POSSIBLE SUNSHINE  MM
  AVERAGE SKY COVER 1.0


WEATHER CONDITIONS
 THE FOLLOWING WEATHER WAS RECORDED YESTERDAY.
  LIGHT RAIN
  FOG
  FOG W/VISIBILITY <= 1/4 MILE


RELATIVE HUMIDITY (PERCENT)
 HIGHEST   100          1200 AM
 LOWEST     92           100 PM
 AVERAGE    96

..........................................................


THE GREEN BAY WI CLIMATE NORMALS FOR TODAY
                         NORMAL    RECORD    YEAR
 MAXIMUM TEMPERATURE (F)   28        54      1984
 MINIMUM TEMPERATURE (F)   14       -15      1932


SUNRISE AND SUNSET
DECEMBER 16 2014......SUNRISE   723 AM CST   SUNSET   414 PM CST
DECEMBER 17 2014......SUNRISE   723 AM CST   SUNSET   414 PM CST


-  INDICATES NEGATIVE NUMBERS.
R  INDICATES RECORD WAS SET OR TIED.
MM INDICATES DATA IS MISSING.
T  INDICATES TRACE AMOUNT.




$$
