000
CDUS43 KGRB 300655
CLIGRB


CLIMATE REPORT
NATIONAL WEATHER SERVICE GREEN BAY
1254 AM CST SAT DEC 30 2017


...................................

...THE GREEN BAY WI CLIMATE SUMMARY FOR DECEMBER 29 2017...

CLIMATE NORMAL PERIOD 1981 TO 2010
CLIMATE RECORD PERIOD 1886 TO 2017


WEATHER ITEM   OBSERVED TIME   RECORD YEAR NORMAL DEPARTURE LAST
                VALUE   (LST)  VALUE       VALUE  FROM      YEAR
                                                  NORMAL
..................................................................
TEMPERATURE (F)
 YESTERDAY
  MAXIMUM          9    704 PM  50    1984  25    -16       35
  MINIMUM         -8    635 AM -17    1976  11    -19       28
  AVERAGE          1                        18    -17       32

PRECIPITATION (IN)
  YESTERDAY        T             0.40 1972   0.04  -0.04      T
  MONTH TO DATE    1.29                      1.43  -0.14     2.24
  SINCE DEC 1      1.29                      1.43  -0.14     2.24
  SINCE JAN 1     31.95                     29.44   2.51    33.10

SNOWFALL (IN)
  YESTERDAY        T             5.1  1978   0.4   -0.4       T
  MONTH TO DATE   12.0                      12.3   -0.3     22.9
  SINCE DEC 1     12.0                      12.3   -0.3     22.9
  SINCE JUL 1     12.6                      16.5   -3.9     23.8
  SNOW DEPTH       5

DEGREE DAYS
 HEATING
  YESTERDAY       64                        47     17       33
  MONTH TO DATE 1295                      1256     39     1173
  SINCE DEC 1   1295                      1256     39     1173
  SINCE JUL 1   2711                      2996   -285     2235

 COOLING
  YESTERDAY        0                         0      0        0
  MONTH TO DATE    0                         0      0        0
  SINCE DEC 1      0                         0      0        0
  SINCE JAN 1    477                       398     79      577
..................................................................


WIND (MPH)
  HIGHEST WIND SPEED    17   HIGHEST WIND DIRECTION     W (270)
  HIGHEST GUST SPEED    20   HIGHEST GUST DIRECTION     W (270)
  AVERAGE WIND SPEED     9.0


SKY COVER
  POSSIBLE SUNSHINE  MM
  AVERAGE SKY COVER 0.5


WEATHER CONDITIONS
 THE FOLLOWING WEATHER WAS RECORDED YESTERDAY.
  LIGHT SNOW
  HAZE


RELATIVE HUMIDITY (PERCENT)
 HIGHEST    91           300 AM
 LOWEST     63           200 PM
 AVERAGE    77

..........................................................


THE GREEN BAY WI CLIMATE NORMALS FOR TODAY
                         NORMAL    RECORD    YEAR
 MAXIMUM TEMPERATURE (F)   25        55      1936
 MINIMUM TEMPERATURE (F)   11       -19      2013


SUNRISE AND SUNSET
DECEMBER 30 2017......SUNRISE   729 AM CST   SUNSET   422 PM CST
DECEMBER 31 2017......SUNRISE   729 AM CST   SUNSET   423 PM CST


-  INDICATES NEGATIVE NUMBERS.
R  INDICATES RECORD WAS SET OR TIED.
MM INDICATES DATA IS MISSING.
T  INDICATES TRACE AMOUNT.




$$
