251
CDUS43 KGRB 052224
CLIGRB


CLIMATE REPORT
NATIONAL WEATHER SERVICE GREEN BAY
423 PM CST SUN NOV 5 2017


...................................

...THE GREEN BAY WI CLIMATE SUMMARY FOR NOVEMBER 5 2017...
VALID TODAY AS OF 0400 PM LOCAL TIME.

CLIMATE NORMAL PERIOD 1981 TO 2010
CLIMATE RECORD PERIOD 1886 TO 2017


WEATHER ITEM   OBSERVED TIME   RECORD YEAR NORMAL DEPARTURE LAST
                VALUE   (LST)  VALUE       VALUE  FROM      YEAR
                                                  NORMAL
..................................................................
TEMPERATURE (F)
 TODAY
  MAXIMUM         49   1259 PM  71    1924  48      1       69
  MINIMUM         43    753 AM   1    1951  32     11       41
  AVERAGE         46                        40      6       55

PRECIPITATION (IN)
  TODAY            0.00          1.09 1896   0.08  -0.08     0.00
  MONTH TO DATE    0.31                      0.37  -0.06     0.00
  SINCE SEP 1      4.44                      5.85  -1.41     6.95
  SINCE JAN 1     29.83                     26.25   3.58    28.57

SNOWFALL (IN)
  TODAY            0.0          10.5  1896   0.0    0.0      0.0
  MONTH TO DATE    0.0                       0.2   -0.2      0.0
  SINCE SEP 1      T                         0.4   -0.4      0.0
  SINCE JUL 1      T                         0.4   -0.4      0.0
  SNOW DEPTH       0

DEGREE DAYS
 HEATING
  TODAY           19                        25     -6       10
  MONTH TO DATE  122                       123     -1       63
  SINCE SEP 1    618                       886   -268      504
  SINCE JUL 1    659                       949   -290      517

 COOLING
  TODAY            0                         0      0        0
  MONTH TO DATE    0                         0      0        0
  SINCE SEP 1    100                        36     64       55
  SINCE JAN 1    477                       398     79      577
..................................................................


WIND (MPH)
  HIGHEST WIND SPEED    17   HIGHEST WIND DIRECTION    NW (310)
  HIGHEST GUST SPEED    24   HIGHEST GUST DIRECTION    NW (310)
  AVERAGE WIND SPEED     6.4


SKY COVER
  POSSIBLE SUNSHINE  MM
  AVERAGE SKY COVER 1.0


WEATHER CONDITIONS
 THE FOLLOWING WEATHER WAS RECORDED TODAY.
  FOG


RELATIVE HUMIDITY (PERCENT)
 HIGHEST   100          1200 AM
 LOWEST     71           300 PM
 AVERAGE    86

..........................................................


THE GREEN BAY WI CLIMATE NORMALS FOR TOMORROW
                         NORMAL    RECORD    YEAR
 MAXIMUM TEMPERATURE (F)   47        69      2016
 MINIMUM TEMPERATURE (F)   31        -5      1951


SUNRISE AND SUNSET
NOVEMBER  5 2017......SUNRISE   636 AM CST   SUNSET   436 PM CST
NOVEMBER  6 2017......SUNRISE   637 AM CST   SUNSET   435 PM CST


-  INDICATES NEGATIVE NUMBERS.
R  INDICATES RECORD WAS SET OR TIED.
MM INDICATES DATA IS MISSING.
T  INDICATES TRACE AMOUNT.




$$
