000
CDUS43 KGRB 040738
CLIGRB

CLIMATE REPORT
NATIONAL WEATHER SERVICE GREEN BAY
235 AM CDT SUN JUN 4 2017

...................................

...THE GREEN BAY WI CLIMATE SUMMARY FOR JUNE 3 2017...

CLIMATE NORMAL PERIOD 1981 TO 2010
CLIMATE RECORD PERIOD 1886 TO 2017

WEATHER ITEM   OBSERVED TIME   RECORD YEAR NORMAL DEPARTURE LAST
                VALUE   (LST)  VALUE       VALUE  FROM      YEAR
                                                  NORMAL
..................................................................
TEMPERATURE (F)
 YESTERDAY
  MAXIMUM         82    504 PM  91    1948  72     10       78
  MINIMUM         58    419 AM  38    1956  50      8       50
                                      1945
  AVERAGE         70                        61      9       64

PRECIPITATION (IN)
  YESTERDAY        0.49          3.61 1914   0.12   0.37     0.22
  MONTH TO DATE    0.49                      0.37   0.12     0.82
  SINCE JUN 1      0.49                      0.37   0.12     0.82
  SINCE JAN 1     13.49                     10.02   3.47    12.00

SNOWFALL (IN)
  YESTERDAY        0.0           0.0    MM   0.0    0.0      0.0
  MONTH TO DATE    0.0                       0.0    0.0      0.0
  SINCE JUN 1      0.0                       0.0    0.0      0.0
  SINCE JUL 1     53.2                      51.4    1.8     50.0
  SNOW DEPTH       0

DEGREE DAYS
 HEATING
  YESTERDAY        0                         5     -5        1
  MONTH TO DATE    3                        17    -14        2
  SINCE JUN 1      3                        17    -14        2
  SINCE JUL 1   6390                      7880  -1490     6599

COOLING
  YESTERDAY        5                         1      4        0
  MONTH TO DATE    7                         3      4        4
  SINCE JUN 1      7                         3      4        4
  SINCE JAN 1     15                        21     -6       37
..................................................................

WIND (MPH)
  HIGHEST WIND SPEED    33   HIGHEST WIND DIRECTION     W (280)
  HIGHEST GUST SPEED    40   HIGHEST GUST DIRECTION     W (280)
  AVERAGE WIND SPEED     8.3

SKY COVER
  POSSIBLE SUNSHINE  MM
  AVERAGE SKY COVER 0.1

WEATHER CONDITIONS
 THE FOLLOWING WEATHER WAS RECORDED YESTERDAY.
  THUNDERSTORM
  HEAVY RAIN
  RAIN
  LIGHT RAIN
  FOG
  HAZE

RELATIVE HUMIDITY (PERCENT)
 HIGHEST    87           800 AM
 LOWEST     52           100 AM
 AVERAGE    70
.........................................................

THE GREEN BAY WI CLIMATE NORMALS FOR TODAY
                         NORMAL    RECORD    YEAR
 MAXIMUM TEMPERATURE (F)   72        94      1934
 MINIMUM TEMPERATURE (F)   51        35      1945

SUNRISE AND SUNSET
JUNE  4 2017..........SUNRISE   509 AM CDT   SUNSET   833 PM CDT
JUNE  5 2017..........SUNRISE   509 AM CDT   SUNSET   833 PM CDT

-  INDICATES NEGATIVE NUMBERS.
R  INDICATES RECORD WAS SET OR TIED.
MM INDICATES DATA IS MISSING.
T  INDICATES TRACE AMOUNT.

$$
