000
CDUS43 KGRB 051007
CLIGRB


CLIMATE REPORT
NATIONAL WEATHER SERVICE GREEN BAY
406 AM CST SUN FEB 5 2017


...................................

...THE GREEN BAY WI CLIMATE SUMMARY FOR FEBRUARY 4 2017...

CLIMATE NORMAL PERIOD 1981 TO 2010
CLIMATE RECORD PERIOD 1886 TO 2017


WEATHER ITEM   OBSERVED TIME   RECORD YEAR NORMAL DEPARTURE LAST
                VALUE   (LST)  VALUE       VALUE  FROM      YEAR
                                                  NORMAL
..................................................................
TEMPERATURE (F)
 YESTERDAY
  MAXIMUM         29   1159 PM  44    2012  26      3       24
                                      1909
                                      1890
  MINIMUM          4    734 AM -24    1996  10     -6       13
  AVERAGE         17                        18     -1       19

PRECIPITATION (IN)
  YESTERDAY        T             1.00 1889   0.04  -0.04      T
  MONTH TO DATE    T                         0.13  -0.13     0.87
  SINCE DEC 1      4.68                      2.77   1.91     7.91
  SINCE JAN 1      2.43                      1.26   1.17     2.20

SNOWFALL (IN)
  YESTERDAY        T            10.0  1889   0.4   -0.4      0.1
  MONTH TO DATE    T                         1.6   -1.6      8.5
  SINCE DEC 1     37.7                      27.7   10.0     29.9
  SINCE JUL 1     38.6                      31.9    6.7     30.1
  SNOW DEPTH       3

DEGREE DAYS
 HEATING
  YESTERDAY       48                        47      1       46
  MONTH TO DATE  208                       190     18      158
  SINCE DEC 1   2739                      3039   -300     2506
  SINCE JUL 1   3801                      4779   -978     3778

 COOLING
  YESTERDAY        0                         0      0        0
  MONTH TO DATE    0                         0      0        0
  SINCE DEC 1      0                         0      0        0
  SINCE JAN 1      0                         0      0        0
..................................................................


WIND (MPH)
  HIGHEST WIND SPEED    22   HIGHEST WIND DIRECTION     S (200)
  HIGHEST GUST SPEED    31   HIGHEST GUST DIRECTION     S (200)
  AVERAGE WIND SPEED     9.3


SKY COVER
  POSSIBLE SUNSHINE  MM
  AVERAGE SKY COVER 0.6


WEATHER CONDITIONS
 THE FOLLOWING WEATHER WAS RECORDED YESTERDAY.
  LIGHT SNOW
  FOG


RELATIVE HUMIDITY (PERCENT)
 HIGHEST    87           600 AM
 LOWEST     54          1200 PM
 AVERAGE    71

..........................................................


THE GREEN BAY WI CLIMATE NORMALS FOR TODAY
                         NORMAL    RECORD    YEAR
 MAXIMUM TEMPERATURE (F)   26        50      2005
 MINIMUM TEMPERATURE (F)   10       -24      1895


SUNRISE AND SUNSET
FEBRUARY  5 2017......SUNRISE   706 AM CST   SUNSET   508 PM CST
FEBRUARY  6 2017......SUNRISE   705 AM CST   SUNSET   509 PM CST


-  INDICATES NEGATIVE NUMBERS.
R  INDICATES RECORD WAS SET OR TIED.
MM INDICATES DATA IS MISSING.
T  INDICATES TRACE AMOUNT.

$$
