000
CDUS43 KGRB 040657
CLIGRB

CLIMATE REPORT
NATIONAL WEATHER SERVICE GREEN BAY
154 AM CDT FRI SEP 4 2015

...................................

...THE GREEN BAY WI CLIMATE SUMMARY FOR SEPTEMBER 3 2015...

CLIMATE NORMAL PERIOD 1981 TO 2010
CLIMATE RECORD PERIOD 1886 TO 2015

WEATHER ITEM   OBSERVED TIME   RECORD YEAR NORMAL DEPARTURE LAST
                VALUE   (LST)  VALUE       VALUE  FROM      YEAR
                                                  NORMAL
..................................................................
TEMPERATURE (F)
 YESTERDAY
  MAXIMUM         79    419 PM  92    1929  75      4       79
  MINIMUM         62   1130 PM  36    1946  53      9       53
  AVERAGE         71                        64      7       66

PRECIPITATION (IN)
  YESTERDAY        0.09          2.99 1964   0.10  -0.01     0.00
  MONTH TO DATE    0.14                      0.31  -0.17     0.27
  SINCE SEP 1      0.14                      0.31  -0.17     0.27
  SINCE JAN 1     16.34                     20.71  -4.37    20.99

SNOWFALL (IN)
  YESTERDAY        0.0           0.0    MM   0.0    0.0      0.0
  MONTH TO DATE    0.0                       0.0    0.0      0.0
  SINCE SEP 1      0.0                       0.0    0.0      0.0
  SINCE JUL 1      0.0                       0.0    0.0      0.0
  SNOW DEPTH       0

DEGREE DAYS
 HEATING
  YESTERDAY        0                         3     -3        0
  MONTH TO DATE    0                         9     -9        0
  SINCE SEP 1      0                         9     -9        0
  SINCE JUL 1     50                        72    -22       29

COOLING
  YESTERDAY        6                         2      4        1
  MONTH TO DATE   31                         6     25        5
  SINCE SEP 1     31                         6     25        5
  SINCE JAN 1    433                       368     65      348
..................................................................

WIND (MPH)
  HIGHEST WIND SPEED    16   HIGHEST WIND DIRECTION     N (360)
  HIGHEST GUST SPEED    20   HIGHEST GUST DIRECTION     N (10)
  AVERAGE WIND SPEED     6.0

SKY COVER
  POSSIBLE SUNSHINE  MM
  AVERAGE SKY COVER 0.5

WEATHER CONDITIONS
 THE FOLLOWING WEATHER WAS RECORDED YESTERDAY.
  THUNDERSTORM
  RAIN
  LIGHT RAIN
  FOG

RELATIVE HUMIDITY (PERCENT)
 HIGHEST    97           200 AM
 LOWEST     74           200 PM
 AVERAGE    86
..........................................................

THE GREEN BAY WI CLIMATE NORMALS FOR TODAY
                         NORMAL    RECORD    YEAR
 MAXIMUM TEMPERATURE (F)   74        90      1990
                                             1925
 MINIMUM TEMPERATURE (F)   53        38      1974

SUNRISE AND SUNSET
SEPTEMBER  4 2015.....SUNRISE   618 AM CDT   SUNSET   724 PM CDT
SEPTEMBER  5 2015.....SUNRISE   619 AM CDT   SUNSET   722 PM CDT

-  INDICATES NEGATIVE NUMBERS.
R  INDICATES RECORD WAS SET OR TIED.
MM INDICATES DATA IS MISSING.
T  INDICATES TRACE AMOUNT.

$$
