000
CDUS43 KGRB 280705
CLIGRB


CLIMATE REPORT
NATIONAL WEATHER SERVICE GREEN BAY
203 AM CDT SAT MAY 28 2016


...................................

...THE GREEN BAY WI CLIMATE SUMMARY FOR MAY 27 2016...

CLIMATE NORMAL PERIOD 1981 TO 2010
CLIMATE RECORD PERIOD 1886 TO 2016


WEATHER ITEM   OBSERVED TIME   RECORD YEAR NORMAL DEPARTURE LAST
                VALUE   (LST)  VALUE       VALUE  FROM      YEAR
                                                  NORMAL
..................................................................
TEMPERATURE (F)
 YESTERDAY
  MAXIMUM         75    854 AM  89    1978  69      6       76
  MINIMUM         58    447 AM  31    1961  48     10       57
  AVERAGE         67                        59      8       67

PRECIPITATION (IN)
  YESTERDAY        1.42          2.22 1973   0.11   1.31     0.04
  MONTH TO DATE    3.12                      2.47   0.65     2.75
  SINCE MAR 1      8.46                      6.95   1.51     5.28
  SINCE JAN 1     10.94                      9.19   1.75     6.25

SNOWFALL (IN)
  YESTERDAY        0.0           T    1907   0.0    0.0      0.0
                                      1906
  MONTH TO DATE    T                         0.2   -0.2      0.0
  SINCE MAR 1     16.2                      11.2    5.0      4.2
  SINCE JUL 1     50.0                      51.4   -1.4     32.7
  SNOW DEPTH       0

DEGREE DAYS
 HEATING
  YESTERDAY        0                         7     -7        0
  MONTH TO DATE  247                       299    -52      184
  SINCE MAR 1   1784                      1996   -212     1716
  SINCE JUL 1   6595                      7836  -1241     7754

 COOLING
  YESTERDAY        2                         1      1        2
  MONTH TO DATE   16                        10      6       17
  SINCE MAR 1     16                        12      4       17
  SINCE JAN 1     16                        12      4       17
..................................................................


WIND (MPH)
  HIGHEST WIND SPEED    15   HIGHEST WIND DIRECTION    SE (140)
  HIGHEST GUST SPEED    19   HIGHEST GUST DIRECTION    SW (240)
  AVERAGE WIND SPEED     4.6


SKY COVER
  POSSIBLE SUNSHINE  MM
  AVERAGE SKY COVER 0.5


WEATHER CONDITIONS
 THE FOLLOWING WEATHER WAS RECORDED YESTERDAY.
  THUNDERSTORM
  HEAVY RAIN
  RAIN
  LIGHT RAIN
  FOG
  FOG W/VISIBILITY <= 1/4 MILE
  HAZE


RELATIVE HUMIDITY (PERCENT)
 HIGHEST   100          1000 PM
 LOWEST     68           700 AM
 AVERAGE    84

..........................................................


THE GREEN BAY WI CLIMATE NORMALS FOR TODAY
                         NORMAL    RECORD    YEAR
 MAXIMUM TEMPERATURE (F)   70        89      1991
 MINIMUM TEMPERATURE (F)   48        31      1949
                                             1889


SUNRISE AND SUNSET
MAY 28 2016...........SUNRISE   513 AM CDT   SUNSET   827 PM CDT
MAY 29 2016...........SUNRISE   512 AM CDT   SUNSET   828 PM CDT


-  INDICATES NEGATIVE NUMBERS.
R  INDICATES RECORD WAS SET OR TIED.
MM INDICATES DATA IS MISSING.
T  INDICATES TRACE AMOUNT.

$$
