000
CDUS43 KGRB 282134
CLIGRB


CLIMATE REPORT
NATIONAL WEATHER SERVICE GREEN BAY
433 PM CDT TUE OCT 28 2014


...................................

...THE GREEN BAY WI CLIMATE SUMMARY FOR OCTOBER 28 2014...
VALID TODAY AS OF 0400 PM LOCAL TIME.

CLIMATE NORMAL PERIOD 1981 TO 2010
CLIMATE RECORD PERIOD 1886 TO 2014


WEATHER ITEM   OBSERVED TIME   RECORD YEAR NORMAL DEPARTURE LAST
                VALUE   (LST)  VALUE       VALUE  FROM      YEAR
                                                  NORMAL
..................................................................
TEMPERATURE (F)
 TODAY
  MAXIMUM         54   1146 AM  70    1946  51      3       43
  MINIMUM         47    757 AM  16    1952  34     13       24
  AVERAGE         51                        43      8       34

PRECIPITATION (IN)
  TODAY            0.00          1.32 2004   0.08  -0.08     0.00
  MONTH TO DATE    2.51                      2.22   0.29     1.75
  SINCE SEP 1      7.20                      5.26   1.94     4.64
  SINCE JAN 1     27.92                     25.66   2.26    28.63

SNOWFALL (IN)
  TODAY            0.0           0.5  1895   0.0    0.0      0.0
  MONTH TO DATE    0.0                       0.1   -0.1       T
  SINCE SEP 1      0.0                       0.1   -0.1       T
  SINCE JUL 1      0.0                       0.1   -0.1       T
  SNOW DEPTH       0

DEGREE DAYS
 HEATING
  TODAY           14                        22     -8       31
  MONTH TO DATE  447                       488    -41      427
  SINCE SEP 1    644                       695    -51      598
  SINCE JUL 1    673                       758    -85      638

 COOLING
  TODAY            0                         0      0        0
  MONTH TO DATE    0                         0      0        2
  SINCE SEP 1     19                        33    -14       57
  SINCE JAN 1    362                       395    -33      535
..................................................................


WIND (MPH)
  HIGHEST WIND SPEED    25   HIGHEST WIND DIRECTION     W (260)
  HIGHEST GUST SPEED    33   HIGHEST GUST DIRECTION     W (260)
  AVERAGE WIND SPEED    14.1


SKY COVER
  POSSIBLE SUNSHINE  MM
  AVERAGE SKY COVER 0.5


WEATHER CONDITIONS
 THE FOLLOWING WEATHER WAS RECORDED TODAY.
  NO SIGNIFICANT WEATHER WAS OBSERVED.


RELATIVE HUMIDITY (PERCENT)
 HIGHEST    89          1200 AM
 LOWEST     54           100 PM
 AVERAGE    72

..........................................................


THE GREEN BAY WI CLIMATE NORMALS FOR TOMORROW
                         NORMAL    RECORD    YEAR
 MAXIMUM TEMPERATURE (F)   51        77      1937
 MINIMUM TEMPERATURE (F)   34        15      1925


SUNRISE AND SUNSET
OCTOBER 28 2014.......SUNRISE   725 AM CDT   SUNSET   547 PM CDT
OCTOBER 29 2014.......SUNRISE   726 AM CDT   SUNSET   546 PM CDT


-  INDICATES NEGATIVE NUMBERS.
R  INDICATES RECORD WAS SET OR TIED.
MM INDICATES DATA IS MISSING.
T  INDICATES TRACE AMOUNT.




$$
