000
CDUS43 KGRB 010628
CLIGRB


CLIMATE REPORT
NATIONAL WEATHER SERVICE GREEN BAY
127 AM CDT MON SEP 1 2014


...................................

...THE GREEN BAY WI CLIMATE SUMMARY FOR AUGUST 31 2014...

CLIMATE NORMAL PERIOD 1981 TO 2010
CLIMATE RECORD PERIOD 1886 TO 2014


WEATHER ITEM   OBSERVED TIME   RECORD YEAR NORMAL DEPARTURE LAST
                VALUE   (LST)  VALUE       VALUE  FROM      YEAR
                                                  NORMAL
..................................................................
TEMPERATURE (F)
 YESTERDAY
  MAXIMUM         76    345 PM  94    1937  75      1       80
  MINIMUM         61    542 AM  39    1967  54      7       60
  AVERAGE         69                        65      4       70

PRECIPITATION (IN)
  YESTERDAY        T             2.19 1922   0.11  -0.11     0.00
  MONTH TO DATE    4.80                      3.37   1.43     3.05
  SINCE JUN 1     10.06                     10.75  -0.69    10.22
  SINCE JAN 1     20.72                     20.40   0.32    23.99

SNOWFALL (IN)
  YESTERDAY        0.0           0.0    MM   0.0    0.0      0.0
  MONTH TO DATE    0.0                       0.0    0.0      0.0
  SINCE JUN 1      0.0                       0.0    0.0      0.0
  SINCE JUL 1      0.0                       0.0    0.0      0.0
  SNOW DEPTH       0

DEGREE DAYS
 HEATING
  YESTERDAY        0                         3     -3        0
  MONTH TO DATE   14                        40    -26       18
  SINCE JUN 1     60                       155    -95      112
  SINCE JUL 1     29                        63    -34       40

 COOLING
  YESTERDAY        4                         2      2        5
  MONTH TO DATE  122                       111     11      137
  SINCE JUN 1    327                       344    -17      440
  SINCE JAN 1    343                       362    -19      478
..................................................................


WIND (MPH)
  HIGHEST WIND SPEED    16   HIGHEST WIND DIRECTION    SE (150)
  HIGHEST GUST SPEED    19   HIGHEST GUST DIRECTION    SE (150)
  AVERAGE WIND SPEED     5.3


SKY COVER
  POSSIBLE SUNSHINE  MM
  AVERAGE SKY COVER 0.8


WEATHER CONDITIONS
 THE FOLLOWING WEATHER WAS RECORDED YESTERDAY.
  FOG
  HAZE


RELATIVE HUMIDITY (PERCENT)
 HIGHEST    93           300 AM
 LOWEST     74           200 PM
 AVERAGE    84

..........................................................


THE GREEN BAY WI CLIMATE NORMALS FOR TODAY
                         NORMAL    RECORD    YEAR
 MAXIMUM TEMPERATURE (F)   75        95      1953
 MINIMUM TEMPERATURE (F)   54        38      1888


SUNRISE AND SUNSET
SEPTEMBER  1 2014.....SUNRISE   615 AM CDT   SUNSET   729 PM CDT
SEPTEMBER  2 2014.....SUNRISE   616 AM CDT   SUNSET   727 PM CDT


-  INDICATES NEGATIVE NUMBERS.
R  INDICATES RECORD WAS SET OR TIED.
MM INDICATES DATA IS MISSING.
T  INDICATES TRACE AMOUNT.




$$
