000
CDUS43 KGRB 310717
CLIGRB


CLIMATE REPORT
NATIONAL WEATHER SERVICE GREEN BAY
215 AM CDT SUN MAY 31 2015


...................................

...THE GREEN BAY WI CLIMATE SUMMARY FOR MAY 30 2015...

CLIMATE NORMAL PERIOD 1981 TO 2010
CLIMATE RECORD PERIOD 1886 TO 2015


WEATHER ITEM   OBSERVED TIME   RECORD YEAR NORMAL DEPARTURE LAST
                VALUE   (LST)  VALUE       VALUE  FROM      YEAR
                                                  NORMAL
..................................................................
TEMPERATURE (F)
 YESTERDAY
  MAXIMUM         65   1256 AM  92    1939  70     -5       83
  MINIMUM         42   1159 PM  33    1894  49     -7       51
  AVERAGE         54                        60     -6       67

PRECIPITATION (IN)
  YESTERDAY        0.48          2.21 1943   0.12   0.36     0.00
  MONTH TO DATE    3.44                      2.81   0.63     2.95
  SINCE MAR 1      5.97                      7.29  -1.32     7.87
  SINCE JAN 1      6.94                      9.53  -2.59    10.66

SNOWFALL (IN)
  YESTERDAY        0.0           0.0    MM   0.0    0.0      0.0
  MONTH TO DATE    0.0                       0.2   -0.2      0.0
  SINCE MAR 1      4.2                      11.2   -7.0      9.8
  SINCE JUL 1     32.7                      51.4  -18.7     72.1
  SNOW DEPTH       0

DEGREE DAYS
 HEATING
  YESTERDAY       11                         7      4        0
  MONTH TO DATE  195                       320   -125      269
  SINCE MAR 1   1727                      2017   -290     2259
  SINCE JUL 1   7765                      7857    -92     8740

 COOLING
  YESTERDAY        0                         1     -1        2
  MONTH TO DATE   28                        13     15       11
  SINCE MAR 1     28                        15     13       11
  SINCE JAN 1     28                        15     13       11
..................................................................


WIND (MPH)
  HIGHEST WIND SPEED    26   HIGHEST WIND DIRECTION    NE (30)
  HIGHEST GUST SPEED    32   HIGHEST GUST DIRECTION    NE (50)
  AVERAGE WIND SPEED    14.6


SKY COVER
  POSSIBLE SUNSHINE  MM
  AVERAGE SKY COVER 0.7


WEATHER CONDITIONS
 THE FOLLOWING WEATHER WAS RECORDED YESTERDAY.
  RAIN
  LIGHT RAIN
  FOG


RELATIVE HUMIDITY (PERCENT)
 HIGHEST    97           200 AM
 LOWEST     59           700 PM
 AVERAGE    78

..........................................................


THE GREEN BAY WI CLIMATE NORMALS FOR TODAY
                         NORMAL    RECORD    YEAR
 MAXIMUM TEMPERATURE (F)   71        99      1934
 MINIMUM TEMPERATURE (F)   49        34      1897


SUNRISE AND SUNSET
MAY 31 2015...........SUNRISE   512 AM CDT   SUNSET   829 PM CDT
JUNE  1 2015..........SUNRISE   511 AM CDT   SUNSET   830 PM CDT


-  INDICATES NEGATIVE NUMBERS.
R  INDICATES RECORD WAS SET OR TIED.
MM INDICATES DATA IS MISSING.
T  INDICATES TRACE AMOUNT.

$$
