000
CDUS43 KGRB 202130
CLIGRB


CLIMATE REPORT
NATIONAL WEATHER SERVICE GREEN BAY
428 PM CDT WED SEP 20 2017


...................................

...THE GREEN BAY WI CLIMATE SUMMARY FOR SEPTEMBER 20 2017...
VALID TODAY AS OF 0400 PM LOCAL TIME.

CLIMATE NORMAL PERIOD 1981 TO 2010
CLIMATE RECORD PERIOD 1886 TO 2017


WEATHER ITEM   OBSERVED TIME   RECORD YEAR NORMAL DEPARTURE LAST
                VALUE   (LST)  VALUE       VALUE  FROM      YEAR
                                                  NORMAL
..................................................................
TEMPERATURE (F)
 TODAY
  MAXIMUM         82    259 PM  92    1908  68     14       82
                                      1895
  MINIMUM         52    356 AM  27    1956  47      5       51
  AVERAGE         67                        58      9       67

PRECIPITATION (IN)
  TODAY            0.00          2.10 1965   0.11  -0.11     0.00
  MONTH TO DATE    0.53                      2.04  -1.51     2.50
  SINCE SEP 1      0.53                      2.04  -1.51     2.50
  SINCE JAN 1     25.92                     22.44   3.48    24.12

SNOWFALL (IN)
  TODAY            0.0           0.0    MM   0.0    0.0      0.0
  MONTH TO DATE    0.0                       0.0    0.0      0.0
  SINCE SEP 1      0.0                       0.0    0.0      0.0
  SINCE JUL 1      0.0                       0.0    0.0      0.0
  SNOW DEPTH       0

DEGREE DAYS
 HEATING
  TODAY            0                         8     -8        0
  MONTH TO DATE   83                       104    -21       24
  SINCE SEP 1     83                       104    -21       24
  SINCE JUL 1    124                       167    -43       37

 COOLING
  TODAY            2                         1      1        2
  MONTH TO DATE   26                        30     -4       47
  SINCE SEP 1     26                        30     -4       47
  SINCE JAN 1    403                       392     11      569
..................................................................


WIND (MPH)
  HIGHEST WIND SPEED    26   HIGHEST WIND DIRECTION    SE (150)
  HIGHEST GUST SPEED    34   HIGHEST GUST DIRECTION    SE (150)
  AVERAGE WIND SPEED    10.9


SKY COVER
  POSSIBLE SUNSHINE  MM
  AVERAGE SKY COVER 0.2


WEATHER CONDITIONS
 THE FOLLOWING WEATHER WAS RECORDED TODAY.
  FOG


RELATIVE HUMIDITY (PERCENT)
 HIGHEST   100          1200 AM
 LOWEST     63           300 PM
 AVERAGE    82

..........................................................


THE GREEN BAY WI CLIMATE NORMALS FOR TOMORROW
                         NORMAL    RECORD    YEAR
 MAXIMUM TEMPERATURE (F)   68        90      1908
                                             1895
 MINIMUM TEMPERATURE (F)   46        28      1974


SUNRISE AND SUNSET
SEPTEMBER 20 2017.....SUNRISE   638 AM CDT   SUNSET   653 PM CDT
SEPTEMBER 21 2017.....SUNRISE   639 AM CDT   SUNSET   651 PM CDT


-  INDICATES NEGATIVE NUMBERS.
R  INDICATES RECORD WAS SET OR TIED.
MM INDICATES DATA IS MISSING.
T  INDICATES TRACE AMOUNT.




$$
