000
CDUS43 KGRB 230731
CLIGRB


CLIMATE REPORT
NATIONAL WEATHER SERVICE GREEN BAY
131 AM CST MON JAN 23 2017


...................................

...THE GREEN BAY WI CLIMATE SUMMARY FOR JANUARY 22 2017...

CLIMATE NORMAL PERIOD 1981 TO 2010
CLIMATE RECORD PERIOD 1886 TO 2017


WEATHER ITEM   OBSERVED TIME   RECORD YEAR NORMAL DEPARTURE LAST
                VALUE   (LST)  VALUE       VALUE  FROM      YEAR
                                                  NORMAL
..................................................................
TEMPERATURE (F)
 YESTERDAY
  MAXIMUM         40    329 PM  48    1964  24     16       29
  MINIMUM         36   1159 PM -22    1890   9     27       16
  AVERAGE         38                        16     22       23

PRECIPITATION (IN)
  YESTERDAY        0.00          0.72 1933   0.04  -0.04      T
  MONTH TO DATE    1.79                      0.83   0.96     0.81
  SINCE DEC 1      4.04                      2.34   1.70     6.52
  SINCE JAN 1      1.79                      0.83   0.96     0.81

SNOWFALL (IN)
  YESTERDAY        0.0           8.2  1941   0.4   -0.4       T
  MONTH TO DATE    6.2                       9.1   -2.9      3.3
  SINCE DEC 1     29.3                      22.2    7.1     17.0
  SINCE JUL 1     30.2                      26.4    3.8     17.2
  SNOW DEPTH       2

DEGREE DAYS
 HEATING
  YESTERDAY       27                        49    -22       42
  MONTH TO DATE  967                      1068   -101     1062
  SINCE DEC 1   2218                      2418   -200     2000
  SINCE JUL 1   3280                      4158   -878     3272

 COOLING
  YESTERDAY        0                         0      0        0
  MONTH TO DATE    0                         0      0        0
  SINCE DEC 1      0                         0      0        0
  SINCE JAN 1      0                         0      0        0
..................................................................


WIND (MPH)
  HIGHEST WIND SPEED     8   HIGHEST WIND DIRECTION     W (260)
  HIGHEST GUST SPEED    10   HIGHEST GUST DIRECTION     W (270)
  AVERAGE WIND SPEED     2.3


SKY COVER
  POSSIBLE SUNSHINE  MM
  AVERAGE SKY COVER 1.0


WEATHER CONDITIONS
 THE FOLLOWING WEATHER WAS RECORDED YESTERDAY.
  FOG
  FOG W/VISIBILITY <= 1/4 MILE


RELATIVE HUMIDITY (PERCENT)
 HIGHEST   100          1200 AM
 LOWEST    100          1200 AM
 AVERAGE   100

..........................................................


THE GREEN BAY WI CLIMATE NORMALS FOR TODAY
                         NORMAL    RECORD    YEAR
 MAXIMUM TEMPERATURE (F)   24        46      1989
                                             1942
 MINIMUM TEMPERATURE (F)    9       -27      1963


SUNRISE AND SUNSET
JANUARY 23 2017.......SUNRISE   720 AM CST   SUNSET   450 PM CST
JANUARY 24 2017.......SUNRISE   719 AM CST   SUNSET   451 PM CST


-  INDICATES NEGATIVE NUMBERS.
R  INDICATES RECORD WAS SET OR TIED.
MM INDICATES DATA IS MISSING.
T  INDICATES TRACE AMOUNT.




$$
