089
CDUS43 KGRB 250655
CLIGRB


CLIMATE REPORT
NATIONAL WEATHER SERVICE GREEN BAY
152 AM CDT SAT MAR 25 2017


...................................

...THE GREEN BAY WI CLIMATE SUMMARY FOR MARCH 24 2017...

CLIMATE NORMAL PERIOD 1981 TO 2010
CLIMATE RECORD PERIOD 1886 TO 2017


WEATHER ITEM   OBSERVED TIME   RECORD YEAR NORMAL DEPARTURE LAST
                VALUE   (LST)  VALUE       VALUE  FROM      YEAR
                                                  NORMAL
..................................................................
TEMPERATURE (F)
 YESTERDAY
  MAXIMUM         41   1008 AM  72    1910  43     -2       31
  MINIMUM         35   1159 PM  -4    1974  25     10       21
                                      1888
  AVERAGE         38                        34      4       26

PRECIPITATION (IN)
  YESTERDAY        0.55          0.80 2009   0.06   0.49     0.62
  MONTH TO DATE    1.53                      1.38   0.15     2.73
  SINCE MAR 1      1.53                      1.38   0.15     2.73
  SINCE JAN 1      4.78                      3.62   1.16     5.21

SNOWFALL (IN)
  YESTERDAY        0.0           6.0  2016   0.2   -0.2      6.0
  MONTH TO DATE    8.9                       6.9    2.0     11.8
  SINCE MAR 1      8.9                       6.9    2.0     11.8
  SINCE JUL 1     53.1                      47.1    6.0     45.6
  SNOW DEPTH       0

DEGREE DAYS
 HEATING
  YESTERDAY       27                        31     -4       39
  MONTH TO DATE  840                       856    -16      681
  SINCE MAR 1    840                       856    -16      681
  SINCE JUL 1   5413                      6696  -1283     5492

 COOLING
  YESTERDAY        0                         0      0        0
  MONTH TO DATE    0                         0      0        0
  SINCE MAR 1      0                         0      0        0
  SINCE JAN 1      0                         0      0        0
..................................................................


WIND (MPH)
  HIGHEST WIND SPEED    23   HIGHEST WIND DIRECTION    NE (30)
  HIGHEST GUST SPEED    28   HIGHEST GUST DIRECTION    NE (40)
  AVERAGE WIND SPEED     9.9


SKY COVER
  POSSIBLE SUNSHINE  MM
  AVERAGE SKY COVER 1.0


WEATHER CONDITIONS
 THE FOLLOWING WEATHER WAS RECORDED YESTERDAY.
  RAIN
  LIGHT RAIN
  FOG


RELATIVE HUMIDITY (PERCENT)
 HIGHEST   100           600 AM
 LOWEST     85          1200 AM
 AVERAGE    93

..........................................................


THE GREEN BAY WI CLIMATE NORMALS FOR TODAY
                         NORMAL    RECORD    YEAR
 MAXIMUM TEMPERATURE (F)   43        73      2007
 MINIMUM TEMPERATURE (F)   26         0      1960


SUNRISE AND SUNSET
MARCH 25 2017.........SUNRISE   646 AM CDT   SUNSET   712 PM CDT
MARCH 26 2017.........SUNRISE   644 AM CDT   SUNSET   713 PM CDT


-  INDICATES NEGATIVE NUMBERS.
R  INDICATES RECORD WAS SET OR TIED.
MM INDICATES DATA IS MISSING.
T  INDICATES TRACE AMOUNT.




$$
