000
CDUS43 KGRB 130647
CLIGRB


CLIMATE REPORT
NATIONAL WEATHER SERVICE GREEN BAY
146 AM CDT SUN AUG 13 2017


...................................

...THE GREEN BAY WI CLIMATE SUMMARY FOR AUGUST 12 2017...

CLIMATE NORMAL PERIOD 1981 TO 2010
CLIMATE RECORD PERIOD 1886 TO 2017


WEATHER ITEM   OBSERVED TIME   RECORD YEAR NORMAL DEPARTURE LAST
                VALUE   (LST)  VALUE       VALUE  FROM      YEAR
                                                  NORMAL
..................................................................
TEMPERATURE (F)
 YESTERDAY
  MAXIMUM         78    347 PM  94    1947  78      0       75
  MINIMUM         55   1159 PM  44    1954  58     -3       69
  AVERAGE         67                        68     -1       72

PRECIPITATION (IN)
  YESTERDAY        0.00          1.60 1995   0.11  -0.11      T
  MONTH TO DATE    1.88                      1.36   0.52     0.02
  SINCE JUN 1     10.22                      8.74   1.48     7.68
  SINCE JAN 1     23.22                     18.39   4.83    18.86

SNOWFALL (IN)
  YESTERDAY        0.0           0.0    MM   0.0    0.0      0.0
  MONTH TO DATE    0.0                       0.0    0.0      0.0
  SINCE JUN 1      0.0                       0.0    0.0      0.0
  SINCE JUL 1      0.0                       0.0    0.0      0.0
  SNOW DEPTH       0

DEGREE DAYS
 HEATING
  YESTERDAY        0                         1     -1        0
  MONTH TO DATE    8                        12     -4        0
  SINCE JUN 1     36                       127    -91       31
  SINCE JUL 1      9                        35    -26        6

 COOLING
  YESTERDAY        2                         4     -2        7
  MONTH TO DATE   30                        49    -19       93
  SINCE JUN 1    331                       282     49      391
  SINCE JAN 1    339                       300     39      424
..................................................................


WIND (MPH)
  HIGHEST WIND SPEED    12   HIGHEST WIND DIRECTION    NW (330)
  HIGHEST GUST SPEED    15   HIGHEST GUST DIRECTION    NW (330)
  AVERAGE WIND SPEED     4.9


SKY COVER
  POSSIBLE SUNSHINE  MM
  AVERAGE SKY COVER 0.2


WEATHER CONDITIONS
 THE FOLLOWING WEATHER WAS RECORDED YESTERDAY.
  NO SIGNIFICANT WEATHER WAS OBSERVED.


RELATIVE HUMIDITY (PERCENT)
 HIGHEST   100          1200 AM
 LOWEST     40           200 PM
 AVERAGE    70

..........................................................


THE GREEN BAY WI CLIMATE NORMALS FOR TODAY
                         NORMAL    RECORD    YEAR
 MAXIMUM TEMPERATURE (F)   78        97      1944
 MINIMUM TEMPERATURE (F)   58        44      1964


SUNRISE AND SUNSET
AUGUST 13 2017........SUNRISE   553 AM CDT   SUNSET   800 PM CDT
AUGUST 14 2017........SUNRISE   555 AM CDT   SUNSET   759 PM CDT


-  INDICATES NEGATIVE NUMBERS.
R  INDICATES RECORD WAS SET OR TIED.
MM INDICATES DATA IS MISSING.
T  INDICATES TRACE AMOUNT.




$$
