000
CDUS43 KGRB 260710
CLIGRB


CLIMATE REPORT
NATIONAL WEATHER SERVICE GREEN BAY
209 AM CDT FRI MAY 26 2017


...................................

...THE GREEN BAY WI CLIMATE SUMMARY FOR MAY 25 2017...

CLIMATE NORMAL PERIOD 1981 TO 2010
CLIMATE RECORD PERIOD 1886 TO 2017


WEATHER ITEM   OBSERVED TIME   RECORD YEAR NORMAL DEPARTURE LAST
                VALUE   (LST)  VALUE       VALUE  FROM      YEAR
                                                  NORMAL
..................................................................
TEMPERATURE (F)
 YESTERDAY
  MAXIMUM         69    455 PM  88    1911  69      0       71
  MINIMUM         48    453 AM  32    1988  47      1       57
  AVERAGE         59                        58      1       64

PRECIPITATION (IN)
  YESTERDAY        0.00          1.54 1957   0.11  -0.11     0.42
  MONTH TO DATE    2.55                      2.25   0.30     1.70
  SINCE MAR 1      9.33                      6.73   2.60     7.04
  SINCE JAN 1     12.58                      8.97   3.61     9.52

SNOWFALL (IN)
  YESTERDAY        0.0           0.0    MM   0.0    0.0      0.0
  MONTH TO DATE    0.0                       0.2   -0.2       T
  SINCE MAR 1      9.0                      11.2   -2.2     16.2
  SINCE JUL 1     53.2                      51.4    1.8     50.0
  SNOW DEPTH       0

DEGREE DAYS
 HEATING
  YESTERDAY        6                         8     -2        1
  MONTH TO DATE  281                       284     -3      247
  SINCE MAR 1   1792                      1981   -189     1784
  SINCE JUL 1   6365                      7821  -1456     6595

 COOLING
  YESTERDAY        0                         1     -1        0
  MONTH TO DATE    8                         8      0        9
  SINCE MAR 1      8                        10     -2        9
  SINCE JAN 1      8                        10     -2        9
..................................................................


WIND (MPH)
  HIGHEST WIND SPEED    21   HIGHEST WIND DIRECTION    NE (40)
  HIGHEST GUST SPEED    26   HIGHEST GUST DIRECTION    NE (30)
  AVERAGE WIND SPEED     9.6


SKY COVER
  POSSIBLE SUNSHINE  MM
  AVERAGE SKY COVER 0.1


WEATHER CONDITIONS
 THE FOLLOWING WEATHER WAS RECORDED YESTERDAY.
  NO SIGNIFICANT WEATHER WAS OBSERVED.


RELATIVE HUMIDITY (PERCENT)
 HIGHEST   100           100 AM
 LOWEST     57           400 PM
 AVERAGE    79

..........................................................


THE GREEN BAY WI CLIMATE NORMALS FOR TODAY
                         NORMAL    RECORD    YEAR
 MAXIMUM TEMPERATURE (F)   69        88      1978
                                             1914
 MINIMUM TEMPERATURE (F)   47        31      1969


SUNRISE AND SUNSET
MAY 26 2017...........SUNRISE   515 AM CDT   SUNSET   825 PM CDT
MAY 27 2017...........SUNRISE   514 AM CDT   SUNSET   826 PM CDT


-  INDICATES NEGATIVE NUMBERS.
R  INDICATES RECORD WAS SET OR TIED.
MM INDICATES DATA IS MISSING.
T  INDICATES TRACE AMOUNT.

$$
