000
CDUS43 KGRB 210734
CLIGRB


CLIMATE REPORT
NATIONAL WEATHER SERVICE GREEN BAY
134 AM CST FRI NOV 21 2014


...................................

...THE GREEN BAY WI CLIMATE SUMMARY FOR NOVEMBER 20 2014...

CLIMATE NORMAL PERIOD 1981 TO 2010
CLIMATE RECORD PERIOD 1886 TO 2014


WEATHER ITEM   OBSERVED TIME   RECORD YEAR NORMAL DEPARTURE LAST
                VALUE   (LST)  VALUE       VALUE  FROM      YEAR
                                                  NORMAL
..................................................................
TEMPERATURE (F)
 YESTERDAY
  MAXIMUM         19   1250 PM  62    2003  40    -21       44
                                      1982
                                      1953
  MINIMUM          7   1109 PM   6    1903  25    -18       31
  AVERAGE         13                        32    -19       38

PRECIPITATION (IN)
  YESTERDAY        T             1.53 1992   0.06  -0.06      T
  MONTH TO DATE    1.43                      1.44  -0.01     3.29
  SINCE SEP 1      8.63                      6.92   1.71     9.13
  SINCE JAN 1     29.35                     27.32   2.03    33.12

SNOWFALL (IN)
  YESTERDAY        T             3.6  1986   0.2   -0.2      0.0
  MONTH TO DATE    2.4                       1.8    0.6       T
  SINCE SEP 1      2.4                       2.0    0.4       T
  SINCE JUL 1      2.4                       2.0    0.4       T
  SNOW DEPTH       1

DEGREE DAYS
 HEATING
  YESTERDAY       52                        33     19       27
  MONTH TO DATE  697                       562    135      512
  SINCE SEP 1   1414                      1325     89     1170
  SINCE JUL 1   1443                      1388     55     1210

 COOLING
  YESTERDAY        0                         0      0        0
  MONTH TO DATE    0                         0      0        0
  SINCE SEP 1     19                        36    -17       57
  SINCE JAN 1    362                       398    -36      535
..................................................................


WIND (MPH)
  HIGHEST WIND SPEED    23   HIGHEST WIND DIRECTION    NW (300)
  HIGHEST GUST SPEED    29   HIGHEST GUST DIRECTION     W (280)
  AVERAGE WIND SPEED    12.7


SKY COVER
  POSSIBLE SUNSHINE  MM
  AVERAGE SKY COVER 0.2


WEATHER CONDITIONS
 THE FOLLOWING WEATHER WAS RECORDED YESTERDAY.
  NO SIGNIFICANT WEATHER WAS OBSERVED.


RELATIVE HUMIDITY (PERCENT)
 HIGHEST    76          1100 PM
 LOWEST     54          1100 AM
 AVERAGE    65

..........................................................


THE GREEN BAY WI CLIMATE NORMALS FOR TODAY
                         NORMAL    RECORD    YEAR
 MAXIMUM TEMPERATURE (F)   39        66      1913
 MINIMUM TEMPERATURE (F)   25         6      1929
                                             1895


SUNRISE AND SUNSET
NOVEMBER 21 2014......SUNRISE   657 AM CST   SUNSET   420 PM CST
NOVEMBER 22 2014......SUNRISE   658 AM CST   SUNSET   419 PM CST


-  INDICATES NEGATIVE NUMBERS.
R  INDICATES RECORD WAS SET OR TIED.
MM INDICATES DATA IS MISSING.
T  INDICATES TRACE AMOUNT.




$$
