000
CDUS43 KGRB 160651
CLIGRB


CLIMATE REPORT
NATIONAL WEATHER SERVICE GREEN BAY
150 AM CDT TUE SEP 16 2014


...................................

...THE GREEN BAY WI CLIMATE SUMMARY FOR SEPTEMBER 15 2014...

CLIMATE NORMAL PERIOD 1981 TO 2010
CLIMATE RECORD PERIOD 1886 TO 2014


WEATHER ITEM   OBSERVED TIME   RECORD YEAR NORMAL DEPARTURE LAST
                VALUE   (LST)  VALUE       VALUE  FROM      YEAR
                                                  NORMAL
..................................................................
TEMPERATURE (F)
 YESTERDAY
  MAXIMUM         61    406 PM  94    1939  70     -9       66
  MINIMUM         43   1156 PM  32    2007  49     -6       43
  AVERAGE         52                        60     -8       55

PRECIPITATION (IN)
  YESTERDAY        0.10          1.40 1936   0.11  -0.01     0.38
  MONTH TO DATE    3.77                      1.52   2.25     2.26
  SINCE SEP 1      3.77                      1.52   2.25     2.26
  SINCE JAN 1     24.49                     21.92   2.57    26.25

SNOWFALL (IN)
  YESTERDAY        0.0           0.0    MM   0.0    0.0      0.0
  MONTH TO DATE    0.0                       0.0    0.0      0.0
  SINCE SEP 1      0.0                       0.0    0.0      0.0
  SINCE JUL 1      0.0                       0.0    0.0      0.0
  SNOW DEPTH       0

DEGREE DAYS
 HEATING
  YESTERDAY       13                         6      7       10
  MONTH TO DATE   85                        67     18       54
  SINCE SEP 1     85                        67     18       54
  SINCE JUL 1    114                       130    -16       94

 COOLING
  YESTERDAY        0                         1     -1        0
  MONTH TO DATE   17                        25     -8       43
  SINCE SEP 1     17                        25     -8       43
  SINCE JAN 1    360                       387    -27      521
..................................................................


WIND (MPH)
  HIGHEST WIND SPEED    10   HIGHEST WIND DIRECTION     W (270)
  HIGHEST GUST SPEED    13   HIGHEST GUST DIRECTION     W (260)
  AVERAGE WIND SPEED     4.3


SKY COVER
  POSSIBLE SUNSHINE  MM
  AVERAGE SKY COVER 0.7


WEATHER CONDITIONS
 THE FOLLOWING WEATHER WAS RECORDED YESTERDAY.
  RAIN
  LIGHT RAIN


RELATIVE HUMIDITY (PERCENT)
 HIGHEST    96           600 AM
 LOWEST     64           400 PM
 AVERAGE    80

..........................................................


THE GREEN BAY WI CLIMATE NORMALS FOR TODAY
                         NORMAL    RECORD    YEAR
 MAXIMUM TEMPERATURE (F)   70        92      1891
 MINIMUM TEMPERATURE (F)   48        33      1916


SUNRISE AND SUNSET
SEPTEMBER 16 2014.....SUNRISE   633 AM CDT   SUNSET   701 PM CDT
SEPTEMBER 17 2014.....SUNRISE   634 AM CDT   SUNSET   659 PM CDT


-  INDICATES NEGATIVE NUMBERS.
R  INDICATES RECORD WAS SET OR TIED.
MM INDICATES DATA IS MISSING.
T  INDICATES TRACE AMOUNT.




$$
