000
CDUS43 KGRB 160801
CLIGRB


CLIMATE REPORT
NATIONAL WEATHER SERVICE GREEN BAY
158 AM CST THU NOV 16 2017


...................................

...THE GREEN BAY WI CLIMATE SUMMARY FOR NOVEMBER 15 2017...

CLIMATE NORMAL PERIOD 1981 TO 2010
CLIMATE RECORD PERIOD 1886 TO 2017


WEATHER ITEM   OBSERVED TIME   RECORD YEAR NORMAL DEPARTURE LAST
                VALUE   (LST)  VALUE       VALUE  FROM      YEAR
                                                  NORMAL
..................................................................
TEMPERATURE (F)
 YESTERDAY
  MAXIMUM         47    313 AM  68    2001  43      4       52
  MINIMUM         35   1159 PM   1    1959  27      8       41
  AVERAGE         41                        35      6       47

PRECIPITATION (IN)
  YESTERDAY        0.26          0.84 2005   0.08   0.18      T
  MONTH TO DATE    0.67                      1.09  -0.42     0.10
  SINCE SEP 1      4.80                      6.57  -1.77     7.05
  SINCE JAN 1     30.19                     26.97   3.22    28.67

SNOWFALL (IN)
  YESTERDAY        0.0           2.4  1973   0.1   -0.1      0.0
  MONTH TO DATE    0.6                       1.0   -0.4      0.0
  SINCE SEP 1      0.6                       1.2   -0.6      0.0
  SINCE JUL 1      0.6                       1.2   -0.6      0.0
  SNOW DEPTH       0

DEGREE DAYS
 HEATING
  YESTERDAY       24                        30     -6       18
  MONTH TO DATE  455                       403     52      225
  SINCE SEP 1    951                      1166   -215      666
  SINCE JUL 1    992                      1229   -237      679

 COOLING
  YESTERDAY        0                         0      0        0
  MONTH TO DATE    0                         0      0        0
  SINCE SEP 1    100                        36     64       55
  SINCE JAN 1    477                       398     79      577
..................................................................


WIND (MPH)
  HIGHEST WIND SPEED    28   HIGHEST WIND DIRECTION     W (280)
  HIGHEST GUST SPEED    34   HIGHEST GUST DIRECTION     W (280)
  AVERAGE WIND SPEED    13.4


SKY COVER
  POSSIBLE SUNSHINE  MM
  AVERAGE SKY COVER 1.0


WEATHER CONDITIONS
 THE FOLLOWING WEATHER WAS RECORDED YESTERDAY.
  RAIN
  LIGHT RAIN
  LIGHT SNOW
  FOG


RELATIVE HUMIDITY (PERCENT)
 HIGHEST   100           800 AM
 LOWEST     76          1200 AM
 AVERAGE    88

..........................................................


THE GREEN BAY WI CLIMATE NORMALS FOR TODAY
                         NORMAL    RECORD    YEAR
 MAXIMUM TEMPERATURE (F)   42        72      1953
 MINIMUM TEMPERATURE (F)   27         1      1959
                                             1933


SUNRISE AND SUNSET
NOVEMBER 16 2017......SUNRISE   650 AM CST   SUNSET   424 PM CST
NOVEMBER 17 2017......SUNRISE   652 AM CST   SUNSET   423 PM CST


-  INDICATES NEGATIVE NUMBERS.
R  INDICATES RECORD WAS SET OR TIED.
MM INDICATES DATA IS MISSING.
T  INDICATES TRACE AMOUNT.




$$
