980
CDUS43 KGRB 120652
CLIGRB


CLIMATE REPORT
NATIONAL WEATHER SERVICE GREEN BAY
1251 AM CST FRI FEB 12 2016


...................................

...THE GREEN BAY WI CLIMATE SUMMARY FOR FEBRUARY 11 2016...

CLIMATE NORMAL PERIOD 1981 TO 2010
CLIMATE RECORD PERIOD 1886 TO 2016


WEATHER ITEM   OBSERVED TIME   RECORD YEAR NORMAL DEPARTURE LAST
                VALUE   (LST)  VALUE       VALUE  FROM      YEAR
                                                  NORMAL
..................................................................
TEMPERATURE (F)
 YESTERDAY
  MAXIMUM         17    417 PM  58    1999  27    -10       30
  MINIMUM         -4    711 AM -29    1899  11    -15       11
  AVERAGE          7                        19    -12       21

PRECIPITATION (IN)
  YESTERDAY        0.00          0.66 1887   0.04  -0.04      T
  MONTH TO DATE    0.98                      0.37   0.61     0.25
  SINCE DEC 1      8.02                      3.01   5.01     2.49
  SINCE JAN 1      2.31                      1.50   0.81     0.81

SNOWFALL (IN)
  YESTERDAY        0.0           6.8  1953   0.4   -0.4       T
  MONTH TO DATE   10.7                       4.1    6.6      3.5
  SINCE DEC 1     32.1                      30.2    1.9     15.8
  SINCE JUL 1     32.3                      34.4   -2.1     24.0
  SNOW DEPTH       9

DEGREE DAYS
 HEATING
  YESTERDAY       58                        46     12       44
  MONTH TO DATE  478                       516    -38      540
  SINCE DEC 1   2826                      3365   -539     3210
  SINCE JUL 1   4098                      5105  -1007     5047

 COOLING
  YESTERDAY        0                         0      0        0
  MONTH TO DATE    0                         0      0        0
  SINCE DEC 1      0                         0      0        0
  SINCE JAN 1      0                         0      0        0
..................................................................


WIND (MPH)
  HIGHEST WIND SPEED    15   HIGHEST WIND DIRECTION     W (270)
  HIGHEST GUST SPEED    18   HIGHEST GUST DIRECTION     W (270)
  AVERAGE WIND SPEED     8.1


SKY COVER
  POSSIBLE SUNSHINE  MM
  AVERAGE SKY COVER 0.3


WEATHER CONDITIONS
 THE FOLLOWING WEATHER WAS RECORDED YESTERDAY.
  NO SIGNIFICANT WEATHER WAS OBSERVED.


RELATIVE HUMIDITY (PERCENT)
 HIGHEST    87           600 AM
 LOWEST     46           500 PM
 AVERAGE    67

..........................................................


THE GREEN BAY WI CLIMATE NORMALS FOR TODAY
                         NORMAL    RECORD    YEAR
 MAXIMUM TEMPERATURE (F)   27        45      2005
                                             1990
                                             1966
 MINIMUM TEMPERATURE (F)   12       -27      1899


SUNRISE AND SUNSET
FEBRUARY 12 2016......SUNRISE   658 AM CST   SUNSET   517 PM CST
FEBRUARY 13 2016......SUNRISE   656 AM CST   SUNSET   518 PM CST


-  INDICATES NEGATIVE NUMBERS.
R  INDICATES RECORD WAS SET OR TIED.
MM INDICATES DATA IS MISSING.
T  INDICATES TRACE AMOUNT.




$$
