000
CDUS43 KGRB 220730
CLIGRB

CLIMATE REPORT
NATIONAL WEATHER SERVICE GREEN BAY
226 AM CDT THU SEP 22 2016

...................................

...THE GREEN BAY WI CLIMATE SUMMARY FOR SEPTEMBER 21 2016...

CLIMATE NORMAL PERIOD 1981 TO 2010
CLIMATE RECORD PERIOD 1886 TO 2016

WEATHER ITEM   OBSERVED TIME   RECORD YEAR NORMAL DEPARTURE LAST
                VALUE   (LST)  VALUE       VALUE  FROM      YEAR
                                                  NORMAL
..................................................................
TEMPERATURE (F)
 YESTERDAY
  MAXIMUM         73    210 PM  90    1908  68      5       75
                                      1895
  MINIMUM         57    127 AM  28    1974  46     11       50
  AVERAGE         65                        57      8       63

PRECIPITATION (IN)
  YESTERDAY        1.08          1.83 1893   0.11   0.97     0.00
  MONTH TO DATE    3.58                      2.15   1.43     5.73
  SINCE SEP 1      3.58                      2.15   1.43     5.73
  SINCE JAN 1     25.20                     22.55   2.65    21.93

SNOWFALL (IN)
  YESTERDAY        0.0           0.0    MM   0.0    0.0      0.0
  MONTH TO DATE    0.0                       0.0    0.0      0.0
  SINCE SEP 1      0.0                       0.0    0.0      0.0
  SINCE JUL 1      0.0                       0.0    0.0      0.0
  SNOW DEPTH       0

DEGREE DAYS
 HEATING
  YESTERDAY        0                         9     -9        2
  MONTH TO DATE   24                       113    -89       40
  SINCE SEP 1     24                       113    -89       40
  SINCE JUL 1     37                       176   -139       90

COOLING
  YESTERDAY        0                         1     -1        0
  MONTH TO DATE   47                        31     16      102
  SINCE SEP 1     47                        31     16      102
  SINCE JAN 1    569                       393    176      504
..................................................................

WIND (MPH)
  HIGHEST WIND SPEED    26   HIGHEST WIND DIRECTION     W (290)
  HIGHEST GUST SPEED    37   HIGHEST GUST DIRECTION     W (280)
  AVERAGE WIND SPEED     5.6

SKY COVER
  POSSIBLE SUNSHINE  MM
  AVERAGE SKY COVER 0.5

WEATHER CONDITIONS
 THE FOLLOWING WEATHER WAS RECORDED YESTERDAY.
  THUNDERSTORM
  HEAVY RAIN
  RAIN
  LIGHT RAIN
  FOG

RELATIVE HUMIDITY (PERCENT)
 HIGHEST   100           100 AM
 LOWEST     73           200 PM
 AVERAGE    87
..........................................................

THE GREEN BAY WI CLIMATE NORMALS FOR TODAY
                         NORMAL    RECORD    YEAR
 MAXIMUM TEMPERATURE (F)   67        93      1895
 MINIMUM TEMPERATURE (F)   46        27      1974

SUNRISE AND SUNSET
SEPTEMBER 22 2016.....SUNRISE   640 AM CDT   SUNSET   649 PM CDT
SEPTEMBER 23 2016.....SUNRISE   641 AM CDT   SUNSET   647 PM CDT

-  INDICATES NEGATIVE NUMBERS.
R  INDICATES RECORD WAS SET OR TIED.
MM INDICATES DATA IS MISSING.
T  INDICATES TRACE AMOUNT.

$$
