000
CDUS43 KGRB 010653
CLIGRB


CLIMATE REPORT
NATIONAL WEATHER SERVICE GREEN BAY
1250 AM CST THU DEC 1 2016


...................................

...THE GREEN BAY WI CLIMATE SUMMARY FOR NOVEMBER 30 2016...

CLIMATE NORMAL PERIOD 1981 TO 2010
CLIMATE RECORD PERIOD 1886 TO 2016


WEATHER ITEM   OBSERVED TIME   RECORD YEAR NORMAL DEPARTURE LAST
                VALUE   (LST)  VALUE       VALUE  FROM      YEAR
                                                  NORMAL
..................................................................
TEMPERATURE (F)
 YESTERDAY
  MAXIMUM         41    402 PM  63    1998  35      6       39
  MINIMUM         31   1256 AM  -8    1976  20     11       28
  AVERAGE         36                        27      9       34

PRECIPITATION (IN)
  YESTERDAY        0.06          0.52 1934   0.07  -0.01     0.11
  MONTH TO DATE    2.29                      2.13   0.16     2.49
  SINCE SEP 1      9.24                      7.61   1.63    10.98
  SINCE JAN 1     30.86                     28.01   2.85    27.18

SNOWFALL (IN)
  YESTERDAY        0.0           3.0  1940   0.3   -0.3      0.0
  MONTH TO DATE    0.9                       4.0   -3.1      0.2
  SINCE SEP 1      0.9                       4.2   -3.3      0.2
  SINCE JUL 1      0.9                       4.2   -3.3      0.2
  SNOW DEPTH       0

DEGREE DAYS
 HEATING
  YESTERDAY       29                        38     -9       31
  MONTH TO DATE  608                       917   -309      697
  SINCE SEP 1   1049                      1677   -628     1222
  SINCE JUL 1   1062                      1740   -678     1272

 COOLING
  YESTERDAY        0                         0      0        0
  MONTH TO DATE    0                         0      0        0
  SINCE SEP 1     55                        36     19      115
  SINCE JAN 1    577                       398    179      517
..................................................................


WIND (MPH)
  HIGHEST WIND SPEED     9   HIGHEST WIND DIRECTION    SW (240)
  HIGHEST GUST SPEED    13   HIGHEST GUST DIRECTION    SW (230)
  AVERAGE WIND SPEED     4.5


SKY COVER
  POSSIBLE SUNSHINE  MM
  AVERAGE SKY COVER 0.8


WEATHER CONDITIONS
 THE FOLLOWING WEATHER WAS RECORDED YESTERDAY.
  LIGHT RAIN
  FOG


RELATIVE HUMIDITY (PERCENT)
 HIGHEST   100          1000 PM
 LOWEST     79          1200 PM
 AVERAGE    90

..........................................................


THE GREEN BAY WI CLIMATE NORMALS FOR TODAY
                         NORMAL    RECORD    YEAR
 MAXIMUM TEMPERATURE (F)   34        62      1970
 MINIMUM TEMPERATURE (F)   20       -11      1893


SUNRISE AND SUNSET
DECEMBER  1 2016......SUNRISE   709 AM CST   SUNSET   414 PM CST
DECEMBER  2 2016......SUNRISE   710 AM CST   SUNSET   414 PM CST


-  INDICATES NEGATIVE NUMBERS.
R  INDICATES RECORD WAS SET OR TIED.
MM INDICATES DATA IS MISSING.
T  INDICATES TRACE AMOUNT.




$$
