000
CDUS43 KGRB 120636
CLIGRB


CLIMATE REPORT
NATIONAL WEATHER SERVICE GREEN BAY
135 AM CDT SAT APR 12 2014


...................................

...THE GREEN BAY WI CLIMATE SUMMARY FOR APRIL 11 2014...

CLIMATE NORMAL PERIOD 1981 TO 2010
CLIMATE RECORD PERIOD 1886 TO 2014


WEATHER ITEM   OBSERVED TIME   RECORD YEAR NORMAL DEPARTURE LAST
                VALUE   (LST)  VALUE       VALUE  FROM      YEAR
                                                  NORMAL
..................................................................
TEMPERATURE (F)
 YESTERDAY
  MAXIMUM         57   1126 AM  82    1977  52      5       36
  MINIMUM         33    422 AM  18    1973  32      1       32
  AVERAGE         45                        42      3       34

PRECIPITATION (IN)
  YESTERDAY        T             1.21 2001   0.09  -0.09     0.24
  MONTH TO DATE    0.32                      0.91  -0.59     2.10
  SINCE MAR 1      1.23                      2.76  -1.53     4.11
  SINCE JAN 1      4.02                      5.00  -0.98     8.77

SNOWFALL (IN)
  YESTERDAY        0.0           3.2  2007   0.2   -0.2      0.5
  MONTH TO DATE    0.2                       1.6   -1.4      4.5
  SINCE MAR 1      6.3                       9.7   -3.4     12.9
  SINCE JUL 1     68.6                      49.9   18.7     70.9
  SNOW DEPTH       0

DEGREE DAYS
 HEATING
  YESTERDAY       20                        23     -3       31
  MONTH TO DATE  260                       277    -17      323
  SINCE MAR 1   1554                      1337    217     1511
  SINCE JUL 1   8035                      7177    858     6954

 COOLING
  YESTERDAY        0                         0      0        0
  MONTH TO DATE    0                         0      0        0
  SINCE MAR 1      0                         0      0        0
  SINCE JAN 1      0                         0      0        0
..................................................................


WIND (MPH)
  HIGHEST WIND SPEED    22   HIGHEST WIND DIRECTION     W (260)
  HIGHEST GUST SPEED    29   HIGHEST GUST DIRECTION    SW (230)
  AVERAGE WIND SPEED     4.8


SKY COVER
  POSSIBLE SUNSHINE  MM
  AVERAGE SKY COVER 0.4


WEATHER CONDITIONS
 THE FOLLOWING WEATHER WAS RECORDED YESTERDAY.
  LIGHT RAIN


RELATIVE HUMIDITY (PERCENT)
 HIGHEST    85          1100 PM
 LOWEST     38          1200 PM
 AVERAGE    62

..........................................................


THE GREEN BAY WI CLIMATE NORMALS FOR TODAY
                         NORMAL    RECORD    YEAR
 MAXIMUM TEMPERATURE (F)   52        80      1977
 MINIMUM TEMPERATURE (F)   33        17      1939


SUNRISE AND SUNSET
APRIL 12 2014.........SUNRISE   614 AM CDT   SUNSET   734 PM CDT
APRIL 13 2014.........SUNRISE   612 AM CDT   SUNSET   735 PM CDT


-  INDICATES NEGATIVE NUMBERS.
R  INDICATES RECORD WAS SET OR TIED.
MM INDICATES DATA IS MISSING.
T  INDICATES TRACE AMOUNT.




$$
