000
CDUS43 KGRB 190634
CLIGRB


CLIMATE REPORT
NATIONAL WEATHER SERVICE GREEN BAY
1233 AM CST FRI DEC 19 2014


...................................

...THE GREEN BAY WI CLIMATE SUMMARY FOR DECEMBER 18 2014...

CLIMATE NORMAL PERIOD 1981 TO 2010
CLIMATE RECORD PERIOD 1886 TO 2014


WEATHER ITEM   OBSERVED TIME   RECORD YEAR NORMAL DEPARTURE LAST
                VALUE   (LST)  VALUE       VALUE  FROM      YEAR
                                                  NORMAL
..................................................................
TEMPERATURE (F)
 YESTERDAY
  MAXIMUM         29    230 PM  50    1931  27      2       25
  MINIMUM         19   1135 PM -18    1983  13      6        5
  AVERAGE         24                        20      4       15

PRECIPITATION (IN)
  YESTERDAY        0.00          0.50 1957   0.05  -0.05      T
  MONTH TO DATE    0.66                      0.96  -0.30     1.05
  SINCE DEC 1      0.66                      0.96  -0.30     1.05
  SINCE JAN 1     31.09                     28.97   2.12    34.32

SNOWFALL (IN)
  YESTERDAY        0.0           6.1  2000   0.4   -0.4       T
  MONTH TO DATE    3.2                       7.6   -4.4     13.4
  SINCE DEC 1      3.2                       7.6   -4.4     13.4
  SINCE JUL 1     11.4                      11.8   -0.4     14.6
  SNOW DEPTH       1

DEGREE DAYS
 HEATING
  YESTERDAY       41                        45     -4       50
  MONTH TO DATE  706                       749    -43      882
  SINCE DEC 1    706                       749    -43      882
  SINCE JUL 1   2543                      2489     54     2493

 COOLING
  YESTERDAY        0                         0      0        0
  MONTH TO DATE    0                         0      0        0
  SINCE DEC 1      0                         0      0        0
  SINCE JAN 1    362                       398    -36      535
..................................................................


WIND (MPH)
  HIGHEST WIND SPEED    15   HIGHEST WIND DIRECTION     N (20)
  HIGHEST GUST SPEED    19   HIGHEST GUST DIRECTION    NE (30)
  AVERAGE WIND SPEED     5.0


SKY COVER
  POSSIBLE SUNSHINE  MM
  AVERAGE SKY COVER 0.6


WEATHER CONDITIONS
 THE FOLLOWING WEATHER WAS RECORDED YESTERDAY.
  NO SIGNIFICANT WEATHER WAS OBSERVED.


RELATIVE HUMIDITY (PERCENT)
 HIGHEST    92           600 PM
 LOWEST     69           100 PM
 AVERAGE    81

..........................................................


THE GREEN BAY WI CLIMATE NORMALS FOR TODAY
                         NORMAL    RECORD    YEAR
 MAXIMUM TEMPERATURE (F)   27        51      1918
 MINIMUM TEMPERATURE (F)   13       -27      1983


SUNRISE AND SUNSET
DECEMBER 19 2014......SUNRISE   725 AM CST   SUNSET   415 PM CST
DECEMBER 20 2014......SUNRISE   725 AM CST   SUNSET   415 PM CST


-  INDICATES NEGATIVE NUMBERS.
R  INDICATES RECORD WAS SET OR TIED.
MM INDICATES DATA IS MISSING.
T  INDICATES TRACE AMOUNT.




$$
