000
CDUS43 KGRB 160710
CLIGRB


CLIMATE REPORT
NATIONAL WEATHER SERVICE GREEN BAY
209 AM CDT WED AUG 16 2017


...................................

...THE GREEN BAY WI CLIMATE SUMMARY FOR AUGUST 15 2017...

CLIMATE NORMAL PERIOD 1981 TO 2010
CLIMATE RECORD PERIOD 1886 TO 2017


WEATHER ITEM   OBSERVED TIME   RECORD YEAR NORMAL DEPARTURE LAST
                VALUE   (LST)  VALUE       VALUE  FROM      YEAR
                                                  NORMAL
..................................................................
TEMPERATURE (F)
 YESTERDAY
  MAXIMUM         78    229 PM  93    1937  78      0       83
  MINIMUM         59   1146 PM  41    1992  57      2       58
  AVERAGE         69                        68      1       71

PRECIPITATION (IN)
  YESTERDAY        T             1.68 1997   0.12  -0.12     0.00
  MONTH TO DATE    2.13                      1.71   0.42     0.31
  SINCE JUN 1     10.47                      9.09   1.38     7.97
  SINCE JAN 1     23.47                     18.74   4.73    19.15

SNOWFALL (IN)
  YESTERDAY        0.0           0.0    MM   0.0    0.0      0.0
  MONTH TO DATE    0.0                       0.0    0.0      0.0
  SINCE JUN 1      0.0                       0.0    0.0      0.0
  SINCE JUL 1      0.0                       0.0    0.0      0.0
  SNOW DEPTH       0

DEGREE DAYS
 HEATING
  YESTERDAY        0                         1     -1        0
  MONTH TO DATE    8                        15     -7        0
  SINCE JUN 1     36                       130    -94       31
  SINCE JUL 1      9                        38    -29        6

 COOLING
  YESTERDAY        4                         4      0        6
  MONTH TO DATE   37                        61    -24      110
  SINCE JUN 1    338                       294     44      408
  SINCE JAN 1    346                       312     34      441
..................................................................


WIND (MPH)
  HIGHEST WIND SPEED    12   HIGHEST WIND DIRECTION    NE (50)
  HIGHEST GUST SPEED    16   HIGHEST GUST DIRECTION    NE (40)
  AVERAGE WIND SPEED     4.7


SKY COVER
  POSSIBLE SUNSHINE  MM
  AVERAGE SKY COVER 0.3


WEATHER CONDITIONS
 THE FOLLOWING WEATHER WAS RECORDED YESTERDAY.
  FOG


RELATIVE HUMIDITY (PERCENT)
 HIGHEST   100           100 AM
 LOWEST     56           200 PM
 AVERAGE    78

..........................................................


THE GREEN BAY WI CLIMATE NORMALS FOR TODAY
                         NORMAL    RECORD    YEAR
 MAXIMUM TEMPERATURE (F)   78        99      1988
 MINIMUM TEMPERATURE (F)   57        44      1992


SUNRISE AND SUNSET
AUGUST 16 2017........SUNRISE   557 AM CDT   SUNSET   756 PM CDT
AUGUST 17 2017........SUNRISE   558 AM CDT   SUNSET   754 PM CDT


-  INDICATES NEGATIVE NUMBERS.
R  INDICATES RECORD WAS SET OR TIED.
MM INDICATES DATA IS MISSING.
T  INDICATES TRACE AMOUNT.




$$
