000
CDUS43 KGRB 150733
CLIGRB


CLIMATE REPORT
NATIONAL WEATHER SERVICE GREEN BAY
133 AM CST WED NOV 15 2017


...................................

...THE GREEN BAY WI CLIMATE SUMMARY FOR NOVEMBER 14 2017...

CLIMATE NORMAL PERIOD 1981 TO 2010
CLIMATE RECORD PERIOD 1886 TO 2017


WEATHER ITEM   OBSERVED TIME   RECORD YEAR NORMAL DEPARTURE LAST
                VALUE   (LST)  VALUE       VALUE  FROM      YEAR
                                                  NORMAL
..................................................................
TEMPERATURE (F)
 YESTERDAY
  MAXIMUM         44   1158 PM  65    1958  43      1       61
                                      1953
                                      1909
  MINIMUM         33   1254 AM   3    1916  28      5       41
  AVERAGE         39                        35      4       51

PRECIPITATION (IN)
  YESTERDAY        T             0.95 1956   0.07  -0.07     0.00
  MONTH TO DATE    0.41                      1.01  -0.60     0.10
  SINCE SEP 1      4.54                      6.49  -1.95     7.05
  SINCE JAN 1     29.93                     26.89   3.04    28.67

SNOWFALL (IN)
  YESTERDAY        0.0           1.0  1916   0.1   -0.1      0.0
  MONTH TO DATE    0.6                       0.9   -0.3      0.0
  SINCE SEP 1      0.6                       1.1   -0.5      0.0
  SINCE JUL 1      0.6                       1.1   -0.5      0.0
  SNOW DEPTH       0

DEGREE DAYS
 HEATING
  YESTERDAY       26                        30     -4       14
  MONTH TO DATE  431                       373     58      207
  SINCE SEP 1    927                      1136   -209      648
  SINCE JUL 1    968                      1199   -231      661

 COOLING
  YESTERDAY        0                         0      0        0
  MONTH TO DATE    0                         0      0        0
  SINCE SEP 1    100                        36     64       55
  SINCE JAN 1    477                       398     79      577
..................................................................


WIND (MPH)
  HIGHEST WIND SPEED    15   HIGHEST WIND DIRECTION     S (180)
  HIGHEST GUST SPEED    21   HIGHEST GUST DIRECTION    SW (210)
  AVERAGE WIND SPEED     8.5


SKY COVER
  POSSIBLE SUNSHINE  MM
  AVERAGE SKY COVER 1.0


WEATHER CONDITIONS
 THE FOLLOWING WEATHER WAS RECORDED YESTERDAY.
  LIGHT RAIN
  FOG


RELATIVE HUMIDITY (PERCENT)
 HIGHEST   100           100 AM
 LOWEST     76           200 PM
 AVERAGE    88

..........................................................


THE GREEN BAY WI CLIMATE NORMALS FOR TODAY
                         NORMAL    RECORD    YEAR
 MAXIMUM TEMPERATURE (F)   43        68      2001
 MINIMUM TEMPERATURE (F)   27         1      1959


SUNRISE AND SUNSET
NOVEMBER 15 2017......SUNRISE   649 AM CST   SUNSET   425 PM CST
NOVEMBER 16 2017......SUNRISE   650 AM CST   SUNSET   424 PM CST


-  INDICATES NEGATIVE NUMBERS.
R  INDICATES RECORD WAS SET OR TIED.
MM INDICATES DATA IS MISSING.
T  INDICATES TRACE AMOUNT.




$$
