000
CDUS43 KGRB 210647
CLIGRB


CLIMATE REPORT
NATIONAL WEATHER SERVICE GREEN BAY
147 AM CDT FRI APR 21 2017


...................................

...THE GREEN BAY WI CLIMATE SUMMARY FOR APRIL 20 2017...

CLIMATE NORMAL PERIOD 1981 TO 2010
CLIMATE RECORD PERIOD 1886 TO 2017


WEATHER ITEM   OBSERVED TIME   RECORD YEAR NORMAL DEPARTURE LAST
                VALUE   (LST)  VALUE       VALUE  FROM      YEAR
                                                  NORMAL
..................................................................
TEMPERATURE (F)
 YESTERDAY
  MAXIMUM         48    931 PM  84    1987  56     -8       65
  MINIMUM         41   1236 AM  20    1904  36      5       46
  AVERAGE         45                        46     -1       56

PRECIPITATION (IN)
  YESTERDAY        0.97          1.51 2000   0.08   0.89      T
  MONTH TO DATE    3.07                      1.73   1.34     0.87
  SINCE MAR 1      5.37                      3.58   1.79     4.92
  SINCE JAN 1      8.62                      5.82   2.80     7.40

SNOWFALL (IN)
  YESTERDAY        0.0           3.4  1893   0.0    0.0      0.0
  MONTH TO DATE    0.0                       2.4   -2.4      4.4
  SINCE MAR 1      9.0                      10.5   -1.5     16.2
  SINCE JUL 1     53.2                      50.7    2.5     50.0
  SNOW DEPTH       0

DEGREE DAYS
 HEATING
  YESTERDAY       20                        19      1        9
  MONTH TO DATE  325                       465   -140      485
  SINCE MAR 1   1349                      1525   -176     1350
  SINCE JUL 1   5922                      7365  -1443     6161

 COOLING
  YESTERDAY        0                         0      0        0
  MONTH TO DATE    0                         0      0        0
  SINCE MAR 1      0                         0      0        0
  SINCE JAN 1      0                         0      0        0
..................................................................


WIND (MPH)
  HIGHEST WIND SPEED    25   HIGHEST WIND DIRECTION     N (20)
  HIGHEST GUST SPEED    32   HIGHEST GUST DIRECTION    NE (60)
  AVERAGE WIND SPEED    10.4


SKY COVER
  POSSIBLE SUNSHINE  MM
  AVERAGE SKY COVER 0.9


WEATHER CONDITIONS
 THE FOLLOWING WEATHER WAS RECORDED YESTERDAY.
  THUNDERSTORM
  HEAVY RAIN
  RAIN
  LIGHT RAIN
  FOG


RELATIVE HUMIDITY (PERCENT)
 HIGHEST   100           200 AM
 LOWEST     89          1100 PM
 AVERAGE    95

..........................................................


THE GREEN BAY WI CLIMATE NORMALS FOR TODAY
                         NORMAL    RECORD    YEAR
 MAXIMUM TEMPERATURE (F)   57        82      1985
 MINIMUM TEMPERATURE (F)   36        21      1959


SUNRISE AND SUNSET
APRIL 21 2017.........SUNRISE   558 AM CDT   SUNSET   745 PM CDT
APRIL 22 2017.........SUNRISE   557 AM CDT   SUNSET   746 PM CDT


-  INDICATES NEGATIVE NUMBERS.
R  INDICATES RECORD WAS SET OR TIED.
MM INDICATES DATA IS MISSING.
T  INDICATES TRACE AMOUNT.




$$
