000
CDUS43 KGRB 210809
CLIGRB


CLIMATE REPORT
NATIONAL WEATHER SERVICE GREEN BAY
308 AM CDT WED SEP 21 2016


...................................

...THE GREEN BAY WI CLIMATE SUMMARY FOR SEPTEMBER 20 2016...

CLIMATE NORMAL PERIOD 1981 TO 2010
CLIMATE RECORD PERIOD 1886 TO 2016


WEATHER ITEM   OBSERVED TIME   RECORD YEAR NORMAL DEPARTURE LAST
                VALUE   (LST)  VALUE       VALUE  FROM      YEAR
                                                  NORMAL
..................................................................
TEMPERATURE (F)
 YESTERDAY
  MAXIMUM         82    223 PM  92    1908  68     14       71
                                      1895
  MINIMUM         51    546 AM  27    1956  47      4       47
  AVERAGE         67                        58      9       59

PRECIPITATION (IN)
  YESTERDAY        0.00          2.10 1965   0.11  -0.11     0.00
  MONTH TO DATE    2.50                      2.04   0.46     5.73
  SINCE SEP 1      2.50                      2.04   0.46     5.73
  SINCE JAN 1     24.12                     22.44   1.68    21.93

SNOWFALL (IN)
  YESTERDAY        0.0           0.0    MM   0.0    0.0      0.0
  MONTH TO DATE    0.0                       0.0    0.0      0.0
  SINCE SEP 1      0.0                       0.0    0.0      0.0
  SINCE JUL 1      0.0                       0.0    0.0      0.0
  SNOW DEPTH       0

DEGREE DAYS
 HEATING
  YESTERDAY        0                         8     -8        6
  MONTH TO DATE   24                       104    -80       38
  SINCE SEP 1     24                       104    -80       38
  SINCE JUL 1     37                       167   -130       88

 COOLING
  YESTERDAY        2                         1      1        0
  MONTH TO DATE   47                        30     17      102
  SINCE SEP 1     47                        30     17      102
  SINCE JAN 1    569                       392    177      504
..................................................................


WIND (MPH)
  HIGHEST WIND SPEED    14   HIGHEST WIND DIRECTION     S (200)
  HIGHEST GUST SPEED    19   HIGHEST GUST DIRECTION     S (200)
  AVERAGE WIND SPEED     4.6


SKY COVER
  POSSIBLE SUNSHINE  MM
  AVERAGE SKY COVER 0.4


WEATHER CONDITIONS
 THE FOLLOWING WEATHER WAS RECORDED YESTERDAY.
  FOG
  FOG W/VISIBILITY <= 1/4 MILE


RELATIVE HUMIDITY (PERCENT)
 HIGHEST   100          1200 AM
 LOWEST     39          1200 PM
 AVERAGE    70

..........................................................


THE GREEN BAY WI CLIMATE NORMALS FOR TODAY
                         NORMAL    RECORD    YEAR
 MAXIMUM TEMPERATURE (F)   68        90      1908
                                             1895
 MINIMUM TEMPERATURE (F)   46        28      1974


SUNRISE AND SUNSET
SEPTEMBER 21 2016.....SUNRISE   639 AM CDT   SUNSET   651 PM CDT
SEPTEMBER 22 2016.....SUNRISE   640 AM CDT   SUNSET   649 PM CDT


-  INDICATES NEGATIVE NUMBERS.
R  INDICATES RECORD WAS SET OR TIED.
MM INDICATES DATA IS MISSING.
T  INDICATES TRACE AMOUNT.




$$
