000
CDUS43 KGRB 290708
CLIGRB


CLIMATE REPORT
NATIONAL WEATHER SERVICE GREEN BAY
206 AM CDT FRI APR 29 2016


...................................

...THE GREEN BAY WI CLIMATE SUMMARY FOR APRIL 28 2016...

CLIMATE NORMAL PERIOD 1981 TO 2010
CLIMATE RECORD PERIOD 1886 TO 2016


WEATHER ITEM   OBSERVED TIME   RECORD YEAR NORMAL DEPARTURE LAST
                VALUE   (LST)  VALUE       VALUE  FROM      YEAR
                                                  NORMAL
..................................................................
TEMPERATURE (F)
 YESTERDAY
  MAXIMUM         48    234 PM  85    1974  60    -12       64
  MINIMUM         40    616 AM  25    1965  38      2       34
  AVERAGE         44                        49     -5       49

PRECIPITATION (IN)
  YESTERDAY        0.01          1.16 1899   0.09  -0.08     0.00
  MONTH TO DATE    1.29                      2.45  -1.16     1.63
  SINCE MAR 1      5.34                      4.30   1.04     2.53
  SINCE JAN 1      7.82                      6.54   1.28     3.50

SNOWFALL (IN)
  YESTERDAY        T             1.3  2008   0.0    0.0      0.0
  MONTH TO DATE    4.4                       2.8    1.6       T
  SINCE MAR 1     16.2                      10.9    5.3      4.2
  SINCE JUL 1     50.0                      51.1   -1.1     32.7
  SNOW DEPTH       0

DEGREE DAYS
 HEATING
  YESTERDAY       21                        16      5       16
  MONTH TO DATE  633                       606     27      536
  SINCE MAR 1   1498                      1666   -168     1504
  SINCE JUL 1   6309                      7506  -1197     7542

 COOLING
  YESTERDAY        0                         0      0        0
  MONTH TO DATE    0                         0      0        0
  SINCE MAR 1      0                         0      0        0
  SINCE JAN 1      0                         0      0        0
..................................................................


WIND (MPH)
  HIGHEST WIND SPEED    26   HIGHEST WIND DIRECTION    NE (40)
  HIGHEST GUST SPEED    31   HIGHEST GUST DIRECTION    NE (40)
  AVERAGE WIND SPEED    11.6


SKY COVER
  POSSIBLE SUNSHINE  MM
  AVERAGE SKY COVER 1.0


WEATHER CONDITIONS
 THE FOLLOWING WEATHER WAS RECORDED YESTERDAY.
  LIGHT RAIN
  LIGHT SNOW


RELATIVE HUMIDITY (PERCENT)
 HIGHEST    76           600 AM
 LOWEST     49           900 AM
 AVERAGE    63

..........................................................


THE GREEN BAY WI CLIMATE NORMALS FOR TODAY
                         NORMAL    RECORD    YEAR
 MAXIMUM TEMPERATURE (F)   60        85      2007
 MINIMUM TEMPERATURE (F)   39        22      1969
                                             1956


SUNRISE AND SUNSET
APRIL 29 2016.........SUNRISE   545 AM CDT   SUNSET   755 PM CDT
APRIL 30 2016.........SUNRISE   544 AM CDT   SUNSET   756 PM CDT


-  INDICATES NEGATIVE NUMBERS.
R  INDICATES RECORD WAS SET OR TIED.
MM INDICATES DATA IS MISSING.
T  INDICATES TRACE AMOUNT.

$$
