000
CDUS43 KGRB 072146
CLIGRB


CLIMATE REPORT
NATIONAL WEATHER SERVICE GREEN BAY
445 PM CDT MON JUL 7 2014


...................................

...THE GREEN BAY WI CLIMATE SUMMARY FOR JULY 7 2014...
VALID TODAY AS OF 0400 PM LOCAL TIME.

CLIMATE NORMAL PERIOD 1981 TO 2010
CLIMATE RECORD PERIOD 1886 TO 2014


WEATHER ITEM   OBSERVED TIME   RECORD YEAR NORMAL DEPARTURE LAST
                VALUE   (LST)  VALUE       VALUE  FROM      YEAR
                                                  NORMAL
..................................................................
TEMPERATURE (F)
 TODAY
  MAXIMUM         86    208 PM 103    1936  80      6       85
  MINIMUM         62    358 AM  44    1997  58      4       67
  AVERAGE         74                        69      5       76

PRECIPITATION (IN)
  TODAY            T             1.65 2010   0.12  -0.12      T
  MONTH TO DATE    0.11                      0.84  -0.73     0.01
  SINCE JUN 1      4.16                      4.72  -0.56     3.83
  SINCE JAN 1     14.82                     14.37   0.45    17.60

SNOWFALL (IN)
  TODAY            0.0           0.0    MM   0.0    0.0      0.0
  MONTH TO DATE    0.0                       0.0    0.0      0.0
  SINCE JUN 1      0.0                       0.0    0.0      0.0
  SINCE JUL 1      0.0                       0.0    0.0      0.0
  SNOW DEPTH       0

DEGREE DAYS
 HEATING
  TODAY            0                         1     -1        0
  MONTH TO DATE    5                         7     -2        1
  SINCE JUN 1     36                        99    -63       73
  SINCE JUL 1      5                         7     -2        1

 COOLING
  TODAY            9                         5      4       11
  MONTH TO DATE   24                        35    -11       47
  SINCE JUN 1    130                       118     12      152
  SINCE JAN 1    146                       136     10      190
..................................................................


WIND (MPH)
  HIGHEST WIND SPEED    22   HIGHEST WIND DIRECTION     W (290)
  HIGHEST GUST SPEED    28   HIGHEST GUST DIRECTION     W (270)
  AVERAGE WIND SPEED     9.9


SKY COVER
  POSSIBLE SUNSHINE  MM
  AVERAGE SKY COVER 0.1


WEATHER CONDITIONS
 THE FOLLOWING WEATHER WAS RECORDED TODAY.
  LIGHT RAIN


RELATIVE HUMIDITY (PERCENT)
 HIGHEST    93           300 AM
 LOWEST     44           100 PM
 AVERAGE    69

..........................................................


THE GREEN BAY WI CLIMATE NORMALS FOR TOMORROW
                         NORMAL    RECORD    YEAR
 MAXIMUM TEMPERATURE (F)   80       102      1936
 MINIMUM TEMPERATURE (F)   58        47      1954
                                             1953
                                             1891


SUNRISE AND SUNSET
JULY  7 2014..........SUNRISE   516 AM CDT   SUNSET   839 PM CDT
JULY  8 2014..........SUNRISE   516 AM CDT   SUNSET   839 PM CDT


-  INDICATES NEGATIVE NUMBERS.
R  INDICATES RECORD WAS SET OR TIED.
MM INDICATES DATA IS MISSING.
T  INDICATES TRACE AMOUNT.

$$
