013
CDUS43 KGRB 180657
CLIGRB


CLIMATE REPORT
NATIONAL WEATHER SERVICE GREEN BAY
157 AM CDT MON MAY 18 2015


...................................

...THE GREEN BAY WI CLIMATE SUMMARY FOR MAY 17 2015...

CLIMATE NORMAL PERIOD 1981 TO 2010
CLIMATE RECORD PERIOD 1886 TO 2015


WEATHER ITEM   OBSERVED TIME   RECORD YEAR NORMAL DEPARTURE LAST
                VALUE   (LST)  VALUE       VALUE  FROM      YEAR
                                                  NORMAL
..................................................................
TEMPERATURE (F)
 YESTERDAY
  MAXIMUM         74    137 PM  88    1972  66      8       62
  MINIMUM         56    411 AM  29    1891  44     12       34
  AVERAGE         65                        55     10       48

PRECIPITATION (IN)
  YESTERDAY        0.22          1.17 2000   0.09   0.13      T
  MONTH TO DATE    1.21                      1.45  -0.24     1.72
  SINCE MAR 1      3.74                      5.93  -2.19     6.64
  SINCE JAN 1      4.71                      8.17  -3.46     9.43

SNOWFALL (IN)
  YESTERDAY        0.0           T    1961   0.0    0.0      0.0
                                      1915
  MONTH TO DATE    0.0                       0.2   -0.2      0.0
  SINCE MAR 1      4.2                      11.2   -7.0      9.8
  SINCE JUL 1     32.7                      51.4  -18.7     72.1
  SNOW DEPTH       0

DEGREE DAYS
 HEATING
  YESTERDAY        0                        10    -10       17
  MONTH TO DATE  117                       212    -95      229
  SINCE MAR 1   1649                      1909   -260     2219
  SINCE JUL 1   7687                      7749    -62     8700

 COOLING
  YESTERDAY        0                         0      0        0
  MONTH TO DATE    7                         0      7        0
  SINCE MAR 1      7                         2      5        0
  SINCE JAN 1      7                         2      5        0
..................................................................


WIND (MPH)
  HIGHEST WIND SPEED    30   HIGHEST WIND DIRECTION     S (160)
  HIGHEST GUST SPEED    37   HIGHEST GUST DIRECTION    SE (150)
  AVERAGE WIND SPEED    11.9


SKY COVER
  POSSIBLE SUNSHINE  MM
  AVERAGE SKY COVER 0.6


WEATHER CONDITIONS
 THE FOLLOWING WEATHER WAS RECORDED YESTERDAY.
  THUNDERSTORM
  HEAVY RAIN
  LIGHT RAIN
  FOG
  FOG W/VISIBILITY <= 1/4 MILE
  HAZE


RELATIVE HUMIDITY (PERCENT)
 HIGHEST   100           200 AM
 LOWEST     66          1100 PM
 AVERAGE    83

..........................................................


THE GREEN BAY WI CLIMATE NORMALS FOR TODAY
                         NORMAL    RECORD    YEAR
 MAXIMUM TEMPERATURE (F)   67        88      1996
                                             1972
 MINIMUM TEMPERATURE (F)   45        30      2002


SUNRISE AND SUNSET
MAY 18 2015...........SUNRISE   522 AM CDT   SUNSET   816 PM CDT
MAY 19 2015...........SUNRISE   521 AM CDT   SUNSET   817 PM CDT


-  INDICATES NEGATIVE NUMBERS.
R  INDICATES RECORD WAS SET OR TIED.
MM INDICATES DATA IS MISSING.
T  INDICATES TRACE AMOUNT.




$$
