000
CDUS43 KGRB 210639
CLIGRB


CLIMATE REPORT
NATIONAL WEATHER SERVICE GREEN BAY
138 AM CDT TUE MAR 21 2017


...................................

...THE GREEN BAY WI CLIMATE SUMMARY FOR MARCH 20 2017...

CLIMATE NORMAL PERIOD 1981 TO 2010
CLIMATE RECORD PERIOD 1886 TO 2017


WEATHER ITEM   OBSERVED TIME   RECORD YEAR NORMAL DEPARTURE LAST
                VALUE   (LST)  VALUE       VALUE  FROM      YEAR
                                                  NORMAL
..................................................................
TEMPERATURE (F)
 YESTERDAY
  MAXIMUM         55   1135 AM  80    2012  41     14       45
  MINIMUM         33   1155 PM  -4    1965  24      9       23
  AVERAGE         44                        32     12       34

PRECIPITATION (IN)
  YESTERDAY        0.00          1.09 1995   0.06  -0.06     0.00
  MONTH TO DATE    0.98                      1.13  -0.15     1.80
  SINCE MAR 1      0.98                      1.13  -0.15     1.80
  SINCE JAN 1      4.23                      3.37   0.86     4.28

SNOWFALL (IN)
  YESTERDAY        0.0           5.4  1933   0.2   -0.2      0.0
  MONTH TO DATE    8.9                       6.0    2.9      3.7
  SINCE MAR 1      8.9                       6.0    2.9      3.7
  SINCE JUL 1     53.1                      46.2    6.9     37.5
  SNOW DEPTH       0

DEGREE DAYS
 HEATING
  YESTERDAY       21                        33    -12       31
  MONTH TO DATE  711                       730    -19      558
  SINCE MAR 1    711                       730    -19      558
  SINCE JUL 1   5284                      6570  -1286     5369

 COOLING
  YESTERDAY        0                         0      0        0
  MONTH TO DATE    0                         0      0        0
  SINCE MAR 1      0                         0      0        0
  SINCE JAN 1      0                         0      0        0
..................................................................


WIND (MPH)
  HIGHEST WIND SPEED    17   HIGHEST WIND DIRECTION     N (20)
  HIGHEST GUST SPEED    21   HIGHEST GUST DIRECTION     N (360)
  AVERAGE WIND SPEED     6.7


SKY COVER
  POSSIBLE SUNSHINE  MM
  AVERAGE SKY COVER 0.2


WEATHER CONDITIONS
 THE FOLLOWING WEATHER WAS RECORDED YESTERDAY.
  NO SIGNIFICANT WEATHER WAS OBSERVED.


RELATIVE HUMIDITY (PERCENT)
 HIGHEST   100           200 AM
 LOWEST     61           100 PM
 AVERAGE    81

..........................................................


THE GREEN BAY WI CLIMATE NORMALS FOR TODAY
                         NORMAL    RECORD    YEAR
 MAXIMUM TEMPERATURE (F)   41        82      2012
 MINIMUM TEMPERATURE (F)   24         1      1965


SUNRISE AND SUNSET
MARCH 21 2017.........SUNRISE   653 AM CDT   SUNSET   707 PM CDT
MARCH 22 2017.........SUNRISE   652 AM CDT   SUNSET   708 PM CDT


-  INDICATES NEGATIVE NUMBERS.
R  INDICATES RECORD WAS SET OR TIED.
MM INDICATES DATA IS MISSING.
T  INDICATES TRACE AMOUNT.




$$
