000
CDUS43 KGRB 050655
CLIGRB


CLIMATE REPORT
NATIONAL WEATHER SERVICE GREEN BAY
1253 AM CST MON DEC 5 2016


...................................

...THE GREEN BAY WI CLIMATE SUMMARY FOR DECEMBER 4 2016...

CLIMATE NORMAL PERIOD 1981 TO 2010
CLIMATE RECORD PERIOD 1886 TO 2016


WEATHER ITEM   OBSERVED TIME   RECORD YEAR NORMAL DEPARTURE LAST
                VALUE   (LST)  VALUE       VALUE  FROM      YEAR
                                                  NORMAL
..................................................................
TEMPERATURE (F)
 YESTERDAY
  MAXIMUM         34   1159 PM  60    2001  33      1       45
  MINIMUM         31    905 AM  -8    1977  19     12       29
  AVERAGE         33                        26      7       37

PRECIPITATION (IN)
  YESTERDAY        0.32          0.50 1973   0.06   0.26     0.00
  MONTH TO DATE    0.34                      0.24   0.10     0.31
  SINCE DEC 1      0.34                      0.24   0.10     0.31
  SINCE JAN 1     31.20                     28.25   2.95    27.49

SNOWFALL (IN)
  YESTERDAY        3.7           5.4  1944   0.4    3.3      0.0
  MONTH TO DATE    3.7                       1.5    2.2       T
  SINCE DEC 1      3.7                       1.5    2.2       T
  SINCE JUL 1      4.6                       5.7   -1.1      0.2
  SNOW DEPTH       0

DEGREE DAYS
 HEATING
  YESTERDAY       32                        39     -7       28
  MONTH TO DATE  117                       155    -38      118
  SINCE DEC 1    117                       155    -38      118
  SINCE JUL 1   1179                      1895   -716     1390

 COOLING
  YESTERDAY        0                         0      0        0
  MONTH TO DATE    0                         0      0        0
  SINCE DEC 1      0                         0      0        0
  SINCE JAN 1    577                       398    179      517
..................................................................


WIND (MPH)
  HIGHEST WIND SPEED    10   HIGHEST WIND DIRECTION    SW (220)
  HIGHEST GUST SPEED    15   HIGHEST GUST DIRECTION    SW (240)
  AVERAGE WIND SPEED     6.3


SKY COVER
  POSSIBLE SUNSHINE  MM
  AVERAGE SKY COVER 1.0


WEATHER CONDITIONS
 THE FOLLOWING WEATHER WAS RECORDED YESTERDAY.
  SNOW
  LIGHT SNOW
  FOG


RELATIVE HUMIDITY (PERCENT)
 HIGHEST   100           900 AM
 LOWEST     69          1200 AM
 AVERAGE    85

..........................................................


THE GREEN BAY WI CLIMATE NORMALS FOR TODAY
                         NORMAL    RECORD    YEAR
 MAXIMUM TEMPERATURE (F)   32        64      2001
 MINIMUM TEMPERATURE (F)   18        -2      1976


SUNRISE AND SUNSET
DECEMBER  5 2016......SUNRISE   714 AM CST   SUNSET   413 PM CST
DECEMBER  6 2016......SUNRISE   715 AM CST   SUNSET   413 PM CST


-  INDICATES NEGATIVE NUMBERS.
R  INDICATES RECORD WAS SET OR TIED.
MM INDICATES DATA IS MISSING.
T  INDICATES TRACE AMOUNT.




$$
