000
CDUS43 KGRB 280634
CLIGRB


CLIMATE REPORT
NATIONAL WEATHER SERVICE GREEN BAY
1233 AM CST SAT FEB 28 2015


...................................

...THE GREEN BAY WI CLIMATE SUMMARY FOR FEBRUARY 27 2015...

CLIMATE NORMAL PERIOD 1981 TO 2010
CLIMATE RECORD PERIOD 1886 TO 2015


WEATHER ITEM   OBSERVED TIME   RECORD YEAR NORMAL DEPARTURE LAST
                VALUE   (LST)  VALUE       VALUE  FROM      YEAR
                                                  NORMAL
..................................................................
TEMPERATURE (F)
 YESTERDAY
  MAXIMUM         19    331 PM  59    1896  32    -13        8
  MINIMUM         -3    649 AM -15    2014  16    -19      -15
  AVERAGE          8                        24    -16       -3

PRECIPITATION (IN)
  YESTERDAY        0.00          0.69 1981   0.05  -0.05     0.02
  MONTH TO DATE    0.41                      1.06  -0.65     1.23
  SINCE DEC 1      2.65                      3.70  -1.05     4.45
  SINCE JAN 1      0.97                      2.19  -1.22     2.56

SNOWFALL (IN)
  YESTERDAY        0.0           5.8  1948   0.3   -0.3      0.2
  MONTH TO DATE    8.0                       9.5   -1.5     14.0
  SINCE DEC 1     20.3                      35.6  -15.3     57.4
  SINCE JUL 1     28.5                      39.8  -11.3     58.6
  SNOW DEPTH       4

DEGREE DAYS
 HEATING
  YESTERDAY       57                        41     16       68
  MONTH TO DATE 1476                      1211    265     1521
  SINCE DEC 1   4146                      4060     86     4803
  SINCE JUL 1   5983                      5800    183     6414

 COOLING
  YESTERDAY        0                         0      0        0
  MONTH TO DATE    0                         0      0        0
  SINCE DEC 1      0                         0      0        0
  SINCE JAN 1      0                         0      0        0
..................................................................


WIND (MPH)
  HIGHEST WIND SPEED    17   HIGHEST WIND DIRECTION    SW (240)
  HIGHEST GUST SPEED    22   HIGHEST GUST DIRECTION    SW (240)
  AVERAGE WIND SPEED     8.1


SKY COVER
  POSSIBLE SUNSHINE  MM
  AVERAGE SKY COVER 0.0


WEATHER CONDITIONS
 THE FOLLOWING WEATHER WAS RECORDED YESTERDAY.
  NO SIGNIFICANT WEATHER WAS OBSERVED.


RELATIVE HUMIDITY (PERCENT)
 HIGHEST    72           100 AM
 LOWEST     46           100 PM
 AVERAGE    59

..........................................................


THE GREEN BAY WI CLIMATE NORMALS FOR TODAY
                         NORMAL    RECORD    YEAR
 MAXIMUM TEMPERATURE (F)   32        54      1895
 MINIMUM TEMPERATURE (F)   16       -21      2014


SUNRISE AND SUNSET
FEBRUARY 28 2015......SUNRISE   632 AM CST   SUNSET   539 PM CST
MARCH  1 2015.........SUNRISE   630 AM CST   SUNSET   540 PM CST


-  INDICATES NEGATIVE NUMBERS.
R  INDICATES RECORD WAS SET OR TIED.
MM INDICATES DATA IS MISSING.
T  INDICATES TRACE AMOUNT.




$$
