000
CDUS43 KGRB 160654
CLIGRB


CLIMATE REPORT
NATIONAL WEATHER SERVICE GREEN BAY
153 AM CDT TUE MAY 16 2017


...................................

...THE GREEN BAY WI CLIMATE SUMMARY FOR MAY 15 2017...

CLIMATE NORMAL PERIOD 1981 TO 2010
CLIMATE RECORD PERIOD 1886 TO 2017


WEATHER ITEM   OBSERVED TIME   RECORD YEAR NORMAL DEPARTURE LAST
                VALUE   (LST)  VALUE       VALUE  FROM      YEAR
                                                  NORMAL
..................................................................
TEMPERATURE (F)
 YESTERDAY
  MAXIMUM         73    231 PM  87    1991  66      7       57
  MINIMUM         47    427 AM  29    1929  44      3       31
  AVERAGE         60                        55      5       44

PRECIPITATION (IN)
  YESTERDAY        0.29          1.50 1894   0.08   0.21     0.00
  MONTH TO DATE    1.04                      1.26  -0.22     1.28
  SINCE MAR 1      7.82                      5.74   2.08     6.62
  SINCE JAN 1     11.07                      7.98   3.09     9.10

SNOWFALL (IN)
  YESTERDAY        0.0           T    1997   0.1   -0.1      0.0
  MONTH TO DATE    0.0                       0.2   -0.2       T
  SINCE MAR 1      9.0                      11.2   -2.2     16.2
  SINCE JUL 1     53.2                      51.4    1.8     50.0
  SNOW DEPTH       0

DEGREE DAYS
 HEATING
  YESTERDAY        5                        11     -6       21
  MONTH TO DATE  188                       192     -4      194
  SINCE MAR 1   1699                      1889   -190     1731
  SINCE JUL 1   6272                      7729  -1457     6542

 COOLING
  YESTERDAY        0                         0      0        0
  MONTH TO DATE    0                         0      0        1
  SINCE MAR 1      0                         2     -2        1
  SINCE JAN 1      0                         2     -2        1
..................................................................


WIND (MPH)
  HIGHEST WIND SPEED    17   HIGHEST WIND DIRECTION    SE (150)
  HIGHEST GUST SPEED    22   HIGHEST GUST DIRECTION    SE (150)
  AVERAGE WIND SPEED     8.9


SKY COVER
  POSSIBLE SUNSHINE  MM
  AVERAGE SKY COVER 0.4


WEATHER CONDITIONS
 THE FOLLOWING WEATHER WAS RECORDED YESTERDAY.
  THUNDERSTORM
  RAIN
  LIGHT RAIN
  FOG


RELATIVE HUMIDITY (PERCENT)
 HIGHEST    86           900 PM
 LOWEST     44          1100 AM
 AVERAGE    65

..........................................................


THE GREEN BAY WI CLIMATE NORMALS FOR TODAY
                         NORMAL    RECORD    YEAR
 MAXIMUM TEMPERATURE (F)   66        87      1977
 MINIMUM TEMPERATURE (F)   44        28      1956
                                             1929


SUNRISE AND SUNSET
MAY 16 2017...........SUNRISE   524 AM CDT   SUNSET   815 PM CDT
MAY 17 2017...........SUNRISE   523 AM CDT   SUNSET   816 PM CDT


-  INDICATES NEGATIVE NUMBERS.
R  INDICATES RECORD WAS SET OR TIED.
MM INDICATES DATA IS MISSING.
T  INDICATES TRACE AMOUNT.




$$
