000
CDUS43 KGRB 181143
CLIGRB


CLIMATE REPORT
NATIONAL WEATHER SERVICE GREEN BAY
643 AM CDT FRI JUL 18 2014


...................................

...THE GREEN BAY WI CLIMATE SUMMARY FOR JULY 17 2014...

CLIMATE NORMAL PERIOD 1981 TO 2010
CLIMATE RECORD PERIOD 1886 TO 2014


WEATHER ITEM   OBSERVED TIME   RECORD YEAR NORMAL DEPARTURE LAST
                VALUE   (LST)  VALUE       VALUE  FROM      YEAR
                                                  NORMAL
..................................................................
TEMPERATURE (F)
 YESTERDAY
  MAXIMUM         80    230 PM  98    1931  80      0       92
  MINIMUM         51    517 AM  45    1958  59     -8       75
                                      1896
  AVERAGE         66                        69     -3       84

PRECIPITATION (IN)
  YESTERDAY        0.00          1.75 1994   0.11  -0.11     0.00
  MONTH TO DATE    0.51                      1.98  -1.47     2.03
  SINCE JUN 1      4.56                      5.86  -1.30     5.85
  SINCE JAN 1     15.22                     15.51  -0.29    19.62

SNOWFALL (IN)
  YESTERDAY        0.0           0.0    MM   0.0    0.0      0.0
  MONTH TO DATE    0.0                       0.0    0.0      0.0
  SINCE JUN 1      0.0                       0.0    0.0      0.0
  SINCE JUL 1      0.0                       0.0    0.0      0.0
  SNOW DEPTH       0

DEGREE DAYS
 HEATING
  YESTERDAY        0                         1     -1        0
  MONTH TO DATE   13                        17     -4        1
  SINCE JUN 1     44                       109    -65       73
  SINCE JUL 1     13                        17     -4        1

 COOLING
  YESTERDAY        1                         5     -4       19
  MONTH TO DATE   45                        85    -40      145
  SINCE JUN 1    151                       168    -17      250
  SINCE JAN 1    167                       186    -19      288
..................................................................


WIND (MPH)
  HIGHEST WIND SPEED    13   HIGHEST WIND DIRECTION    SW (240)
  HIGHEST GUST SPEED    16   HIGHEST GUST DIRECTION    SW (230)
  AVERAGE WIND SPEED     3.7


SKY COVER
  POSSIBLE SUNSHINE  MM
  AVERAGE SKY COVER 0.1


WEATHER CONDITIONS
 THE FOLLOWING WEATHER WAS RECORDED YESTERDAY.
  NO SIGNIFICANT WEATHER WAS OBSERVED.


RELATIVE HUMIDITY (PERCENT)
 HIGHEST    89           300 AM
 LOWEST     35           200 PM
 AVERAGE    62

..........................................................


THE GREEN BAY WI CLIMATE NORMALS FOR TODAY
                         NORMAL    RECORD    YEAR
 MAXIMUM TEMPERATURE (F)   80        97      1894
 MINIMUM TEMPERATURE (F)   59        46      2003
                                             2000
                                             1956


SUNRISE AND SUNSET
JULY 18 2014..........SUNRISE   525 AM CDT   SUNSET   832 PM CDT
JULY 19 2014..........SUNRISE   526 AM CDT   SUNSET   831 PM CDT


-  INDICATES NEGATIVE NUMBERS.
R  INDICATES RECORD WAS SET OR TIED.
MM INDICATES DATA IS MISSING.
T  INDICATES TRACE AMOUNT.




$$
