000
CDUS43 KGRB 110721
CLIGRB


CLIMATE REPORT
NATIONAL WEATHER SERVICE GREEN BAY
121 AM CST THU JAN 11 2018


...................................

...THE GREEN BAY WI CLIMATE SUMMARY FOR JANUARY 10 2018...

CLIMATE NORMAL PERIOD 1981 TO 2010
CLIMATE RECORD PERIOD 1886 TO 2018


WEATHER ITEM   OBSERVED TIME   RECORD YEAR NORMAL DEPARTURE LAST
                VALUE   (LST)  VALUE       VALUE  FROM      YEAR
                                                  NORMAL
..................................................................
TEMPERATURE (F)
 YESTERDAY
  MAXIMUM         38   1159 PM  48    1975  24     14       38
                                      1928
  MINIMUM         27    117 AM -25    1982   9     18       15
  AVERAGE         33                        17     16       27

PRECIPITATION (IN)
  YESTERDAY        T             0.72 2017   0.04  -0.04     0.72
  MONTH TO DATE    0.06                      0.39  -0.33     0.99
  SINCE DEC 1      1.35                      1.90  -0.55     3.24
  SINCE JAN 1      0.06                      0.39  -0.33     0.99

SNOWFALL (IN)
  YESTERDAY        0.0           5.7  1901   0.4   -0.4      2.3
  MONTH TO DATE    1.3                       4.0   -2.7      5.0
  SINCE DEC 1     13.3                      17.1   -3.8     28.1
  SINCE JUL 1     13.9                      21.3   -7.4     29.0
  SNOW DEPTH       5

DEGREE DAYS
 HEATING
  YESTERDAY       32                        48    -16       38
  MONTH TO DATE  529                       480     49      493
  SINCE DEC 1   1956                      1830    126     1744
  SINCE JUL 1   3372                      3570   -198     2806

 COOLING
  YESTERDAY        0                         0      0        0
  MONTH TO DATE    0                         0      0        0
  SINCE DEC 1      0                         0      0        0
  SINCE JAN 1      0                         0      0        0
..................................................................


WIND (MPH)
  HIGHEST WIND SPEED    21   HIGHEST WIND DIRECTION     S (170)
  HIGHEST GUST SPEED    26   HIGHEST GUST DIRECTION     S (170)
  AVERAGE WIND SPEED    10.0


SKY COVER
  POSSIBLE SUNSHINE  MM
  AVERAGE SKY COVER 0.8


WEATHER CONDITIONS
 THE FOLLOWING WEATHER WAS RECORDED YESTERDAY.
  LIGHT RAIN
  FOG
  FOG W/VISIBILITY <= 1/4 MILE
  HAZE


RELATIVE HUMIDITY (PERCENT)
 HIGHEST   100           800 AM
 LOWEST     82           300 AM
 AVERAGE    91

..........................................................


THE GREEN BAY WI CLIMATE NORMALS FOR TODAY
                         NORMAL    RECORD    YEAR
 MAXIMUM TEMPERATURE (F)   24        51      2012
 MINIMUM TEMPERATURE (F)    9       -25      1979


SUNRISE AND SUNSET
JANUARY 11 2018.......SUNRISE   727 AM CST   SUNSET   434 PM CST
JANUARY 12 2018.......SUNRISE   727 AM CST   SUNSET   435 PM CST


-  INDICATES NEGATIVE NUMBERS.
R  INDICATES RECORD WAS SET OR TIED.
MM INDICATES DATA IS MISSING.
T  INDICATES TRACE AMOUNT.




$$
