000
CDUS43 KGRB 190735
CLIGRB


CLIMATE REPORT
NATIONAL WEATHER SERVICE GREEN BAY
234 AM CDT WED JUL 19 2017


...................................

...THE GREEN BAY WI CLIMATE SUMMARY FOR JULY 18 2017...

CLIMATE NORMAL PERIOD 1981 TO 2010
CLIMATE RECORD PERIOD 1886 TO 2017


WEATHER ITEM   OBSERVED TIME   RECORD YEAR NORMAL DEPARTURE LAST
                VALUE   (LST)  VALUE       VALUE  FROM      YEAR
                                                  NORMAL
..................................................................
TEMPERATURE (F)
 YESTERDAY
  MAXIMUM         85    421 PM  97    1894  80      5       83
  MINIMUM         61   1257 AM  46    2003  59      2       61
                                      2000
                                      1956
  AVERAGE         73                        69      4       72

PRECIPITATION (IN)
  YESTERDAY        0.27          1.94 1982   0.12   0.15     0.00
  MONTH TO DATE    2.98                      2.10   0.88     1.57
  SINCE JUN 1      6.76                      5.98   0.78     6.01
  SINCE JAN 1     19.76                     15.63   4.13    17.19

SNOWFALL (IN)
  YESTERDAY        0.0           0.0    MM   0.0    0.0      0.0
  MONTH TO DATE    0.0                       0.0    0.0      0.0
  SINCE JUN 1      0.0                       0.0    0.0      0.0
  SINCE JUL 1      0.0                       0.0    0.0      0.0
  SNOW DEPTH       0

DEGREE DAYS
 HEATING
  YESTERDAY        0                         1     -1        0
  MONTH TO DATE    1                        18    -17        6
  SINCE JUN 1     28                       110    -82       31
  SINCE JUL 1      1                        18    -17        6

 COOLING
  YESTERDAY        8                         5      3        7
  MONTH TO DATE  101                        90     11       97
  SINCE JUN 1    216                       173     43      197
  SINCE JAN 1    224                       191     33      230
..................................................................


WIND (MPH)
  HIGHEST WIND SPEED    31   HIGHEST WIND DIRECTION     W (280)
  HIGHEST GUST SPEED    42   HIGHEST GUST DIRECTION    NW (300)
  AVERAGE WIND SPEED     7.0


SKY COVER
  POSSIBLE SUNSHINE  MM
  AVERAGE SKY COVER 0.3


WEATHER CONDITIONS
 THE FOLLOWING WEATHER WAS RECORDED YESTERDAY.
  THUNDERSTORM
  HEAVY RAIN
  RAIN
  FOG


RELATIVE HUMIDITY (PERCENT)
 HIGHEST   100           100 AM
 LOWEST     71          1000 AM
 AVERAGE    86

..........................................................


THE GREEN BAY WI CLIMATE NORMALS FOR TODAY
                         NORMAL    RECORD    YEAR
 MAXIMUM TEMPERATURE (F)   80        98      1977
 MINIMUM TEMPERATURE (F)   59        46      1947


SUNRISE AND SUNSET
JULY 19 2017..........SUNRISE   526 AM CDT   SUNSET   831 PM CDT
JULY 20 2017..........SUNRISE   527 AM CDT   SUNSET   830 PM CDT


-  INDICATES NEGATIVE NUMBERS.
R  INDICATES RECORD WAS SET OR TIED.
MM INDICATES DATA IS MISSING.
T  INDICATES TRACE AMOUNT.

$$
