000
CDUS43 KGRB 180709
CLIGRB


CLIMATE REPORT
NATIONAL WEATHER SERVICE GREEN BAY
208 AM CDT SAT OCT 18 2014


...................................

...THE GREEN BAY WI CLIMATE SUMMARY FOR OCTOBER 17 2014...

CLIMATE NORMAL PERIOD 1981 TO 2010
CLIMATE RECORD PERIOD 1886 TO 2014


WEATHER ITEM   OBSERVED TIME   RECORD YEAR NORMAL DEPARTURE LAST
                VALUE   (LST)  VALUE       VALUE  FROM      YEAR
                                                  NORMAL
..................................................................
TEMPERATURE (F)
 YESTERDAY
  MAXIMUM         55    206 PM  83    1947  56     -1       55
  MINIMUM         41    659 AM  20    1952  37      4       41
  AVERAGE         48                        47      1       48

PRECIPITATION (IN)
  YESTERDAY        0.05          1.36 1981   0.08  -0.03     0.00
  MONTH TO DATE    2.40                      1.38   1.02     1.66
  SINCE SEP 1      7.09                      4.42   2.67     4.55
  SINCE JAN 1     27.81                     24.82   2.99    28.54

SNOWFALL (IN)
  YESTERDAY        0.0           T    2008   0.0    0.0      0.0
                                      2002
                                      1992
  MONTH TO DATE    0.0                       0.0    0.0      0.0
  SINCE SEP 1      0.0                       0.0    0.0      0.0
  SINCE JUL 1      0.0                       0.0    0.0      0.0
  SNOW DEPTH       0

DEGREE DAYS
 HEATING
  YESTERDAY       17                        18     -1       17
  MONTH TO DATE  259                       264     -5      153
  SINCE SEP 1    456                       471    -15      324
  SINCE JUL 1    485                       534    -49      364

 COOLING
  YESTERDAY        0                         0      0        0
  MONTH TO DATE    0                         0      0        2
  SINCE SEP 1     19                        33    -14       57
  SINCE JAN 1    362                       395    -33      535
..................................................................


WIND (MPH)
  HIGHEST WIND SPEED    24   HIGHEST WIND DIRECTION     N (350)
  HIGHEST GUST SPEED    32   HIGHEST GUST DIRECTION     N (350)
  AVERAGE WIND SPEED     8.9


SKY COVER
  POSSIBLE SUNSHINE  MM
  AVERAGE SKY COVER 0.8


WEATHER CONDITIONS
 THE FOLLOWING WEATHER WAS RECORDED YESTERDAY.
  RAIN
  LIGHT RAIN
  FOG
  FOG W/VISIBILITY <= 1/4 MILE


RELATIVE HUMIDITY (PERCENT)
 HIGHEST   100          1200 AM
 LOWEST     77           200 PM
 AVERAGE    89

..........................................................


THE GREEN BAY WI CLIMATE NORMALS FOR TODAY
                         NORMAL    RECORD    YEAR
 MAXIMUM TEMPERATURE (F)   56        81      1953
 MINIMUM TEMPERATURE (F)   37        18      1948


SUNRISE AND SUNSET
OCTOBER 18 2014.......SUNRISE   711 AM CDT   SUNSET   603 PM CDT
OCTOBER 19 2014.......SUNRISE   713 AM CDT   SUNSET   602 PM CDT


-  INDICATES NEGATIVE NUMBERS.
R  INDICATES RECORD WAS SET OR TIED.
MM INDICATES DATA IS MISSING.
T  INDICATES TRACE AMOUNT.

$$
