000
CDUS43 KGRB 290647
CLIGRB


CLIMATE REPORT
NATIONAL WEATHER SERVICE GREEN BAY
146 AM CDT MON JUN 29 2015


...................................

...THE GREEN BAY WI CLIMATE SUMMARY FOR JUNE 28 2015...

CLIMATE NORMAL PERIOD 1981 TO 2010
CLIMATE RECORD PERIOD 1886 TO 2015


WEATHER ITEM   OBSERVED TIME   RECORD YEAR NORMAL DEPARTURE LAST
                VALUE   (LST)  VALUE       VALUE  FROM      YEAR
                                                  NORMAL
..................................................................
TEMPERATURE (F)
 YESTERDAY
  MAXIMUM         80    302 PM  98    1931  79      1       86
  MINIMUM         53    444 AM  46    1956  57     -4       68
                                      1954
  AVERAGE         67                        68     -1       77

PRECIPITATION (IN)
  YESTERDAY        0.00          1.60 1942   0.12  -0.12     0.00
  MONTH TO DATE    2.40                      3.63  -1.23     3.72
  SINCE JUN 1      2.40                      3.63  -1.23     3.72
  SINCE JAN 1      9.34                     13.28  -3.94    14.38

SNOWFALL (IN)
  YESTERDAY        0.0           0.0    MM   0.0    0.0      0.0
  MONTH TO DATE    0.0                       0.0    0.0      0.0
  SINCE JUN 1      0.0                       0.0    0.0      0.0
  SINCE JUL 1     32.7                      51.4  -18.7     72.1
  SNOW DEPTH       0

DEGREE DAYS
 HEATING
  YESTERDAY        0                         1     -1        0
  MONTH TO DATE   49                        89    -40       31
  SINCE JUN 1     49                        89    -40       31
  SINCE JUL 1   7829                      7952   -123     8771

 COOLING
  YESTERDAY        2                         4     -2       12
  MONTH TO DATE   63                        74    -11       85
  SINCE JUN 1     63                        74    -11       85
  SINCE JAN 1     91                        92     -1      101
..................................................................


WIND (MPH)
  HIGHEST WIND SPEED    16   HIGHEST WIND DIRECTION    SW (230)
  HIGHEST GUST SPEED    21   HIGHEST GUST DIRECTION    SW (220)
  AVERAGE WIND SPEED     5.6


SKY COVER
  POSSIBLE SUNSHINE  MM
  AVERAGE SKY COVER 0.1


WEATHER CONDITIONS
 THE FOLLOWING WEATHER WAS RECORDED YESTERDAY.
  FOG


RELATIVE HUMIDITY (PERCENT)
 HIGHEST    93           100 AM
 LOWEST     32           100 PM
 AVERAGE    63

..........................................................


THE GREEN BAY WI CLIMATE NORMALS FOR TODAY
                         NORMAL    RECORD    YEAR
 MAXIMUM TEMPERATURE (F)   79       100      1931
 MINIMUM TEMPERATURE (F)   58        43      1988


SUNRISE AND SUNSET
JUNE 29 2015..........SUNRISE   511 AM CDT   SUNSET   841 PM CDT
JUNE 30 2015..........SUNRISE   511 AM CDT   SUNSET   841 PM CDT


-  INDICATES NEGATIVE NUMBERS.
R  INDICATES RECORD WAS SET OR TIED.
MM INDICATES DATA IS MISSING.
T  INDICATES TRACE AMOUNT.




$$
