000
CDUS43 KGRB 170714
CLIGRB


CLIMATE REPORT
NATIONAL WEATHER SERVICE GREEN BAY
213 AM CDT FRI OCT 17 2014


...................................

...THE GREEN BAY WI CLIMATE SUMMARY FOR OCTOBER 16 2014...

CLIMATE NORMAL PERIOD 1981 TO 2010
CLIMATE RECORD PERIOD 1886 TO 2014


WEATHER ITEM   OBSERVED TIME   RECORD YEAR NORMAL DEPARTURE LAST
                VALUE   (LST)  VALUE       VALUE  FROM      YEAR
                                                  NORMAL
..................................................................
TEMPERATURE (F)
 YESTERDAY
  MAXIMUM         54    410 PM  81    1968  57     -3       54
                                      1947
  MINIMUM         43   1159 PM  22    1952  38      5       46
  AVERAGE         49                        47      2       50

PRECIPITATION (IN)
  YESTERDAY        T             1.51 2007   0.08  -0.08      T
  MONTH TO DATE    2.35                      1.30   1.05     1.66
  SINCE SEP 1      7.04                      4.34   2.70     4.55
  SINCE JAN 1     27.76                     24.74   3.02    28.54

SNOWFALL (IN)
  YESTERDAY        0.0           T    2004   0.0    0.0      0.0
                                      1992
                                      1952
  MONTH TO DATE    0.0                       0.0    0.0      0.0
  SINCE SEP 1      0.0                       0.0    0.0      0.0
  SINCE JUL 1      0.0                       0.0    0.0      0.0
  SNOW DEPTH       0

DEGREE DAYS
 HEATING
  YESTERDAY       16                        18     -2       15
  MONTH TO DATE  242                       246     -4      136
  SINCE SEP 1    439                       453    -14      307
  SINCE JUL 1    468                       516    -48      347

 COOLING
  YESTERDAY        0                         0      0        0
  MONTH TO DATE    0                         0      0        2
  SINCE SEP 1     19                        33    -14       57
  SINCE JAN 1    362                       395    -33      535
..................................................................


WIND (MPH)
  HIGHEST WIND SPEED     8   HIGHEST WIND DIRECTION    NW (320)
  HIGHEST GUST SPEED    11   HIGHEST GUST DIRECTION    NW (320)
  AVERAGE WIND SPEED     2.7


SKY COVER
  POSSIBLE SUNSHINE  MM
  AVERAGE SKY COVER 0.8


WEATHER CONDITIONS
 THE FOLLOWING WEATHER WAS RECORDED YESTERDAY.
  LIGHT RAIN
  FOG
  HAZE


RELATIVE HUMIDITY (PERCENT)
 HIGHEST   100          1200 AM
 LOWEST     83          1100 AM
 AVERAGE    92

..........................................................


THE GREEN BAY WI CLIMATE NORMALS FOR TODAY
                         NORMAL    RECORD    YEAR
 MAXIMUM TEMPERATURE (F)   56        83      1947
 MINIMUM TEMPERATURE (F)   37        20      1952


SUNRISE AND SUNSET
OCTOBER 17 2014.......SUNRISE   710 AM CDT   SUNSET   605 PM CDT
OCTOBER 18 2014.......SUNRISE   711 AM CDT   SUNSET   603 PM CDT


-  INDICATES NEGATIVE NUMBERS.
R  INDICATES RECORD WAS SET OR TIED.
MM INDICATES DATA IS MISSING.
T  INDICATES TRACE AMOUNT.

$$
