000
CDUS43 KGRB 190704
CLIGRB


CLIMATE REPORT
NATIONAL WEATHER SERVICE GREEN BAY
203 AM CDT SAT JUL 19 2014


...................................

...THE GREEN BAY WI CLIMATE SUMMARY FOR JULY 18 2014...

CLIMATE NORMAL PERIOD 1981 TO 2010
CLIMATE RECORD PERIOD 1886 TO 2014


WEATHER ITEM   OBSERVED TIME   RECORD YEAR NORMAL DEPARTURE LAST
                VALUE   (LST)  VALUE       VALUE  FROM      YEAR
                                                  NORMAL
..................................................................
TEMPERATURE (F)
 YESTERDAY
  MAXIMUM         80    137 PM  97    1894  80      0       93
  MINIMUM         53    456 AM  46    2003  59     -6       73
                                      2000
                                      1956
  AVERAGE         67                        69     -2       83

PRECIPITATION (IN)
  YESTERDAY        0.00          1.94 1982   0.12  -0.12     0.00
  MONTH TO DATE    0.51                      2.10  -1.59     2.03
  SINCE JUN 1      4.56                      5.98  -1.42     5.85
  SINCE JAN 1     15.22                     15.63  -0.41    19.62

SNOWFALL (IN)
  YESTERDAY        0.0           0.0    MM   0.0    0.0      0.0
  MONTH TO DATE    0.0                       0.0    0.0      0.0
  SINCE JUN 1      0.0                       0.0    0.0      0.0
  SINCE JUL 1      0.0                       0.0    0.0      0.0
  SNOW DEPTH       0

DEGREE DAYS
 HEATING
  YESTERDAY        0                         1     -1        0
  MONTH TO DATE   13                        18     -5        1
  SINCE JUN 1     44                       110    -66       73
  SINCE JUL 1     13                        18     -5        1

 COOLING
  YESTERDAY        2                         5     -3       18
  MONTH TO DATE   47                        90    -43      163
  SINCE JUN 1    153                       173    -20      268
  SINCE JAN 1    169                       191    -22      306
..................................................................


WIND (MPH)
  HIGHEST WIND SPEED    21   HIGHEST WIND DIRECTION    SE (140)
  HIGHEST GUST SPEED    26   HIGHEST GUST DIRECTION    SE (140)
  AVERAGE WIND SPEED     7.2


SKY COVER
  POSSIBLE SUNSHINE  MM
  AVERAGE SKY COVER 0.1


WEATHER CONDITIONS
 THE FOLLOWING WEATHER WAS RECORDED YESTERDAY.
  FOG


RELATIVE HUMIDITY (PERCENT)
 HIGHEST    93           200 AM
 LOWEST     43          1100 AM
 AVERAGE    68

..........................................................


THE GREEN BAY WI CLIMATE NORMALS FOR TODAY
                         NORMAL    RECORD    YEAR
 MAXIMUM TEMPERATURE (F)   80        98      1977
 MINIMUM TEMPERATURE (F)   59        46      1947


SUNRISE AND SUNSET
JULY 19 2014..........SUNRISE   526 AM CDT   SUNSET   831 PM CDT
JULY 20 2014..........SUNRISE   527 AM CDT   SUNSET   831 PM CDT


-  INDICATES NEGATIVE NUMBERS.
R  INDICATES RECORD WAS SET OR TIED.
MM INDICATES DATA IS MISSING.
T  INDICATES TRACE AMOUNT.




$$
