242
CDUS43 KGRB 220702
CLIGRB


CLIMATE REPORT
NATIONAL WEATHER SERVICE GREEN BAY
1259 AM CST THU FEB 22 2018


...................................

...THE GREEN BAY WI CLIMATE SUMMARY FOR FEBRUARY 21 2018...

CLIMATE NORMAL PERIOD 1981 TO 2010
CLIMATE RECORD PERIOD 1886 TO 2018


WEATHER ITEM   OBSERVED TIME   RECORD YEAR NORMAL DEPARTURE LAST
                VALUE   (LST)  VALUE       VALUE  FROM      YEAR
                                                  NORMAL
..................................................................
TEMPERATURE (F)
 YESTERDAY
  MAXIMUM         27    437 PM  60    1930  30     -3       59
  MINIMUM         18    815 AM -18    2008  14      4       44
  AVERAGE         23                        22      1       52

PRECIPITATION (IN)
  YESTERDAY        0.00          1.21 1985   0.05  -0.05     0.01
  MONTH TO DATE    0.77                      0.77   0.00     0.23
  SINCE DEC 1      3.10                      3.41  -0.31     4.91
  SINCE JAN 1      1.81                      1.90  -0.09     2.66

SNOWFALL (IN)
  YESTERDAY        0.0           4.5  2011   0.4   -0.4      0.0
                                      1997
  MONTH TO DATE    6.7                       7.5   -0.8       T
  SINCE DEC 1     23.8                      33.6   -9.8     37.7
  SINCE JUL 1     24.4                      37.8  -13.4     38.6
  SNOW DEPTH       T

DEGREE DAYS
 HEATING
  YESTERDAY       42                        43     -1       13
  MONTH TO DATE 1009                       960     49      764
  SINCE DEC 1   3826                      3809     17     3295
  SINCE JUL 1   5242                      5549   -307     4357

 COOLING
  YESTERDAY        0                         0      0        0
  MONTH TO DATE    0                         0      0        0
  SINCE DEC 1      0                         0      0        0
  SINCE JAN 1      0                         0      0        0
..................................................................


WIND (MPH)
  HIGHEST WIND SPEED    18   HIGHEST WIND DIRECTION    NW (300)
  HIGHEST GUST SPEED    24   HIGHEST GUST DIRECTION     W (290)
  AVERAGE WIND SPEED     9.8


SKY COVER
  POSSIBLE SUNSHINE  MM
  AVERAGE SKY COVER 0.1


WEATHER CONDITIONS
 THE FOLLOWING WEATHER WAS RECORDED YESTERDAY.
  NO SIGNIFICANT WEATHER WAS OBSERVED.


RELATIVE HUMIDITY (PERCENT)
 HIGHEST    81           100 AM
 LOWEST     50           200 PM
 AVERAGE    66

..........................................................


THE GREEN BAY WI CLIMATE NORMALS FOR TODAY
                         NORMAL    RECORD    YEAR
 MAXIMUM TEMPERATURE (F)   30        65      2017
 MINIMUM TEMPERATURE (F)   14       -14      1936


SUNRISE AND SUNSET
FEBRUARY 22 2018......SUNRISE   642 AM CST   SUNSET   531 PM CST
FEBRUARY 23 2018......SUNRISE   640 AM CST   SUNSET   532 PM CST


-  INDICATES NEGATIVE NUMBERS.
R  INDICATES RECORD WAS SET OR TIED.
MM INDICATES DATA IS MISSING.
T  INDICATES TRACE AMOUNT.




$$
