000
CDUS43 KGRB 012124
CLIGRB


CLIMATE REPORT
NATIONAL WEATHER SERVICE GREEN BAY
423 PM CDT SAT AUG 1 2015


...................................

...THE GREEN BAY WI CLIMATE SUMMARY FOR AUGUST 1 2015...
VALID TODAY AS OF 0400 PM LOCAL TIME.

CLIMATE NORMAL PERIOD 1981 TO 2010
CLIMATE RECORD PERIOD 1886 TO 2015


WEATHER ITEM   OBSERVED TIME   RECORD YEAR NORMAL DEPARTURE LAST
                VALUE   (LST)  VALUE       VALUE  FROM      YEAR
                                                  NORMAL
..................................................................
TEMPERATURE (F)
 TODAY
  MAXIMUM         83    254 PM  93    1988  79      4       83
                                      1975
                                      1955
  MINIMUM         58    516 AM  45    1976  58      0       56
  AVERAGE         71                        69      2       70

PRECIPITATION (IN)
  TODAY            0.00          1.29 2003   0.11  -0.11      T
  MONTH TO DATE    0.00                      0.11  -0.11      T
  SINCE JUN 1      5.04                      7.49  -2.45     5.26
  SINCE JAN 1     11.98                     17.14  -5.16    15.92

SNOWFALL (IN)
  TODAY            0.0           0.0    MM   0.0    0.0      0.0
  MONTH TO DATE    0.0                       0.0    0.0      0.0
  SINCE JUN 1      0.0                       0.0    0.0      0.0
  SINCE JUL 1      0.0                       0.0    0.0      0.0
  SNOW DEPTH       0

DEGREE DAYS
 HEATING
  TODAY            0                         1     -1        0
  MONTH TO DATE    0                         1     -1        0
  SINCE JUN 1     72                       116    -44       46
  SINCE JUL 1     19                        24     -5       15

 COOLING
  TODAY            6                         5      1        5
  MONTH TO DATE    6                         5      1        5
  SINCE JUN 1    249                       238     11      210
  SINCE JAN 1    277                       256     21      226
..................................................................


WIND (MPH)
  HIGHEST WIND SPEED    18   HIGHEST WIND DIRECTION     W (280)
  HIGHEST GUST SPEED    25   HIGHEST GUST DIRECTION     W (290)
  AVERAGE WIND SPEED    10.1


SKY COVER
  POSSIBLE SUNSHINE  MM
  AVERAGE SKY COVER 0.1


WEATHER CONDITIONS
 THE FOLLOWING WEATHER WAS RECORDED TODAY.
  NO SIGNIFICANT WEATHER WAS OBSERVED.


RELATIVE HUMIDITY (PERCENT)
 HIGHEST    86           400 AM
 LOWEST     34           200 PM
 AVERAGE    60

..........................................................


THE GREEN BAY WI CLIMATE NORMALS FOR TOMORROW
                         NORMAL    RECORD    YEAR
 MAXIMUM TEMPERATURE (F)   79        99      1988
 MINIMUM TEMPERATURE (F)   58        45      1959


SUNRISE AND SUNSET
AUGUST  1 2015........SUNRISE   539 AM CDT   SUNSET   818 PM CDT
AUGUST  2 2015........SUNRISE   540 AM CDT   SUNSET   817 PM CDT


-  INDICATES NEGATIVE NUMBERS.
R  INDICATES RECORD WAS SET OR TIED.
MM INDICATES DATA IS MISSING.
T  INDICATES TRACE AMOUNT.




$$
