000
CDUS43 KGRB 080754
CLIGRB


CLIMATE REPORT
NATIONAL WEATHER SERVICE GREEN BAY
153 AM CST THU DEC 8 2016


...................................

...THE GREEN BAY WI CLIMATE SUMMARY FOR DECEMBER 7 2016...

CLIMATE NORMAL PERIOD 1981 TO 2010
CLIMATE RECORD PERIOD 1886 TO 2016


WEATHER ITEM   OBSERVED TIME   RECORD YEAR NORMAL DEPARTURE LAST
                VALUE   (LST)  VALUE       VALUE  FROM      YEAR
                                                  NORMAL
..................................................................
TEMPERATURE (F)
 YESTERDAY
  MAXIMUM         29    135 PM  50    1946  31     -2       40
                                      1916
  MINIMUM         23   1159 PM -21    1972  17      6       35
  AVERAGE         26                        24      2       38

PRECIPITATION (IN)
  YESTERDAY        T             1.12 1927   0.06  -0.06      T
  MONTH TO DATE    0.34                      0.41  -0.07     0.31
  SINCE DEC 1      0.34                      0.41  -0.07     0.31
  SINCE JAN 1     31.20                     28.42   2.78    27.49

SNOWFALL (IN)
  YESTERDAY        T            11.2  1927   0.4   -0.4      0.0
  MONTH TO DATE    3.7                       2.7    1.0       T
  SINCE DEC 1      3.7                       2.7    1.0       T
  SINCE JUL 1      4.6                       6.9   -2.3      0.2
  SNOW DEPTH       0

DEGREE DAYS
 HEATING
  YESTERDAY       39                        41     -2       27
  MONTH TO DATE  217                       276    -59      202
  SINCE DEC 1    217                       276    -59      202
  SINCE JUL 1   1279                      2016   -737     1474

 COOLING
  YESTERDAY        0                         0      0        0
  MONTH TO DATE    0                         0      0        0
  SINCE DEC 1      0                         0      0        0
  SINCE JAN 1    577                       398    179      517
..................................................................


WIND (MPH)
  HIGHEST WIND SPEED    26   HIGHEST WIND DIRECTION     W (270)
  HIGHEST GUST SPEED    35   HIGHEST GUST DIRECTION    SW (240)
  AVERAGE WIND SPEED    18.5


SKY COVER
  POSSIBLE SUNSHINE  MM
  AVERAGE SKY COVER 0.9


WEATHER CONDITIONS
 THE FOLLOWING WEATHER WAS RECORDED YESTERDAY.
  LIGHT SNOW


RELATIVE HUMIDITY (PERCENT)
 HIGHEST    74           700 AM
 LOWEST     62           900 PM
 AVERAGE    68

..........................................................


THE GREEN BAY WI CLIMATE NORMALS FOR TODAY
                         NORMAL    RECORD    YEAR
 MAXIMUM TEMPERATURE (F)   31        60      1946
 MINIMUM TEMPERATURE (F)   17       -11      1927


SUNRISE AND SUNSET
DECEMBER  8 2016......SUNRISE   717 AM CST   SUNSET   413 PM CST
DECEMBER  9 2016......SUNRISE   717 AM CST   SUNSET   413 PM CST


-  INDICATES NEGATIVE NUMBERS.
R  INDICATES RECORD WAS SET OR TIED.
MM INDICATES DATA IS MISSING.
T  INDICATES TRACE AMOUNT.

$$
