000
CDUS43 KGRB 010703
CLIGRB


CLIMATE REPORT
NATIONAL WEATHER SERVICE GREEN BAY
203 AM CDT FRI AUG 1 2014


...................................

...THE GREEN BAY WI CLIMATE SUMMARY FOR JULY 31 2014...

CLIMATE NORMAL PERIOD 1981 TO 2010
CLIMATE RECORD PERIOD 1886 TO 2014


WEATHER ITEM   OBSERVED TIME   RECORD YEAR NORMAL DEPARTURE LAST
                VALUE   (LST)  VALUE       VALUE  FROM      YEAR
                                                  NORMAL
..................................................................
TEMPERATURE (F)
 YESTERDAY
  MAXIMUM         81    241 PM  96    1995  79      2       79
                                      1917
  MINIMUM         54    509 AM  45    1971  58     -4       62
  AVERAGE         68                        69     -1       71

PRECIPITATION (IN)
  YESTERDAY        0.00          0.73 1913   0.11  -0.11      T
  MONTH TO DATE    1.21                      3.50  -2.29     3.35
  SINCE JUN 1      5.26                      7.38  -2.12     7.17
  SINCE JAN 1     15.92                     17.03  -1.11    20.94

SNOWFALL (IN)
  YESTERDAY        0.0           0.0    MM   0.0    0.0      0.0
  MONTH TO DATE    0.0                       0.0    0.0      0.0
  SINCE JUN 1      0.0                       0.0    0.0      0.0
  SINCE JUL 1      0.0                       0.0    0.0      0.0
  SNOW DEPTH       0

DEGREE DAYS
 HEATING
  YESTERDAY        0                         1     -1        0
  MONTH TO DATE   15                        31    -16       22
  SINCE JUN 1     46                       115    -69       94
  SINCE JUL 1     15                        23     -8       22

 COOLING
  YESTERDAY        3                         5     -2        6
  MONTH TO DATE   99                       150    -51      198
  SINCE JUN 1    205                       233    -28      303
  SINCE JAN 1    221                       251    -30      341
..................................................................


WIND (MPH)
  HIGHEST WIND SPEED    12   HIGHEST WIND DIRECTION     W (260)
  HIGHEST GUST SPEED    15   HIGHEST GUST DIRECTION     W (250)
  AVERAGE WIND SPEED     3.8


SKY COVER
  POSSIBLE SUNSHINE  MM
  AVERAGE SKY COVER 0.1


WEATHER CONDITIONS
 THE FOLLOWING WEATHER WAS RECORDED YESTERDAY.
  FOG
  HAZE


RELATIVE HUMIDITY (PERCENT)
 HIGHEST   100           100 AM
 LOWEST     54           100 PM
 AVERAGE    77

..........................................................


THE GREEN BAY WI CLIMATE NORMALS FOR TODAY
                         NORMAL    RECORD    YEAR
 MAXIMUM TEMPERATURE (F)   79        93      1988
                                             1975
                                             1955
 MINIMUM TEMPERATURE (F)   58        45      1976


SUNRISE AND SUNSET
AUGUST  1 2014........SUNRISE   539 AM CDT   SUNSET   818 PM CDT
AUGUST  2 2014........SUNRISE   540 AM CDT   SUNSET   816 PM CDT


-  INDICATES NEGATIVE NUMBERS.
R  INDICATES RECORD WAS SET OR TIED.
MM INDICATES DATA IS MISSING.
T  INDICATES TRACE AMOUNT.




$$
