000
CDUS43 KGRB 240722
CLIGRB


CLIMATE REPORT
NATIONAL WEATHER SERVICE GREEN BAY
220 AM CDT WED MAY 24 2017


...................................

...THE GREEN BAY WI CLIMATE SUMMARY FOR MAY 23 2017...

CLIMATE NORMAL PERIOD 1981 TO 2010
CLIMATE RECORD PERIOD 1886 TO 2017


WEATHER ITEM   OBSERVED TIME   RECORD YEAR NORMAL DEPARTURE LAST
                VALUE   (LST)  VALUE       VALUE  FROM      YEAR
                                                  NORMAL
..................................................................
TEMPERATURE (F)
 YESTERDAY
  MAXIMUM         56    924 AM  88    2010  68    -12       85
  MINIMUM         49    114 AM  29    1963  46      3       49
                                      1958
  AVERAGE         53                        57     -4       67

PRECIPITATION (IN)
  YESTERDAY        0.39          1.60 2004   0.10   0.29     0.00
  MONTH TO DATE    2.50                      2.04   0.46     1.28
  SINCE MAR 1      9.28                      6.52   2.76     6.62
  SINCE JAN 1     12.53                      8.76   3.77     9.10

SNOWFALL (IN)
  YESTERDAY        0.0           0.0    MM   0.0    0.0      0.0
  MONTH TO DATE    0.0                       0.2   -0.2       T
  SINCE MAR 1      9.0                      11.2   -2.2     16.2
  SINCE JUL 1     53.2                      51.4    1.8     50.0
  SNOW DEPTH       0

DEGREE DAYS
 HEATING
  YESTERDAY       12                         9      3        0
  MONTH TO DATE  262                       268     -6      246
  SINCE MAR 1   1773                      1965   -192     1783
  SINCE JUL 1   6346                      7805  -1459     6594

 COOLING
  YESTERDAY        0                         1     -1        2
  MONTH TO DATE    8                         6      2        5
  SINCE MAR 1      8                         8      0        5
  SINCE JAN 1      8                         8      0        5
..................................................................


WIND (MPH)
  HIGHEST WIND SPEED    22   HIGHEST WIND DIRECTION    NE (40)
  HIGHEST GUST SPEED    28   HIGHEST GUST DIRECTION    NE (30)
  AVERAGE WIND SPEED    11.5


SKY COVER
  POSSIBLE SUNSHINE  MM
  AVERAGE SKY COVER 0.9


WEATHER CONDITIONS
 THE FOLLOWING WEATHER WAS RECORDED YESTERDAY.
  HEAVY RAIN
  RAIN
  LIGHT RAIN
  FOG


RELATIVE HUMIDITY (PERCENT)
 HIGHEST   100           400 PM
 LOWEST     71           400 AM
 AVERAGE    86

..........................................................


THE GREEN BAY WI CLIMATE NORMALS FOR TODAY
                         NORMAL    RECORD    YEAR
 MAXIMUM TEMPERATURE (F)   69        90      2010
 MINIMUM TEMPERATURE (F)   47        33      1992


SUNRISE AND SUNSET
MAY 24 2017...........SUNRISE   516 AM CDT   SUNSET   823 PM CDT
MAY 25 2017...........SUNRISE   515 AM CDT   SUNSET   824 PM CDT


-  INDICATES NEGATIVE NUMBERS.
R  INDICATES RECORD WAS SET OR TIED.
MM INDICATES DATA IS MISSING.
T  INDICATES TRACE AMOUNT.

$$
