000
CDUS43 KGRB 270635
CLIGRB


CLIMATE REPORT
NATIONAL WEATHER SERVICE GREEN BAY
135 AM CDT SAT SEP 27 2014


...................................

...THE GREEN BAY WI CLIMATE SUMMARY FOR SEPTEMBER 26 2014...

CLIMATE NORMAL PERIOD 1981 TO 2010
CLIMATE RECORD PERIOD 1886 TO 2014


WEATHER ITEM   OBSERVED TIME   RECORD YEAR NORMAL DEPARTURE LAST
                VALUE   (LST)  VALUE       VALUE  FROM      YEAR
                                                  NORMAL
..................................................................
TEMPERATURE (F)
 YESTERDAY
  MAXIMUM         77    218 PM  86    1973  66     11       75
                                      1908
  MINIMUM         45    605 AM  28    1966  44      1       44
  AVERAGE         61                        55      6       60

PRECIPITATION (IN)
  YESTERDAY        0.00          1.89 1998   0.10  -0.10     0.00
  MONTH TO DATE    4.57                      2.67   1.90     2.67
  SINCE SEP 1      4.57                      2.67   1.90     2.67
  SINCE JAN 1     25.29                     23.07   2.22    26.66

SNOWFALL (IN)
  YESTERDAY        0.0           T    1965   0.0    0.0      0.0
                                      1942
  MONTH TO DATE    0.0                       0.0    0.0      0.0
  SINCE SEP 1      0.0                       0.0    0.0      0.0
  SINCE JUL 1      0.0                       0.0    0.0      0.0
  SNOW DEPTH       0

DEGREE DAYS
 HEATING
  YESTERDAY        4                        10     -6        5
  MONTH TO DATE  168                       161      7      153
  SINCE SEP 1    168                       161      7      153
  SINCE JUL 1    197                       224    -27      193

 COOLING
  YESTERDAY        0                         0      0        0
  MONTH TO DATE   18                        32    -14       54
  SINCE SEP 1     18                        32    -14       54
  SINCE JAN 1    361                       394    -33      532
..................................................................


WIND (MPH)
  HIGHEST WIND SPEED    12   HIGHEST WIND DIRECTION    NE (50)
  HIGHEST GUST SPEED    13   HIGHEST GUST DIRECTION    NE (50)
  AVERAGE WIND SPEED     2.3


SKY COVER
  POSSIBLE SUNSHINE  MM
  AVERAGE SKY COVER 0.0


WEATHER CONDITIONS
 THE FOLLOWING WEATHER WAS RECORDED YESTERDAY.
  FOG
  FOG W/VISIBILITY <= 1/4 MILE
  HAZE


RELATIVE HUMIDITY (PERCENT)
 HIGHEST   100           100 AM
 LOWEST     49          1200 PM
 AVERAGE    75

..........................................................


THE GREEN BAY WI CLIMATE NORMALS FOR TODAY
                         NORMAL    RECORD    YEAR
 MAXIMUM TEMPERATURE (F)   65        89      1891
 MINIMUM TEMPERATURE (F)   44        29      1991


SUNRISE AND SUNSET
SEPTEMBER 27 2014.....SUNRISE   646 AM CDT   SUNSET   641 PM CDT
SEPTEMBER 28 2014.....SUNRISE   647 AM CDT   SUNSET   639 PM CDT


-  INDICATES NEGATIVE NUMBERS.
R  INDICATES RECORD WAS SET OR TIED.
MM INDICATES DATA IS MISSING.
T  INDICATES TRACE AMOUNT.




$$
