000
CDUS43 KGRB 070651
CLIGRB

CLIMATE REPORT
NATIONAL WEATHER SERVICE GREEN BAY
149 AM CDT MON APR 7 2014

...................................

...THE GREEN BAY WI CLIMATE SUMMARY FOR APRIL 6 2014...

CLIMATE NORMAL PERIOD 1981 TO 2010
CLIMATE RECORD PERIOD 1886 TO 2014

WEATHER ITEM   OBSERVED TIME   RECORD YEAR NORMAL DEPARTURE LAST
                VALUE   (LST)  VALUE       VALUE  FROM      YEAR
                                                  NORMAL
..................................................................
TEMPERATURE (F)
 YESTERDAY
  MAXIMUM         57    419 PM  84    1991  49      8       50
  MINIMUM         33    215 AM  12    2003  30      3       30
  AVERAGE         45                        40      5       40

PRECIPITATION (IN)
  YESTERDAY        0.00          1.22 2010   0.09  -0.09     0.12
  MONTH TO DATE    0.28                      0.48  -0.20     0.12
  SINCE MAR 1      1.19                      2.33  -1.14     2.13
  SINCE JAN 1      3.98                      4.57  -0.59     6.79

SNOWFALL (IN)
  YESTERDAY        0.0           5.0  1914   0.1   -0.1      1.4
  MONTH TO DATE    0.2                       0.9   -0.7      1.4
  SINCE MAR 1      6.3                       9.0   -2.7      9.8
  SINCE JUL 1     68.6                      49.2   19.4     67.8
  SNOW DEPTH       0

DEGREE DAYS
 HEATING
  YESTERDAY       20                        25     -5       25
  MONTH TO DATE  168                       158     10      180
  SINCE MAR 1   1462                      1218    244     1368
  SINCE JUL 1   7943                      7058    885     6811

COOLING
  YESTERDAY        0                         0      0        0
  MONTH TO DATE    0                         0      0        0
  SINCE MAR 1      0                         0      0        0
  SINCE JAN 1      0                         0      0        0
..................................................................

WIND (MPH)
  HIGHEST WIND SPEED    22   HIGHEST WIND DIRECTION     S (190)
  HIGHEST GUST SPEED    30   HIGHEST GUST DIRECTION     S (180)
  AVERAGE WIND SPEED    10.2

SKY COVER
  POSSIBLE SUNSHINE  MM
  AVERAGE SKY COVER 0.4

WEATHER CONDITIONS
 THE FOLLOWING WEATHER WAS RECORDED YESTERDAY.
  NO SIGNIFICANT WEATHER WAS OBSERVED.

RELATIVE HUMIDITY (PERCENT)
 HIGHEST    82          1200 AM
 LOWEST     47           300 PM
 AVERAGE    65
..........................................................

THE GREEN BAY WI CLIMATE NORMALS FOR TODAY
                         NORMAL    RECORD    YEAR
 MAXIMUM TEMPERATURE (F)   50        81      1991
 MINIMUM TEMPERATURE (F)   31        16      1972
                                             1936
                                             1914

SUNRISE AND SUNSET
APRIL  7 2014.........SUNRISE   623 AM CDT   SUNSET   727 PM CDT
APRIL  8 2014.........SUNRISE   621 AM CDT   SUNSET   729 PM CDT

-  INDICATES NEGATIVE NUMBERS.
R  INDICATES RECORD WAS SET OR TIED.
MM INDICATES DATA IS MISSING.
T  INDICATES TRACE AMOUNT.

$$
