000
CDUS43 KGRB 160723
CLIGRB


CLIMATE REPORT
NATIONAL WEATHER SERVICE GREEN BAY
123 AM CST THU FEB 16 2017


...................................

...THE GREEN BAY WI CLIMATE SUMMARY FOR FEBRUARY 15 2017...

CLIMATE NORMAL PERIOD 1981 TO 2010
CLIMATE RECORD PERIOD 1886 TO 2017


WEATHER ITEM   OBSERVED TIME   RECORD YEAR NORMAL DEPARTURE LAST
                VALUE   (LST)  VALUE       VALUE  FROM      YEAR
                                                  NORMAL
..................................................................
TEMPERATURE (F)
 YESTERDAY
  MAXIMUM         30    356 PM  57    1921  28      2       24
  MINIMUM         21   1159 PM -17    1905  12      9       16
                                      1888
  AVERAGE         26                        20      6       20

PRECIPITATION (IN)
  YESTERDAY        0.00          0.32 1910   0.04  -0.04     0.01
  MONTH TO DATE    0.02                      0.52  -0.50     0.99
  SINCE DEC 1      4.70                      3.16   1.54     8.03
  SINCE JAN 1      2.45                      1.65   0.80     2.32

SNOWFALL (IN)
  YESTERDAY        0.0           3.9  2014   0.3   -0.3      0.2
                                      1979
  MONTH TO DATE    T                         5.4   -5.4     11.4
  SINCE DEC 1     37.7                      31.5    6.2     32.8
  SINCE JUL 1     38.6                      35.7    2.9     33.0
  SNOW DEPTH       T

DEGREE DAYS
 HEATING
  YESTERDAY       39                        45     -6       45
  MONTH TO DATE  628                       697    -69      704
  SINCE DEC 1   3159                      3546   -387     3052
  SINCE JUL 1   4221                      5286  -1065     4324

 COOLING
  YESTERDAY        0                         0      0        0
  MONTH TO DATE    0                         0      0        0
  SINCE DEC 1      0                         0      0        0
  SINCE JAN 1      0                         0      0        0
..................................................................


WIND (MPH)
  HIGHEST WIND SPEED    16   HIGHEST WIND DIRECTION    NW (300)
  HIGHEST GUST SPEED    21   HIGHEST GUST DIRECTION    NW (310)
  AVERAGE WIND SPEED     9.3


SKY COVER
  POSSIBLE SUNSHINE  MM
  AVERAGE SKY COVER 0.5


WEATHER CONDITIONS
 THE FOLLOWING WEATHER WAS RECORDED YESTERDAY.
  NO SIGNIFICANT WEATHER WAS OBSERVED.


RELATIVE HUMIDITY (PERCENT)
 HIGHEST    69          1200 AM
 LOWEST     53           400 PM
 AVERAGE    61

..........................................................


THE GREEN BAY WI CLIMATE NORMALS FOR TODAY
                         NORMAL    RECORD    YEAR
 MAXIMUM TEMPERATURE (F)   28        55      1921
 MINIMUM TEMPERATURE (F)   13       -18      1936


SUNRISE AND SUNSET
FEBRUARY 16 2017......SUNRISE   651 AM CST   SUNSET   523 PM CST
FEBRUARY 17 2017......SUNRISE   649 AM CST   SUNSET   525 PM CST


-  INDICATES NEGATIVE NUMBERS.
R  INDICATES RECORD WAS SET OR TIED.
MM INDICATES DATA IS MISSING.
T  INDICATES TRACE AMOUNT.




$$
