000
CDUS43 KGRB 140710
CLIGRB


CLIMATE REPORT
NATIONAL WEATHER SERVICE GREEN BAY
209 AM CDT SUN AUG 14 2016


...................................

...THE GREEN BAY WI CLIMATE SUMMARY FOR AUGUST 13 2016...

CLIMATE NORMAL PERIOD 1981 TO 2010
CLIMATE RECORD PERIOD 1886 TO 2016


WEATHER ITEM   OBSERVED TIME   RECORD YEAR NORMAL DEPARTURE LAST
                VALUE   (LST)  VALUE       VALUE  FROM      YEAR
                                                  NORMAL
..................................................................
TEMPERATURE (F)
 YESTERDAY
  MAXIMUM         79    223 PM  97    1944  78      1       86
  MINIMUM         62   1144 PM  44    1964  58      4       65
  AVERAGE         71                        68      3       76

PRECIPITATION (IN)
  YESTERDAY        0.29          1.12 1975   0.12   0.17     0.00
  MONTH TO DATE    0.31                      1.48  -1.17     1.90
  SINCE JUN 1      7.97                      8.86  -0.89     6.94
  SINCE JAN 1     19.15                     18.51   0.64    13.88

SNOWFALL (IN)
  YESTERDAY        0.0           0.0    MM   0.0    0.0      0.0
  MONTH TO DATE    0.0                       0.0    0.0      0.0
  SINCE JUN 1      0.0                       0.0    0.0      0.0
  SINCE JUL 1      0.0                       0.0    0.0      0.0
  SNOW DEPTH       0

DEGREE DAYS
 HEATING
  YESTERDAY        0                         1     -1        0
  MONTH TO DATE    0                        13    -13        0
  SINCE JUN 1     31                       128    -97       72
  SINCE JUL 1      6                        36    -30       19

 COOLING
  YESTERDAY        6                         4      2       11
  MONTH TO DATE   99                        53     46       61
  SINCE JUN 1    397                       286    111      304
  SINCE JAN 1    430                       304    126      332
..................................................................


WIND (MPH)
  HIGHEST WIND SPEED    18   HIGHEST WIND DIRECTION    NW (320)
  HIGHEST GUST SPEED    24   HIGHEST GUST DIRECTION    NW (310)
  AVERAGE WIND SPEED     7.5


SKY COVER
  POSSIBLE SUNSHINE  MM
  AVERAGE SKY COVER 0.6


WEATHER CONDITIONS
 THE FOLLOWING WEATHER WAS RECORDED YESTERDAY.
  HEAVY RAIN
  RAIN
  LIGHT RAIN
  FOG


RELATIVE HUMIDITY (PERCENT)
 HIGHEST   100           100 AM
 LOWEST     67           300 PM
 AVERAGE    84

..........................................................


THE GREEN BAY WI CLIMATE NORMALS FOR TODAY
                         NORMAL    RECORD    YEAR
 MAXIMUM TEMPERATURE (F)   78        96      1965
 MINIMUM TEMPERATURE (F)   58        40      1964


SUNRISE AND SUNSET
AUGUST 14 2016........SUNRISE   555 AM CDT   SUNSET   759 PM CDT
AUGUST 15 2016........SUNRISE   556 AM CDT   SUNSET   757 PM CDT


-  INDICATES NEGATIVE NUMBERS.
R  INDICATES RECORD WAS SET OR TIED.
MM INDICATES DATA IS MISSING.
T  INDICATES TRACE AMOUNT.




$$
