000
CDUS43 KGRB 250846
CLIGRB


CLIMATE REPORT
NATIONAL WEATHER SERVICE GREEN BAY
346 AM CDT MON JUL 25 2016


...................................

...THE GREEN BAY WI CLIMATE SUMMARY FOR JULY 24 2016...

CLIMATE NORMAL PERIOD 1981 TO 2010
CLIMATE RECORD PERIOD 1886 TO 2016


WEATHER ITEM   OBSERVED TIME   RECORD YEAR NORMAL DEPARTURE LAST
                VALUE   (LST)  VALUE       VALUE  FROM      YEAR
                                                  NORMAL
..................................................................
TEMPERATURE (F)
 YESTERDAY
  MAXIMUM         86    437 PM  95    1945  80      6       83
  MINIMUM         69   1159 PM  45    1953  59     10       61
  AVERAGE         78                        69      9       72

PRECIPITATION (IN)
  YESTERDAY        0.43          1.44 1985   0.10   0.33     0.00
  MONTH TO DATE    2.58                      2.75  -0.17     1.79
  SINCE JUN 1      7.02                      6.63   0.39     5.03
  SINCE JAN 1     18.20                     16.28   1.92    11.97

SNOWFALL (IN)
  YESTERDAY        0.0           0.0    MM   0.0    0.0      0.0
  MONTH TO DATE    0.0                       0.0    0.0      0.0
  SINCE JUN 1      0.0                       0.0    0.0      0.0
  SINCE JUL 1      0.0                       0.0    0.0      0.0
  SNOW DEPTH       0

DEGREE DAYS
 HEATING
  YESTERDAY        0                         1     -1        0
  MONTH TO DATE    6                        24    -18       19
  SINCE JUN 1     31                       116    -85       72
  SINCE JUL 1      6                        24    -18       19

 COOLING
  YESTERDAY       13                         5      8        7
  MONTH TO DATE  163                       120     43      110
  SINCE JUN 1    263                       203     60      177
  SINCE JAN 1    296                       221     75      205
..................................................................


WIND (MPH)
  HIGHEST WIND SPEED    17   HIGHEST WIND DIRECTION     W (290)
  HIGHEST GUST SPEED    24   HIGHEST GUST DIRECTION     W (290)
  AVERAGE WIND SPEED     8.3


SKY COVER
  POSSIBLE SUNSHINE  MM
  AVERAGE SKY COVER 0.5


WEATHER CONDITIONS
 THE FOLLOWING WEATHER WAS RECORDED YESTERDAY.
  THUNDERSTORM
  HEAVY RAIN
  RAIN
  LIGHT RAIN
  FOG


RELATIVE HUMIDITY (PERCENT)
 HIGHEST   100           400 AM
 LOWEST     70           400 PM
 AVERAGE    85

..........................................................


THE GREEN BAY WI CLIMATE NORMALS FOR TODAY
                         NORMAL    RECORD    YEAR
 MAXIMUM TEMPERATURE (F)   80        94      1930
 MINIMUM TEMPERATURE (F)   59        45      2004


SUNRISE AND SUNSET
JULY 25 2016..........SUNRISE   532 AM CDT   SUNSET   825 PM CDT
JULY 26 2016..........SUNRISE   533 AM CDT   SUNSET   824 PM CDT


-  INDICATES NEGATIVE NUMBERS.
R  INDICATES RECORD WAS SET OR TIED.
MM INDICATES DATA IS MISSING.
T  INDICATES TRACE AMOUNT.




$$
