179
CDUS43 KGRB 200654
CLIGRB


CLIMATE REPORT
NATIONAL WEATHER SERVICE GREEN BAY
151 AM CDT THU APR 20 2017


...................................

...THE GREEN BAY WI CLIMATE SUMMARY FOR APRIL 19 2017...

CLIMATE NORMAL PERIOD 1981 TO 2010
CLIMATE RECORD PERIOD 1886 TO 2017


WEATHER ITEM   OBSERVED TIME   RECORD YEAR NORMAL DEPARTURE LAST
                VALUE   (LST)  VALUE       VALUE  FROM      YEAR
                                                  NORMAL
..................................................................
TEMPERATURE (F)
 YESTERDAY
  MAXIMUM         61   1230 AM  80    2005  56      5       50
                                      1915
  MINIMUM         41   1159 PM  17    1897  35      6       40
  AVERAGE         51                        45      6       45

PRECIPITATION (IN)
  YESTERDAY        0.12          1.40 1898   0.09   0.03     0.03
  MONTH TO DATE    2.10                      1.65   0.45     0.87
  SINCE MAR 1      4.40                      3.50   0.90     4.92
  SINCE JAN 1      7.65                      5.74   1.91     7.40

SNOWFALL (IN)
  YESTERDAY        0.0           9.9  2011   0.1   -0.1      0.0
  MONTH TO DATE    0.0                       2.4   -2.4      4.4
  SINCE MAR 1      9.0                      10.5   -1.5     16.2
  SINCE JUL 1     53.2                      50.7    2.5     50.0
  SNOW DEPTH       0

DEGREE DAYS
 HEATING
  YESTERDAY       14                        20     -6       20
  MONTH TO DATE  305                       446   -141      476
  SINCE MAR 1   1329                      1506   -177     1341
  SINCE JUL 1   5902                      7346  -1444     6152

 COOLING
  YESTERDAY        0                         0      0        0
  MONTH TO DATE    0                         0      0        0
  SINCE MAR 1      0                         0      0        0
  SINCE JAN 1      0                         0      0        0
..................................................................


WIND (MPH)
  HIGHEST WIND SPEED    29   HIGHEST WIND DIRECTION     N (10)
  HIGHEST GUST SPEED    36   HIGHEST GUST DIRECTION     N (10)
  AVERAGE WIND SPEED    13.0


SKY COVER
  POSSIBLE SUNSHINE  MM
  AVERAGE SKY COVER 0.6


WEATHER CONDITIONS
 THE FOLLOWING WEATHER WAS RECORDED YESTERDAY.
  THUNDERSTORM
  HEAVY RAIN
  RAIN
  LIGHT RAIN
  FOG
  HAZE


RELATIVE HUMIDITY (PERCENT)
 HIGHEST    89           300 AM
 LOWEST     66          1200 PM
 AVERAGE    78

..........................................................


THE GREEN BAY WI CLIMATE NORMALS FOR TODAY
                         NORMAL    RECORD    YEAR
 MAXIMUM TEMPERATURE (F)   56        84      1987
 MINIMUM TEMPERATURE (F)   36        20      1904


SUNRISE AND SUNSET
APRIL 20 2017.........SUNRISE   600 AM CDT   SUNSET   744 PM CDT
APRIL 21 2017.........SUNRISE   558 AM CDT   SUNSET   745 PM CDT


-  INDICATES NEGATIVE NUMBERS.
R  INDICATES RECORD WAS SET OR TIED.
MM INDICATES DATA IS MISSING.
T  INDICATES TRACE AMOUNT.




$$
