000
CDUS43 KGRB 231245
CLIGRB


CLIMATE REPORT
NATIONAL WEATHER SERVICE GREEN BAY
745 AM CDT SAT MAY 23 2015


...................................

...THE GREEN BAY WI CLIMATE SUMMARY FOR MAY 22 2015...

CLIMATE NORMAL PERIOD 1981 TO 2010
CLIMATE RECORD PERIOD 1886 TO 2015


WEATHER ITEM   OBSERVED TIME   RECORD YEAR NORMAL DEPARTURE LAST
                VALUE   (LST)  VALUE       VALUE  FROM      YEAR
                                                  NORMAL
..................................................................
TEMPERATURE (F)
 YESTERDAY
  MAXIMUM         71    354 PM  91    1921  68      3       68
  MINIMUM         37    447 AM  29    1967  46     -9       48
  AVERAGE         54                        57     -3       58

PRECIPITATION (IN)
  YESTERDAY        0.00          1.54 1970   0.10  -0.10     0.00
  MONTH TO DATE    1.23                      1.94  -0.71     2.47
  SINCE MAR 1      3.76                      6.42  -2.66     7.39
  SINCE JAN 1      4.73                      8.66  -3.93    10.18

SNOWFALL (IN)
  YESTERDAY        0.0           0.0    MM   0.0    0.0      0.0
  MONTH TO DATE    0.0                       0.2   -0.2      0.0
  SINCE MAR 1      4.2                      11.2   -7.0      9.8
  SINCE JUL 1     32.7                      51.4  -18.7     72.1
  SNOW DEPTH       0

DEGREE DAYS
 HEATING
  YESTERDAY       11                         9      2        7
  MONTH TO DATE  177                       259    -82      252
  SINCE MAR 1   1709                      1956   -247     2242
  SINCE JUL 1   7747                      7796    -49     8723

 COOLING
  YESTERDAY        0                         1     -1        0
  MONTH TO DATE    7                         5      2        0
  SINCE MAR 1      7                         7      0        0
  SINCE JAN 1      7                         7      0        0
..................................................................


WIND (MPH)
  HIGHEST WIND SPEED    21   HIGHEST WIND DIRECTION    SE (140)
  HIGHEST GUST SPEED    24   HIGHEST GUST DIRECTION    SE (150)
  AVERAGE WIND SPEED     5.3


SKY COVER
  POSSIBLE SUNSHINE  MM
  AVERAGE SKY COVER 0.0


WEATHER CONDITIONS
 THE FOLLOWING WEATHER WAS RECORDED YESTERDAY.
  NO SIGNIFICANT WEATHER WAS OBSERVED.


RELATIVE HUMIDITY (PERCENT)
 HIGHEST    92           300 AM
 LOWEST     23           300 PM
 AVERAGE    58

..........................................................


THE GREEN BAY WI CLIMATE NORMALS FOR TODAY
                         NORMAL    RECORD    YEAR
 MAXIMUM TEMPERATURE (F)   68        88      2010
 MINIMUM TEMPERATURE (F)   46        29      1963
                                             1958


SUNRISE AND SUNSET
MAY 23 2015...........SUNRISE   517 AM CDT   SUNSET   822 PM CDT
MAY 24 2015...........SUNRISE   517 AM CDT   SUNSET   823 PM CDT


-  INDICATES NEGATIVE NUMBERS.
R  INDICATES RECORD WAS SET OR TIED.
MM INDICATES DATA IS MISSING.
T  INDICATES TRACE AMOUNT.




$$
