000
CDUS43 KGRB 142133
CLIGRB


CLIMATE REPORT
NATIONAL WEATHER SERVICE GREEN BAY
432 PM CDT TUE MAR 14 2017


...................................

...THE GREEN BAY WI CLIMATE SUMMARY FOR MARCH 14 2017...
VALID TODAY AS OF 0400 PM LOCAL TIME.

CLIMATE NORMAL PERIOD 1981 TO 2010
CLIMATE RECORD PERIOD 1886 TO 2017


WEATHER ITEM   OBSERVED TIME   RECORD YEAR NORMAL DEPARTURE LAST
                VALUE   (LST)  VALUE       VALUE  FROM      YEAR
                                                  NORMAL
..................................................................
TEMPERATURE (F)
 TODAY
  MAXIMUM         29    259 PM  75    2012  38     -9       51
  MINIMUM         10    435 AM  -6    1895  22    -12       39
  AVERAGE         20                        30    -10       45

PRECIPITATION (IN)
  TODAY            0.00          0.82 1971   0.06  -0.06     0.07
  MONTH TO DATE    0.77                      0.79  -0.02     0.58
  SINCE MAR 1      0.77                      0.79  -0.02     0.58
  SINCE JAN 1      4.02                      3.03   0.99     3.06

SNOWFALL (IN)
  TODAY            0.0           4.8  1893   0.3   -0.3      0.0
  MONTH TO DATE    7.1                       4.6    2.5      3.7
  SINCE MAR 1      7.1                       4.6    2.5      3.7
  SINCE JUL 1     51.3                      44.8    6.5     37.5
  SNOW DEPTH       1

DEGREE DAYS
 HEATING
  TODAY           45                        35     10       20
  MONTH TO DATE  528                       528      0      394
  SINCE MAR 1    528                       528      0      394
  SINCE JUL 1   5101                      6368  -1267     5205

 COOLING
  TODAY            0                         0      0        0
  MONTH TO DATE    0                         0      0        0
  SINCE MAR 1      0                         0      0        0
  SINCE JAN 1      0                         0      0        0
..................................................................


WIND (MPH)
  HIGHEST WIND SPEED    18   HIGHEST WIND DIRECTION    NE (30)
  HIGHEST GUST SPEED    23   HIGHEST GUST DIRECTION     N (350)
  AVERAGE WIND SPEED    12.2


SKY COVER
  POSSIBLE SUNSHINE  MM
  AVERAGE SKY COVER 0.3


WEATHER CONDITIONS
 THE FOLLOWING WEATHER WAS RECORDED TODAY.
  NO SIGNIFICANT WEATHER WAS OBSERVED.


RELATIVE HUMIDITY (PERCENT)
 HIGHEST    83           300 AM
 LOWEST     46           300 PM
 AVERAGE    65

..........................................................


THE GREEN BAY WI CLIMATE NORMALS FOR TOMORROW
                         NORMAL    RECORD    YEAR
 MAXIMUM TEMPERATURE (F)   39        66      1995
 MINIMUM TEMPERATURE (F)   22        -4      1906


SUNRISE AND SUNSET
MARCH 14 2017.........SUNRISE   706 AM CDT   SUNSET   658 PM CDT
MARCH 15 2017.........SUNRISE   704 AM CDT   SUNSET   659 PM CDT


-  INDICATES NEGATIVE NUMBERS.
R  INDICATES RECORD WAS SET OR TIED.
MM INDICATES DATA IS MISSING.
T  INDICATES TRACE AMOUNT.




$$
