000
CDUS43 KGRB 200709
CLIGRB


CLIMATE REPORT
NATIONAL WEATHER SERVICE GREEN BAY
109 AM CST SAT DEC 20 2014


...................................

...THE GREEN BAY WI CLIMATE SUMMARY FOR DECEMBER 19 2014...

CLIMATE NORMAL PERIOD 1981 TO 2010
CLIMATE RECORD PERIOD 1886 TO 2014


WEATHER ITEM   OBSERVED TIME   RECORD YEAR NORMAL DEPARTURE LAST
                VALUE   (LST)  VALUE       VALUE  FROM      YEAR
                                                  NORMAL
..................................................................
TEMPERATURE (F)
 YESTERDAY
  MAXIMUM         31    323 PM  51    1918  27      4       28
  MINIMUM         16    717 AM -27    1983  13      3       12
  AVERAGE         24                        20      4       20

PRECIPITATION (IN)
  YESTERDAY        0.00          0.54 1968   0.04  -0.04      T
  MONTH TO DATE    0.66                      1.00  -0.34     1.05
  SINCE DEC 1      0.66                      1.00  -0.34     1.05
  SINCE JAN 1     31.09                     29.01   2.08    34.32

SNOWFALL (IN)
  YESTERDAY        0.0           5.9  1968   0.4   -0.4       T
  MONTH TO DATE    3.2                       8.0   -4.8     13.4
  SINCE DEC 1      3.2                       8.0   -4.8     13.4
  SINCE JUL 1     11.4                      12.2   -0.8     14.6
  SNOW DEPTH       1

DEGREE DAYS
 HEATING
  YESTERDAY       41                        45     -4       45
  MONTH TO DATE  747                       794    -47      927
  SINCE DEC 1    747                       794    -47      927
  SINCE JUL 1   2584                      2534     50     2538

 COOLING
  YESTERDAY        0                         0      0        0
  MONTH TO DATE    0                         0      0        0
  SINCE DEC 1      0                         0      0        0
  SINCE JAN 1    362                       398    -36      535
..................................................................


WIND (MPH)
  HIGHEST WIND SPEED     7   HIGHEST WIND DIRECTION     S (200)
  HIGHEST GUST SPEED     9   HIGHEST GUST DIRECTION     S (180)
  AVERAGE WIND SPEED     1.1


SKY COVER
  POSSIBLE SUNSHINE  MM
  AVERAGE SKY COVER 0.1


WEATHER CONDITIONS
 THE FOLLOWING WEATHER WAS RECORDED YESTERDAY.
  NO SIGNIFICANT WEATHER WAS OBSERVED.


RELATIVE HUMIDITY (PERCENT)
 HIGHEST    92           200 AM
 LOWEST     69           200 PM
 AVERAGE    81

..........................................................


THE GREEN BAY WI CLIMATE NORMALS FOR TODAY
                         NORMAL    RECORD    YEAR
 MAXIMUM TEMPERATURE (F)   27        51      1894
 MINIMUM TEMPERATURE (F)   13       -15      1989
                                             1924


SUNRISE AND SUNSET
DECEMBER 20 2014......SUNRISE   725 AM CST   SUNSET   415 PM CST
DECEMBER 21 2014......SUNRISE   726 AM CST   SUNSET   416 PM CST


-  INDICATES NEGATIVE NUMBERS.
R  INDICATES RECORD WAS SET OR TIED.
MM INDICATES DATA IS MISSING.
T  INDICATES TRACE AMOUNT.




$$
