000
CDUS43 KGRB 130630
CLIGRB


CLIMATE REPORT
NATIONAL WEATHER SERVICE GREEN BAY
129 AM CDT THU APR 13 2017


...................................

...THE GREEN BAY WI CLIMATE SUMMARY FOR APRIL 12 2017...

CLIMATE NORMAL PERIOD 1981 TO 2010
CLIMATE RECORD PERIOD 1886 TO 2017


WEATHER ITEM   OBSERVED TIME   RECORD YEAR NORMAL DEPARTURE LAST
                VALUE   (LST)  VALUE       VALUE  FROM      YEAR
                                                  NORMAL
..................................................................
TEMPERATURE (F)
 YESTERDAY
  MAXIMUM         54    400 PM  80    1977  52      2       46
  MINIMUM         32    607 AM  17    1939  33     -1       29
  AVERAGE         43                        42      1       38

PRECIPITATION (IN)
  YESTERDAY        0.01          0.85 1900   0.09  -0.08     0.00
  MONTH TO DATE    0.66                      1.00  -0.34     0.62
  SINCE MAR 1      2.96                      2.85   0.11     4.67
  SINCE JAN 1      6.21                      5.09   1.12     7.15

SNOWFALL (IN)
  YESTERDAY        0.0           6.5  1900   0.1   -0.1      0.0
  MONTH TO DATE    0.0                       1.7   -1.7      4.4
  SINCE MAR 1      9.0                       9.8   -0.8     16.2
  SINCE JUL 1     53.2                      50.0    3.2     50.0
  SNOW DEPTH       0

DEGREE DAYS
 HEATING
  YESTERDAY       22                        23     -1       27
  MONTH TO DATE  209                       300    -91      379
  SINCE MAR 1   1233                      1360   -127     1244
  SINCE JUL 1   5806                      7200  -1394     6055

 COOLING
  YESTERDAY        0                         0      0        0
  MONTH TO DATE    0                         0      0        0
  SINCE MAR 1      0                         0      0        0
  SINCE JAN 1      0                         0      0        0
..................................................................


WIND (MPH)
  HIGHEST WIND SPEED    13   HIGHEST WIND DIRECTION     S (160)
  HIGHEST GUST SPEED    15   HIGHEST GUST DIRECTION    SE (140)
  AVERAGE WIND SPEED     4.7


SKY COVER
  POSSIBLE SUNSHINE  MM
  AVERAGE SKY COVER 0.4


WEATHER CONDITIONS
 THE FOLLOWING WEATHER WAS RECORDED YESTERDAY.
  LIGHT RAIN


RELATIVE HUMIDITY (PERCENT)
 HIGHEST   100           600 AM
 LOWEST     46           100 PM
 AVERAGE    73

..........................................................


THE GREEN BAY WI CLIMATE NORMALS FOR TODAY
                         NORMAL    RECORD    YEAR
 MAXIMUM TEMPERATURE (F)   53        78      1938
 MINIMUM TEMPERATURE (F)   33        18      1950


SUNRISE AND SUNSET
APRIL 13 2017.........SUNRISE   612 AM CDT   SUNSET   735 PM CDT
APRIL 14 2017.........SUNRISE   610 AM CDT   SUNSET   736 PM CDT


-  INDICATES NEGATIVE NUMBERS.
R  INDICATES RECORD WAS SET OR TIED.
MM INDICATES DATA IS MISSING.
T  INDICATES TRACE AMOUNT.




$$
