000
CDUS43 KGRB 122154
CLIGRB


CLIMATE REPORT
NATIONAL WEATHER SERVICE GREEN BAY
454 PM CDT WED JUL 12 2017


...................................

...THE GREEN BAY WI CLIMATE SUMMARY FOR JULY 12 2017...
VALID TODAY AS OF 0400 PM LOCAL TIME.

CLIMATE NORMAL PERIOD 1981 TO 2010
CLIMATE RECORD PERIOD 1886 TO 2017


WEATHER ITEM   OBSERVED TIME   RECORD YEAR NORMAL DEPARTURE LAST
                VALUE   (LST)  VALUE       VALUE  FROM      YEAR
                                                  NORMAL
..................................................................
TEMPERATURE (F)
 TODAY
  MAXIMUM         86    259 PM 102    1936  80      6       84
  MINIMUM         67    712 AM  47    1976  59      8       65
  AVERAGE         77                        69      8       75

PRECIPITATION (IN)
  TODAY            1.36          2.05 1950   0.11   1.25     0.39
  MONTH TO DATE    1.78                      1.41   0.37     0.99
  SINCE JUN 1      5.56                      5.29   0.27     5.43
  SINCE JAN 1     18.56                     14.94   3.62    16.61

SNOWFALL (IN)
  TODAY            0.0           0.0    MM   0.0    0.0      0.0
  MONTH TO DATE    0.0                       0.0    0.0      0.0
  SINCE JUN 1      0.0                       0.0    0.0      0.0
  SINCE JUL 1      0.0                       0.0    0.0      0.0
  SNOW DEPTH       0

DEGREE DAYS
 HEATING
  TODAY            0                         1     -1        0
  MONTH TO DATE    0                        12    -12        1
  SINCE JUN 1     27                       104    -77       26
  SINCE JUL 1      0                        12    -12        1

 COOLING
  TODAY           12                         5      7       10
  MONTH TO DATE   81                        60     21       67
  SINCE JUN 1    196                       143     53      167
  SINCE JAN 1    204                       161     43      200
..................................................................


WIND (MPH)
  HIGHEST WIND SPEED    25   HIGHEST WIND DIRECTION    NW (320)
  HIGHEST GUST SPEED    37   HIGHEST GUST DIRECTION    NW (320)
  AVERAGE WIND SPEED     5.8


SKY COVER
  POSSIBLE SUNSHINE  MM
  AVERAGE SKY COVER 0.7


WEATHER CONDITIONS
 THE FOLLOWING WEATHER WAS RECORDED TODAY.
  THUNDERSTORM
  HEAVY RAIN
  RAIN
  LIGHT RAIN
  FOG


RELATIVE HUMIDITY (PERCENT)
 HIGHEST   100           200 AM
 LOWEST     70           300 PM
 AVERAGE    85

..........................................................


THE GREEN BAY WI CLIMATE NORMALS FOR TOMORROW
                         NORMAL    RECORD    YEAR
 MAXIMUM TEMPERATURE (F)   80       104      1936
 MINIMUM TEMPERATURE (F)   59        47      1975
                                             1950


SUNRISE AND SUNSET
JULY 12 2017..........SUNRISE   520 AM CDT   SUNSET   836 PM CDT
JULY 13 2017..........SUNRISE   520 AM CDT   SUNSET   836 PM CDT


-  INDICATES NEGATIVE NUMBERS.
R  INDICATES RECORD WAS SET OR TIED.
MM INDICATES DATA IS MISSING.
T  INDICATES TRACE AMOUNT.




$$
