766
CDUS43 KGRB 190637
CLIGRB


CLIMATE REPORT
NATIONAL WEATHER SERVICE GREEN BAY
134 AM CDT WED APR 19 2017


...................................

...THE GREEN BAY WI CLIMATE SUMMARY FOR APRIL 18 2017...

CLIMATE NORMAL PERIOD 1981 TO 2010
CLIMATE RECORD PERIOD 1886 TO 2017


WEATHER ITEM   OBSERVED TIME   RECORD YEAR NORMAL DEPARTURE LAST
                VALUE   (LST)  VALUE       VALUE  FROM      YEAR
                                                  NORMAL
..................................................................
TEMPERATURE (F)
 YESTERDAY
  MAXIMUM         62    837 PM  83    1994  55      7       82
  MINIMUM         37    447 AM  17    1960  35      2       41
  AVERAGE         50                        45      5       62

PRECIPITATION (IN)
  YESTERDAY        T             1.04 1995   0.09  -0.09     0.00
  MONTH TO DATE    1.98                      1.56   0.42     0.84
  SINCE MAR 1      4.28                      3.41   0.87     4.89
  SINCE JAN 1      7.53                      5.65   1.88     7.37

SNOWFALL (IN)
  YESTERDAY        0.0           1.2  1940   0.1   -0.1      0.0
  MONTH TO DATE    0.0                       2.3   -2.3      4.4
  SINCE MAR 1      9.0                      10.4   -1.4     16.2
  SINCE JUL 1     53.2                      50.6    2.6     50.0
  SNOW DEPTH       0

DEGREE DAYS
 HEATING
  YESTERDAY       15                        20     -5        3
  MONTH TO DATE  291                       426   -135      456
  SINCE MAR 1   1315                      1486   -171     1321
  SINCE JUL 1   5888                      7326  -1438     6132

 COOLING
  YESTERDAY        0                         0      0        0
  MONTH TO DATE    0                         0      0        0
  SINCE MAR 1      0                         0      0        0
  SINCE JAN 1      0                         0      0        0
..................................................................


WIND (MPH)
  HIGHEST WIND SPEED    22   HIGHEST WIND DIRECTION     S (170)
  HIGHEST GUST SPEED    28   HIGHEST GUST DIRECTION     S (170)
  AVERAGE WIND SPEED    11.6


SKY COVER
  POSSIBLE SUNSHINE  MM
  AVERAGE SKY COVER 0.3


WEATHER CONDITIONS
 THE FOLLOWING WEATHER WAS RECORDED YESTERDAY.
  LIGHT RAIN


RELATIVE HUMIDITY (PERCENT)
 HIGHEST    92           500 AM
 LOWEST     52           500 PM
 AVERAGE    72

..........................................................


THE GREEN BAY WI CLIMATE NORMALS FOR TODAY
                         NORMAL    RECORD    YEAR
 MAXIMUM TEMPERATURE (F)   56        80      2005
                                             1915
 MINIMUM TEMPERATURE (F)   35        17      1897


SUNRISE AND SUNSET
APRIL 19 2017.........SUNRISE   601 AM CDT   SUNSET   743 PM CDT
APRIL 20 2017.........SUNRISE   600 AM CDT   SUNSET   744 PM CDT


-  INDICATES NEGATIVE NUMBERS.
R  INDICATES RECORD WAS SET OR TIED.
MM INDICATES DATA IS MISSING.
T  INDICATES TRACE AMOUNT.




$$
