268
CDUS43 KGRB 150642
CLIGRB


CLIMATE REPORT
NATIONAL WEATHER SERVICE GREEN BAY
141 AM CDT SAT JUL 15 2017


...................................

...THE GREEN BAY WI CLIMATE SUMMARY FOR JULY 14 2017...

CLIMATE NORMAL PERIOD 1981 TO 2010
CLIMATE RECORD PERIOD 1886 TO 2017


WEATHER ITEM   OBSERVED TIME   RECORD YEAR NORMAL DEPARTURE LAST
                VALUE   (LST)  VALUE       VALUE  FROM      YEAR
                                                  NORMAL
..................................................................
TEMPERATURE (F)
 YESTERDAY
  MAXIMUM         75    459 PM 102    1995  80     -5       77
  MINIMUM         59    615 AM  45    1950  59      0       62
  AVERAGE         67                        69     -2       70

PRECIPITATION (IN)
  YESTERDAY        0.00          2.52 1919   0.11  -0.11     0.10
  MONTH TO DATE    1.84                      1.63   0.21     1.09
  SINCE JUN 1      5.62                      5.51   0.11     5.53
  SINCE JAN 1     18.62                     15.16   3.46    16.71

SNOWFALL (IN)
  YESTERDAY        0.0           0.0    MM   0.0    0.0      0.0
  MONTH TO DATE    0.0                       0.0    0.0      0.0
  SINCE JUN 1      0.0                       0.0    0.0      0.0
  SINCE JUL 1      0.0                       0.0    0.0      0.0
  SNOW DEPTH       0

DEGREE DAYS
 HEATING
  YESTERDAY        0                         1     -1        0
  MONTH TO DATE    0                        14    -14        1
  SINCE JUN 1     27                       106    -79       26
  SINCE JUL 1      0                        14    -14        1

 COOLING
  YESTERDAY        2                         5     -3        5
  MONTH TO DATE   87                        70     17       85
  SINCE JUN 1    202                       153     49      185
  SINCE JAN 1    210                       171     39      218
..................................................................


WIND (MPH)
  HIGHEST WIND SPEED    12   HIGHEST WIND DIRECTION     N (350)
  HIGHEST GUST SPEED    14   HIGHEST GUST DIRECTION     N (340)
  AVERAGE WIND SPEED     4.7


SKY COVER
  POSSIBLE SUNSHINE  MM
  AVERAGE SKY COVER 0.7


WEATHER CONDITIONS
 THE FOLLOWING WEATHER WAS RECORDED YESTERDAY.
  NO SIGNIFICANT WEATHER WAS OBSERVED.


RELATIVE HUMIDITY (PERCENT)
 HIGHEST   100           200 AM
 LOWEST     64           400 PM
 AVERAGE    82

..........................................................


THE GREEN BAY WI CLIMATE NORMALS FOR TODAY
                         NORMAL    RECORD    YEAR
 MAXIMUM TEMPERATURE (F)   80        98      2006
                                             1931
 MINIMUM TEMPERATURE (F)   59        47      1967


SUNRISE AND SUNSET
JULY 15 2017..........SUNRISE   522 AM CDT   SUNSET   834 PM CDT
JULY 16 2017..........SUNRISE   523 AM CDT   SUNSET   834 PM CDT


-  INDICATES NEGATIVE NUMBERS.
R  INDICATES RECORD WAS SET OR TIED.
MM INDICATES DATA IS MISSING.
T  INDICATES TRACE AMOUNT.




$$
