000
CDUS43 KGRB 270638
CLIGRB


CLIMATE REPORT
NATIONAL WEATHER SERVICE GREEN BAY
138 AM CDT MON JUL 27 2015


...................................

...THE GREEN BAY WI CLIMATE SUMMARY FOR JULY 26 2015...

CLIMATE NORMAL PERIOD 1981 TO 2010
CLIMATE RECORD PERIOD 1886 TO 2015


WEATHER ITEM   OBSERVED TIME   RECORD YEAR NORMAL DEPARTURE LAST
                VALUE   (LST)  VALUE       VALUE  FROM      YEAR
                                                  NORMAL
..................................................................
TEMPERATURE (F)
 YESTERDAY
  MAXIMUM         87    413 PM  98    1955  80      7       82
  MINIMUM         60    441 AM  46    1977  58      2       65
  AVERAGE         74                        69      5       74

PRECIPITATION (IN)
  YESTERDAY        0.00          1.44 1897   0.11  -0.11     0.00
  MONTH TO DATE    1.79                      2.97  -1.18     0.51
  SINCE JUN 1      5.03                      6.85  -1.82     4.56
  SINCE JAN 1     11.97                     16.50  -4.53    15.22

SNOWFALL (IN)
  YESTERDAY        0.0           0.0    MM   0.0    0.0      0.0
  MONTH TO DATE    0.0                       0.0    0.0      0.0
  SINCE JUN 1      0.0                       0.0    0.0      0.0
  SINCE JUL 1      0.0                       0.0    0.0      0.0
  SNOW DEPTH       0

DEGREE DAYS
 HEATING
  YESTERDAY        0                         1     -1        0
  MONTH TO DATE   19                        26     -7       13
  SINCE JUN 1     72                       118    -46       44
  SINCE JUL 1     19                        26     -7       13

 COOLING
  YESTERDAY        9                         5      4        9
  MONTH TO DATE  130                       130      0       90
  SINCE JUN 1    197                       213    -16      196
  SINCE JAN 1    225                       231     -6      212
..................................................................


WIND (MPH)
  HIGHEST WIND SPEED     9   HIGHEST WIND DIRECTION     W (250)
  HIGHEST GUST SPEED    16   HIGHEST GUST DIRECTION    SE (130)
  AVERAGE WIND SPEED     2.5


SKY COVER
  POSSIBLE SUNSHINE  MM
  AVERAGE SKY COVER 0.0


WEATHER CONDITIONS
 THE FOLLOWING WEATHER WAS RECORDED YESTERDAY.
  FOG


RELATIVE HUMIDITY (PERCENT)
 HIGHEST    97           400 AM
 LOWEST     48           300 PM
 AVERAGE    73

..........................................................


THE GREEN BAY WI CLIMATE NORMALS FOR TODAY
                         NORMAL    RECORD    YEAR
 MAXIMUM TEMPERATURE (F)   80        98      1931
                                             1916
 MINIMUM TEMPERATURE (F)   58        47      1991


SUNRISE AND SUNSET
JULY 27 2015..........SUNRISE   534 AM CDT   SUNSET   824 PM CDT
JULY 28 2015..........SUNRISE   535 AM CDT   SUNSET   823 PM CDT


-  INDICATES NEGATIVE NUMBERS.
R  INDICATES RECORD WAS SET OR TIED.
MM INDICATES DATA IS MISSING.
T  INDICATES TRACE AMOUNT.




$$
