000
CDUS43 KGRB 080938
CLIGRB


CLIMATE REPORT
NATIONAL WEATHER SERVICE GREEN BAY
338 AM CST THU FEB 8 2018


...................................

...THE GREEN BAY WI CLIMATE SUMMARY FOR FEBRUARY 7 2018...

CLIMATE NORMAL PERIOD 1981 TO 2010
CLIMATE RECORD PERIOD 1886 TO 2018


WEATHER ITEM   OBSERVED TIME   RECORD YEAR NORMAL DEPARTURE LAST
                VALUE   (LST)  VALUE       VALUE  FROM      YEAR
                                                  NORMAL
..................................................................
TEMPERATURE (F)
 YESTERDAY
  MAXIMUM         16    400 PM  45    1991  26    -10       35
  MINIMUM          2   1159 PM -23    1899  10     -8       25
  AVERAGE          9                        18     -9       30

PRECIPITATION (IN)
  YESTERDAY        T             0.62 1892   0.04  -0.04     0.01
  MONTH TO DATE    0.38                      0.23   0.15     0.01
  SINCE DEC 1      2.71                      2.87  -0.16     4.69
  SINCE JAN 1      1.42                      1.36   0.06     2.44

SNOWFALL (IN)
  YESTERDAY        T             5.8  1892   0.4   -0.4       T
  MONTH TO DATE    5.8                       2.7    3.1       T
  SINCE DEC 1     22.9                      28.8   -5.9     37.7
  SINCE JUL 1     23.5                      33.0   -9.5     38.6
  SNOW DEPTH       4

DEGREE DAYS
 HEATING
  YESTERDAY       56                        47      9       35
  MONTH TO DATE  391                       331     60      328
  SINCE DEC 1   3208                      3180     28     2859
  SINCE JUL 1   4624                      4920   -296     3921

 COOLING
  YESTERDAY        0                         0      0        0
  MONTH TO DATE    0                         0      0        0
  SINCE DEC 1      0                         0      0        0
  SINCE JAN 1      0                         0      0        0
..................................................................


WIND (MPH)
  HIGHEST WIND SPEED    13   HIGHEST WIND DIRECTION     W (260)
  HIGHEST GUST SPEED    15   HIGHEST GUST DIRECTION     W (270)
  AVERAGE WIND SPEED     5.8


SKY COVER
  POSSIBLE SUNSHINE  MM
  AVERAGE SKY COVER 0.5


WEATHER CONDITIONS
 THE FOLLOWING WEATHER WAS RECORDED YESTERDAY.
  LIGHT SNOW
  HAZE


RELATIVE HUMIDITY (PERCENT)
 HIGHEST    76           700 AM
 LOWEST     53           200 PM
 AVERAGE    65

..........................................................


THE GREEN BAY WI CLIMATE NORMALS FOR TODAY
                         NORMAL    RECORD    YEAR
 MAXIMUM TEMPERATURE (F)   26        56      1925
 MINIMUM TEMPERATURE (F)   11       -22      1951


SUNRISE AND SUNSET
FEBRUARY  8 2018......SUNRISE   702 AM CST   SUNSET   512 PM CST
FEBRUARY  9 2018......SUNRISE   701 AM CST   SUNSET   513 PM CST


-  INDICATES NEGATIVE NUMBERS.
R  INDICATES RECORD WAS SET OR TIED.
MM INDICATES DATA IS MISSING.
T  INDICATES TRACE AMOUNT.




$$
