000
CDUS43 KGRB 052134
CLIGRB


CLIMATE REPORT
NATIONAL WEATHER SERVICE GREEN BAY
432 PM CDT SAT JUL 5 2014


...................................

...THE GREEN BAY WI CLIMATE SUMMARY FOR JULY 5 2014...
VALID TODAY AS OF 0400 PM LOCAL TIME.

CLIMATE NORMAL PERIOD 1981 TO 2010
CLIMATE RECORD PERIOD 1886 TO 2014


WEATHER ITEM   OBSERVED TIME   RECORD YEAR NORMAL DEPARTURE LAST
                VALUE   (LST)  VALUE       VALUE  FROM      YEAR
                                                  NORMAL
..................................................................
TEMPERATURE (F)
 TODAY
  MAXIMUM         79    239 PM  99    2012  80     -1       87
  MINIMUM         55    438 AM  44    1972  58     -3       64
                                      1970
                                      1951
  AVERAGE         67                        69     -2       76

PRECIPITATION (IN)
  TODAY            0.00          2.48 1993   0.12  -0.12     0.00
  MONTH TO DATE    0.11                      0.60  -0.49     0.01
  SINCE JUN 1      4.16                      4.48  -0.32     3.83
  SINCE JAN 1     14.82                     14.13   0.69    17.60

SNOWFALL (IN)
  TODAY            0.0           0.0    MM   0.0    0.0      0.0
  MONTH TO DATE    0.0                       0.0    0.0      0.0
  SINCE JUN 1      0.0                       0.0    0.0      0.0
  SINCE JUL 1      0.0                       0.0    0.0      0.0
  SNOW DEPTH       0

DEGREE DAYS
 HEATING
  TODAY            0                         1     -1        0
  MONTH TO DATE    5                         5      0        1
  SINCE JUN 1     36                        97    -61       73
  SINCE JUL 1      5                         5      0        1

 COOLING
  TODAY            2                         5     -3       11
  MONTH TO DATE    8                        25    -17       25
  SINCE JUN 1    114                       108      6      130
  SINCE JAN 1    130                       126      4      168
..................................................................


WIND (MPH)
  HIGHEST WIND SPEED    21   HIGHEST WIND DIRECTION     S (200)
  HIGHEST GUST SPEED    27   HIGHEST GUST DIRECTION    SW (210)
  AVERAGE WIND SPEED     9.8


SKY COVER
  POSSIBLE SUNSHINE  MM
  AVERAGE SKY COVER 0.1


WEATHER CONDITIONS
 THE FOLLOWING WEATHER WAS RECORDED TODAY.
  NO SIGNIFICANT WEATHER WAS OBSERVED.


RELATIVE HUMIDITY (PERCENT)
 HIGHEST    86           500 AM
 LOWEST     50          1000 AM
 AVERAGE    68

..........................................................


THE GREEN BAY WI CLIMATE NORMALS FOR TOMORROW
                         NORMAL    RECORD    YEAR
 MAXIMUM TEMPERATURE (F)   80        98      1988
 MINIMUM TEMPERATURE (F)   58        40      1965


SUNRISE AND SUNSET
JULY  5 2014..........SUNRISE   514 AM CDT   SUNSET   840 PM CDT
JULY  6 2014..........SUNRISE   515 AM CDT   SUNSET   839 PM CDT


-  INDICATES NEGATIVE NUMBERS.
R  INDICATES RECORD WAS SET OR TIED.
MM INDICATES DATA IS MISSING.
T  INDICATES TRACE AMOUNT.

$$
