000
CDUS43 KGRB 242128
CLIGRB


CLIMATE REPORT
NATIONAL WEATHER SERVICE GREEN BAY
428 PM CDT SUN APR 24 2016


...................................

...THE GREEN BAY WI CLIMATE SUMMARY FOR APRIL 24 2016...
VALID TODAY AS OF 0400 PM LOCAL TIME.

CLIMATE NORMAL PERIOD 1981 TO 2010
CLIMATE RECORD PERIOD 1886 TO 2016


WEATHER ITEM   OBSERVED TIME   RECORD YEAR NORMAL DEPARTURE LAST
                VALUE   (LST)  VALUE       VALUE  FROM      YEAR
                                                  NORMAL
..................................................................
TEMPERATURE (F)
 TODAY
  MAXIMUM         48    956 AM  86    1990  58    -10       54
  MINIMUM         41    226 AM  21    1956  37      4       29
  AVERAGE         45                        47     -2       42

PRECIPITATION (IN)
  TODAY            0.16          1.75 1994   0.09   0.07     0.00
  MONTH TO DATE    1.26                      2.09  -0.83     1.63
  SINCE MAR 1      5.31                      3.94   1.37     2.53
  SINCE JAN 1      7.79                      6.18   1.61     3.50

SNOWFALL (IN)
  TODAY            0.0           4.0  1907   0.1   -0.1      0.0
  MONTH TO DATE    4.4                       2.7    1.7       T
  SINCE MAR 1     16.2                      10.8    5.4      4.2
  SINCE JUL 1     50.0                      51.0   -1.0     32.7
  SNOW DEPTH       0

DEGREE DAYS
 HEATING
  TODAY           20                        18      2       23
  MONTH TO DATE  548                       539      9      466
  SINCE MAR 1   1413                      1599   -186     1434
  SINCE JUL 1   6224                      7439  -1215     7472

 COOLING
  TODAY            0                         0      0        0
  MONTH TO DATE    0                         0      0        0
  SINCE MAR 1      0                         0      0        0
  SINCE JAN 1      0                         0      0        0
..................................................................


WIND (MPH)
  HIGHEST WIND SPEED    17   HIGHEST WIND DIRECTION    NE (50)
  HIGHEST GUST SPEED    21   HIGHEST GUST DIRECTION    NE (50)
  AVERAGE WIND SPEED     7.2


SKY COVER
  POSSIBLE SUNSHINE  MM
  AVERAGE SKY COVER 0.8


WEATHER CONDITIONS
 THE FOLLOWING WEATHER WAS RECORDED TODAY.
  LIGHT RAIN
  FOG


RELATIVE HUMIDITY (PERCENT)
 HIGHEST    93           100 PM
 LOWEST     65           600 AM
 AVERAGE    79

..........................................................


THE GREEN BAY WI CLIMATE NORMALS FOR TOMORROW
                         NORMAL    RECORD    YEAR
 MAXIMUM TEMPERATURE (F)   59        88      1990
 MINIMUM TEMPERATURE (F)   37        25      1967


SUNRISE AND SUNSET
APRIL 24 2016.........SUNRISE   553 AM CDT   SUNSET   749 PM CDT
APRIL 25 2016.........SUNRISE   551 AM CDT   SUNSET   750 PM CDT


-  INDICATES NEGATIVE NUMBERS.
R  INDICATES RECORD WAS SET OR TIED.
MM INDICATES DATA IS MISSING.
T  INDICATES TRACE AMOUNT.




$$
