000
CDUS43 KGRB 220809
CLIGRB


CLIMATE REPORT
NATIONAL WEATHER SERVICE GREEN BAY
208 AM CST SUN FEB 22 2015


...................................

...THE GREEN BAY WI CLIMATE SUMMARY FOR FEBRUARY 21 2015...

CLIMATE NORMAL PERIOD 1981 TO 2010
CLIMATE RECORD PERIOD 1886 TO 2015


WEATHER ITEM   OBSERVED TIME   RECORD YEAR NORMAL DEPARTURE LAST
                VALUE   (LST)  VALUE       VALUE  FROM      YEAR
                                                  NORMAL
..................................................................
TEMPERATURE (F)
 YESTERDAY
  MAXIMUM         28    232 PM  60    1930  30     -2       35
  MINIMUM         15   1159 PM -18    2008  14      1       18
  AVERAGE         22                        22      0       27

PRECIPITATION (IN)
  YESTERDAY        0.08          1.21 1985   0.05   0.03      T
  MONTH TO DATE    0.41                      0.77  -0.36     1.21
  SINCE DEC 1      2.65                      3.41  -0.76     4.43
  SINCE JAN 1      0.97                      1.90  -0.93     2.54

SNOWFALL (IN)
  YESTERDAY        1.8           4.5  2011   0.4    1.4       T
                                      1997
  MONTH TO DATE    8.0                       7.5    0.5     13.7
  SINCE DEC 1     20.3                      33.6  -13.3     57.1
  SINCE JUL 1     28.5                      37.8   -9.3     58.3
  SNOW DEPTH       6

DEGREE DAYS
 HEATING
  YESTERDAY       43                        43      0       38
  MONTH TO DATE 1130                       960    170     1175
  SINCE DEC 1   3800                      3809     -9     4457
  SINCE JUL 1   5637                      5549     88     6068

 COOLING
  YESTERDAY        0                         0      0        0
  MONTH TO DATE    0                         0      0        0
  SINCE DEC 1      0                         0      0        0
  SINCE JAN 1      0                         0      0        0
..................................................................


WIND (MPH)
  HIGHEST WIND SPEED    17   HIGHEST WIND DIRECTION    NW (330)
  HIGHEST GUST SPEED    22   HIGHEST GUST DIRECTION    NW (330)
  AVERAGE WIND SPEED     5.5


SKY COVER
  POSSIBLE SUNSHINE  MM
  AVERAGE SKY COVER 0.8


WEATHER CONDITIONS
 THE FOLLOWING WEATHER WAS RECORDED YESTERDAY.
  LIGHT SNOW
  FOG
  HAZE


RELATIVE HUMIDITY (PERCENT)
 HIGHEST    96           600 PM
 LOWEST     55           100 PM
 AVERAGE    76

..........................................................


THE GREEN BAY WI CLIMATE NORMALS FOR TODAY
                         NORMAL    RECORD    YEAR
 MAXIMUM TEMPERATURE (F)   30        58      1930
 MINIMUM TEMPERATURE (F)   14       -14      1936


SUNRISE AND SUNSET
FEBRUARY 22 2015......SUNRISE   642 AM CST   SUNSET   531 PM CST
FEBRUARY 23 2015......SUNRISE   640 AM CST   SUNSET   532 PM CST


-  INDICATES NEGATIVE NUMBERS.
R  INDICATES RECORD WAS SET OR TIED.
MM INDICATES DATA IS MISSING.
T  INDICATES TRACE AMOUNT.




$$
