000
CDUS43 KGRB 060807
CLIGRB


CLIMATE REPORT
NATIONAL WEATHER SERVICE GREEN BAY
205 AM CST FRI JAN 6 2017


...................................

...THE GREEN BAY WI CLIMATE SUMMARY FOR JANUARY 5 2017...

CLIMATE NORMAL PERIOD 1981 TO 2010
CLIMATE RECORD PERIOD 1886 TO 2017


WEATHER ITEM   OBSERVED TIME   RECORD YEAR NORMAL DEPARTURE LAST
                VALUE   (LST)  VALUE       VALUE  FROM      YEAR
                                                  NORMAL
..................................................................
TEMPERATURE (F)
 YESTERDAY
  MAXIMUM          3    342 PM  47    2007  24    -21       29
  MINIMUM         -5    754 AM -22    1979  10    -15        6
                                      1924
                                      1912
  AVERAGE         -1                        17    -18       18

PRECIPITATION (IN)
  YESTERDAY        0.00          1.05 1946   0.04  -0.04     0.00
                                      1939
  MONTH TO DATE    0.04                      0.20  -0.16      T
  SINCE DEC 1      2.29                      1.71   0.58     5.71
  SINCE JAN 1      0.04                      0.20  -0.16      T

SNOWFALL (IN)
  YESTERDAY        0.0           9.9  1929   0.4   -0.4      0.0
  MONTH TO DATE    T                         2.0   -2.0       T
  SINCE DEC 1     23.1                      15.1    8.0     13.7
  SINCE JUL 1     24.0                      19.3    4.7     13.9
  SNOW DEPTH       2

DEGREE DAYS
 HEATING
  YESTERDAY       66                        48     18       47
  MONTH TO DATE  234                       240     -6      222
  SINCE DEC 1   1485                      1590   -105     1160
  SINCE JUL 1   2547                      3330   -783     2432

 COOLING
  YESTERDAY        0                         0      0        0
  MONTH TO DATE    0                         0      0        0
  SINCE DEC 1      0                         0      0        0
  SINCE JAN 1      0                         0      0        0
..................................................................


WIND (MPH)
  HIGHEST WIND SPEED    23   HIGHEST WIND DIRECTION     W (270)
  HIGHEST GUST SPEED    28   HIGHEST GUST DIRECTION     W (270)
  AVERAGE WIND SPEED    14.8


SKY COVER
  POSSIBLE SUNSHINE  MM
  AVERAGE SKY COVER 0.0


WEATHER CONDITIONS
 THE FOLLOWING WEATHER WAS RECORDED YESTERDAY.
  NO SIGNIFICANT WEATHER WAS OBSERVED.


RELATIVE HUMIDITY (PERCENT)
 HIGHEST    72           600 AM
 LOWEST     56           900 AM
 AVERAGE    64

..........................................................


THE GREEN BAY WI CLIMATE NORMALS FOR TODAY
                         NORMAL    RECORD    YEAR
 MAXIMUM TEMPERATURE (F)   24        51      1933
 MINIMUM TEMPERATURE (F)    9       -26      1912


SUNRISE AND SUNSET
JANUARY  6 2017.......SUNRISE   729 AM CST   SUNSET   429 PM CST
JANUARY  7 2017.......SUNRISE   728 AM CST   SUNSET   430 PM CST


-  INDICATES NEGATIVE NUMBERS.
R  INDICATES RECORD WAS SET OR TIED.
MM INDICATES DATA IS MISSING.
T  INDICATES TRACE AMOUNT.

$$
