000
CDUS43 KGRB 182247
CLIGRB


CLIMATE REPORT
NATIONAL WEATHER SERVICE GREEN BAY
446 PM CST FRI NOV 18 2016


...................................

...THE GREEN BAY WI CLIMATE SUMMARY FOR NOVEMBER 18 2016...
VALID TODAY AS OF 0400 PM LOCAL TIME.

CLIMATE NORMAL PERIOD 1981 TO 2010
CLIMATE RECORD PERIOD 1886 TO 2016


WEATHER ITEM   OBSERVED TIME   RECORD YEAR NORMAL DEPARTURE LAST
                VALUE   (LST)  VALUE       VALUE  FROM      YEAR
                                                  NORMAL
..................................................................
TEMPERATURE (F)
 TODAY
  MAXIMUM         68R  1250 PM  68    1953  41     27       58
  MINIMUM         46    156 AM   4    1891  26     20       46
  AVERAGE         57                        33     24       52

PRECIPITATION (IN)
  TODAY            0.00          1.20 1957   0.07  -0.07     0.02
  MONTH TO DATE    0.10                      1.30  -1.20     1.29
  SINCE SEP 1      7.05                      6.78   0.27     9.78
  SINCE JAN 1     28.67                     27.18   1.49    25.98

SNOWFALL (IN)
  TODAY            0.0           5.3  1926   0.1   -0.1      0.0
  MONTH TO DATE    0.0                       1.4   -1.4       T
  SINCE SEP 1      0.0                       1.6   -1.6       T
  SINCE JUL 1      0.0                       1.6   -1.6       T
  SNOW DEPTH       0

DEGREE DAYS
 HEATING
  TODAY            8                        32    -24       13
  MONTH TO DATE  261                       497   -236      308
  SINCE SEP 1    702                      1260   -558      833
  SINCE JUL 1    715                      1323   -608      883

 COOLING
  TODAY            0                         0      0        0
  MONTH TO DATE    0                         0      0        0
  SINCE SEP 1     55                        36     19      115
  SINCE JAN 1    577                       398    179      517
..................................................................


WIND (MPH)
  HIGHEST WIND SPEED    24   HIGHEST WIND DIRECTION     S (180)
  HIGHEST GUST SPEED    33   HIGHEST GUST DIRECTION     S (170)
  AVERAGE WIND SPEED     6.1


SKY COVER
  POSSIBLE SUNSHINE  MM
  AVERAGE SKY COVER 0.7


WEATHER CONDITIONS
 THE FOLLOWING WEATHER WAS RECORDED TODAY.
  LIGHT RAIN
  FOG
  FOG W/VISIBILITY <= 1/4 MILE
  HAZE


RELATIVE HUMIDITY (PERCENT)
 HIGHEST   100          1200 AM
 LOWEST     63           100 PM
 AVERAGE    82

..........................................................


THE GREEN BAY WI CLIMATE NORMALS FOR TOMORROW
                         NORMAL    RECORD    YEAR
 MAXIMUM TEMPERATURE (F)   40        72      1953
 MINIMUM TEMPERATURE (F)   26         1      1894


SUNRISE AND SUNSET
NOVEMBER 18 2016......SUNRISE   653 AM CST   SUNSET   422 PM CST
NOVEMBER 19 2016......SUNRISE   655 AM CST   SUNSET   421 PM CST


-  INDICATES NEGATIVE NUMBERS.
R  INDICATES RECORD WAS SET OR TIED.
MM INDICATES DATA IS MISSING.
T  INDICATES TRACE AMOUNT.




$$
