000
CDUS43 KGRB 200642
CLIGRB


CLIMATE REPORT
NATIONAL WEATHER SERVICE GREEN BAY
141 AM CDT MON MAR 20 2017


...................................

...THE GREEN BAY WI CLIMATE SUMMARY FOR MARCH 19 2017...

CLIMATE NORMAL PERIOD 1981 TO 2010
CLIMATE RECORD PERIOD 1886 TO 2017


WEATHER ITEM   OBSERVED TIME   RECORD YEAR NORMAL DEPARTURE LAST
                VALUE   (LST)  VALUE       VALUE  FROM      YEAR
                                                  NORMAL
..................................................................
TEMPERATURE (F)
 YESTERDAY
  MAXIMUM         43    331 PM  77    2012  40      3       40
  MINIMUM         27    508 AM  -5    1989  24      3       26
                                      1923
  AVERAGE         35                        32      3       33

PRECIPITATION (IN)
  YESTERDAY        T             1.87 1903   0.06  -0.06      T
  MONTH TO DATE    0.98                      1.07  -0.09     1.80
  SINCE MAR 1      0.98                      1.07  -0.09     1.80
  SINCE JAN 1      4.23                      3.31   0.92     4.28

SNOWFALL (IN)
  YESTERDAY        0.0           7.3  1933   0.2   -0.2       T
  MONTH TO DATE    8.9                       5.8    3.1      3.7
  SINCE MAR 1      8.9                       5.8    3.1      3.7
  SINCE JUL 1     53.1                      46.0    7.1     37.5
  SNOW DEPTH       0

DEGREE DAYS
 HEATING
  YESTERDAY       30                        33     -3       32
  MONTH TO DATE  690                       697     -7      527
  SINCE MAR 1    690                       697     -7      527
  SINCE JUL 1   5263                      6537  -1274     5338

 COOLING
  YESTERDAY        0                         0      0        0
  MONTH TO DATE    0                         0      0        0
  SINCE MAR 1      0                         0      0        0
  SINCE JAN 1      0                         0      0        0
..................................................................


WIND (MPH)
  HIGHEST WIND SPEED    20   HIGHEST WIND DIRECTION    SE (150)
  HIGHEST GUST SPEED    23   HIGHEST GUST DIRECTION    SE (150)
  AVERAGE WIND SPEED     7.1


SKY COVER
  POSSIBLE SUNSHINE  MM
  AVERAGE SKY COVER 0.6


WEATHER CONDITIONS
 THE FOLLOWING WEATHER WAS RECORDED YESTERDAY.
  THUNDERSTORM
  LIGHT RAIN


RELATIVE HUMIDITY (PERCENT)
 HIGHEST   100           500 AM
 LOWEST     70           200 PM
 AVERAGE    85

..........................................................


THE GREEN BAY WI CLIMATE NORMALS FOR TODAY
                         NORMAL    RECORD    YEAR
 MAXIMUM TEMPERATURE (F)   41        80      2012
 MINIMUM TEMPERATURE (F)   24        -4      1965


SUNRISE AND SUNSET
MARCH 20 2017.........SUNRISE   655 AM CDT   SUNSET   705 PM CDT
MARCH 21 2017.........SUNRISE   653 AM CDT   SUNSET   707 PM CDT


-  INDICATES NEGATIVE NUMBERS.
R  INDICATES RECORD WAS SET OR TIED.
MM INDICATES DATA IS MISSING.
T  INDICATES TRACE AMOUNT.




$$
