000
CDUS43 KGRB 220638
CLIGRB


CLIMATE REPORT
NATIONAL WEATHER SERVICE GREEN BAY
137 AM CDT FRI APR 22 2016


...................................

...THE GREEN BAY WI CLIMATE SUMMARY FOR APRIL 21 2016...

CLIMATE NORMAL PERIOD 1981 TO 2010
CLIMATE RECORD PERIOD 1886 TO 2016


WEATHER ITEM   OBSERVED TIME   RECORD YEAR NORMAL DEPARTURE LAST
                VALUE   (LST)  VALUE       VALUE  FROM      YEAR
                                                  NORMAL
..................................................................
TEMPERATURE (F)
 YESTERDAY
  MAXIMUM         69    503 PM  82    1985  57     12       46
  MINIMUM         48   1159 PM  21    1959  36     12       34
  AVERAGE         59                        46     13       40

PRECIPITATION (IN)
  YESTERDAY        0.23          1.27 1937   0.09   0.14     0.01
  MONTH TO DATE    1.10                      1.82  -0.72     1.63
  SINCE MAR 1      5.15                      3.67   1.48     2.53
  SINCE JAN 1      7.63                      5.91   1.72     3.50

SNOWFALL (IN)
  YESTERDAY        0.0           1.0  1934   0.1   -0.1       T
  MONTH TO DATE    4.4                       2.5    1.9       T
  SINCE MAR 1     16.2                      10.6    5.6      4.2
  SINCE JUL 1     50.0                      50.8   -0.8     32.7
  SNOW DEPTH       0

DEGREE DAYS
 HEATING
  YESTERDAY        6                        19    -13       25
  MONTH TO DATE  491                       484      7      393
  SINCE MAR 1   1356                      1544   -188     1361
  SINCE JUL 1   6167                      7384  -1217     7399

 COOLING
  YESTERDAY        0                         0      0        0
  MONTH TO DATE    0                         0      0        0
  SINCE MAR 1      0                         0      0        0
  SINCE JAN 1      0                         0      0        0
..................................................................


WIND (MPH)
  HIGHEST WIND SPEED    28   HIGHEST WIND DIRECTION    NE (30)
  HIGHEST GUST SPEED    33   HIGHEST GUST DIRECTION    NE (30)
  AVERAGE WIND SPEED     5.4


SKY COVER
  POSSIBLE SUNSHINE  MM
  AVERAGE SKY COVER 0.8


WEATHER CONDITIONS
 THE FOLLOWING WEATHER WAS RECORDED YESTERDAY.
  THUNDERSTORM
  LIGHT RAIN
  FOG
  HAZE


RELATIVE HUMIDITY (PERCENT)
 HIGHEST    96           300 AM
 LOWEST     59           300 PM
 AVERAGE    78

..........................................................


THE GREEN BAY WI CLIMATE NORMALS FOR TODAY
                         NORMAL    RECORD    YEAR
 MAXIMUM TEMPERATURE (F)   57        89      1980
 MINIMUM TEMPERATURE (F)   36        24      1986
                                             1956


SUNRISE AND SUNSET
APRIL 22 2016.........SUNRISE   556 AM CDT   SUNSET   747 PM CDT
APRIL 23 2016.........SUNRISE   555 AM CDT   SUNSET   748 PM CDT


-  INDICATES NEGATIVE NUMBERS.
R  INDICATES RECORD WAS SET OR TIED.
MM INDICATES DATA IS MISSING.
T  INDICATES TRACE AMOUNT.




$$
