444
CDUS43 KGRB 260805
CLIGRB


CLIMATE REPORT
NATIONAL WEATHER SERVICE GREEN BAY
205 AM CST SAT NOV 26 2016


...................................

...THE GREEN BAY WI CLIMATE SUMMARY FOR NOVEMBER 25 2016...

CLIMATE NORMAL PERIOD 1981 TO 2010
CLIMATE RECORD PERIOD 1886 TO 2016


WEATHER ITEM   OBSERVED TIME   RECORD YEAR NORMAL DEPARTURE LAST
                VALUE   (LST)  VALUE       VALUE  FROM      YEAR
                                                  NORMAL
..................................................................
TEMPERATURE (F)
 YESTERDAY
  MAXIMUM         40    300 PM  59    1908  37      3       50
  MINIMUM         33   1035 PM  -7    1950  23     10       34
  AVERAGE         37                        30      7       42

PRECIPITATION (IN)
  YESTERDAY        0.01          1.13 1896   0.07  -0.06      T
  MONTH TO DATE    0.58                      1.79  -1.21     1.31
  SINCE SEP 1      7.53                      7.27   0.26     9.80
  SINCE JAN 1     29.15                     27.67   1.48    26.00

SNOWFALL (IN)
  YESTERDAY        0.0           3.4  1895   0.3   -0.3      0.0
  MONTH TO DATE    0.9                       2.8   -1.9       T
  SINCE SEP 1      0.9                       3.0   -2.1       T
  SINCE JUL 1      0.9                       3.0   -2.1       T
  SNOW DEPTH       0

DEGREE DAYS
 HEATING
  YESTERDAY       28                        35     -7       23
  MONTH TO DATE  483                       733   -250      530
  SINCE SEP 1    924                      1496   -572     1055
  SINCE JUL 1    937                      1559   -622     1105

 COOLING
  YESTERDAY        0                         0      0        0
  MONTH TO DATE    0                         0      0        0
  SINCE SEP 1     55                        36     19      115
  SINCE JAN 1    577                       398    179      517
..................................................................


WIND (MPH)
  HIGHEST WIND SPEED    14   HIGHEST WIND DIRECTION     W (290)
  HIGHEST GUST SPEED    17   HIGHEST GUST DIRECTION     W (290)
  AVERAGE WIND SPEED     7.5


SKY COVER
  POSSIBLE SUNSHINE  MM
  AVERAGE SKY COVER 0.9


WEATHER CONDITIONS
 THE FOLLOWING WEATHER WAS RECORDED YESTERDAY.
  LIGHT RAIN


RELATIVE HUMIDITY (PERCENT)
 HIGHEST    92           300 AM
 LOWEST     79           400 PM
 AVERAGE    86

..........................................................


THE GREEN BAY WI CLIMATE NORMALS FOR TODAY
                         NORMAL    RECORD    YEAR
 MAXIMUM TEMPERATURE (F)   37        61      1984
                                             1914
                                             1896
 MINIMUM TEMPERATURE (F)   22        -4      1977


SUNRISE AND SUNSET
NOVEMBER 26 2016......SUNRISE   703 AM CST   SUNSET   416 PM CST
NOVEMBER 27 2016......SUNRISE   705 AM CST   SUNSET   416 PM CST


-  INDICATES NEGATIVE NUMBERS.
R  INDICATES RECORD WAS SET OR TIED.
MM INDICATES DATA IS MISSING.
T  INDICATES TRACE AMOUNT.




$$
