000
CDUS43 KGRB 102147
CLIGRB


CLIMATE REPORT
NATIONAL WEATHER SERVICE GREEN BAY
445 PM CDT SUN JUL 10 2016


...................................

...THE GREEN BAY WI CLIMATE SUMMARY FOR JULY 10 2016...
VALID TODAY AS OF 0400 PM LOCAL TIME.

CLIMATE NORMAL PERIOD 1981 TO 2010
CLIMATE RECORD PERIOD 1886 TO 2016


WEATHER ITEM   OBSERVED TIME   RECORD YEAR NORMAL DEPARTURE LAST
                VALUE   (LST)  VALUE       VALUE  FROM      YEAR
                                                  NORMAL
..................................................................
TEMPERATURE (F)
 TODAY
  MAXIMUM         79    115 PM 100    1936  80     -1       84
  MINIMUM         55    352 AM  42    1968  59     -4       56
  AVERAGE         67                        69     -2       70

PRECIPITATION (IN)
  TODAY            0.01          2.14 1984   0.11  -0.10     0.00
  MONTH TO DATE    0.27                      1.18  -0.91     0.04
  SINCE JUN 1      4.71                      5.06  -0.35     3.28
  SINCE JAN 1     15.89                     14.71   1.18    10.22

SNOWFALL (IN)
  TODAY            0.0           0.0    MM   0.0    0.0      0.0
  MONTH TO DATE    0.0                       0.0    0.0      0.0
  SINCE JUN 1      0.0                       0.0    0.0      0.0
  SINCE JUL 1      0.0                       0.0    0.0      0.0
  SNOW DEPTH       0

DEGREE DAYS
 HEATING
  TODAY            0                         1     -1        0
  MONTH TO DATE    1                        10     -9       17
  SINCE JUN 1     26                       102    -76       70
  SINCE JUL 1      1                        10     -9       17

 COOLING
  TODAY            2                         5     -3        5
  MONTH TO DATE   45                        50     -5       25
  SINCE JUN 1    145                       133     12       92
  SINCE JAN 1    178                       151     27      120
..................................................................


WIND (MPH)
  HIGHEST WIND SPEED    15   HIGHEST WIND DIRECTION    SW (210)
  HIGHEST GUST SPEED    18   HIGHEST GUST DIRECTION     S (200)
  AVERAGE WIND SPEED     4.1


SKY COVER
  POSSIBLE SUNSHINE  MM
  AVERAGE SKY COVER 0.1


WEATHER CONDITIONS
 THE FOLLOWING WEATHER WAS RECORDED TODAY.
  LIGHT RAIN


RELATIVE HUMIDITY (PERCENT)
 HIGHEST   100           300 AM
 LOWEST     56           100 PM
 AVERAGE    78

..........................................................


THE GREEN BAY WI CLIMATE NORMALS FOR TOMORROW
                         NORMAL    RECORD    YEAR
 MAXIMUM TEMPERATURE (F)   80        99      1936
                                             1921
 MINIMUM TEMPERATURE (F)   59        47      1968
                                             1898


SUNRISE AND SUNSET
JULY 10 2016..........SUNRISE   518 AM CDT   SUNSET   837 PM CDT
JULY 11 2016..........SUNRISE   519 AM CDT   SUNSET   837 PM CDT


-  INDICATES NEGATIVE NUMBERS.
R  INDICATES RECORD WAS SET OR TIED.
MM INDICATES DATA IS MISSING.
T  INDICATES TRACE AMOUNT.




$$
