000
CDUS43 KGRB 100812
CLIGRB


CLIMATE REPORT
NATIONAL WEATHER SERVICE GREEN BAY
209 AM CST FRI NOV 10 2017


...................................

...THE GREEN BAY WI CLIMATE SUMMARY FOR NOVEMBER 9 2017...

CLIMATE NORMAL PERIOD 1981 TO 2010
CLIMATE RECORD PERIOD 1886 TO 2017


WEATHER ITEM   OBSERVED TIME   RECORD YEAR NORMAL DEPARTURE LAST
                VALUE   (LST)  VALUE       VALUE  FROM      YEAR
                                                  NORMAL
..................................................................
TEMPERATURE (F)
 YESTERDAY
  MAXIMUM         37    326 AM  74    1999  46     -9       60
  MINIMUM         15   1159 PM  13    2003  30    -15       33
  AVERAGE         26                        38    -12       47

PRECIPITATION (IN)
  YESTERDAY        0.01          1.70 2011   0.08  -0.07     0.00
  MONTH TO DATE    0.32                      0.65  -0.33     0.10
  SINCE SEP 1      4.45                      6.13  -1.68     7.05
  SINCE JAN 1     29.84                     26.53   3.31    28.67

SNOWFALL (IN)
  YESTERDAY        T             7.6  1985   0.1   -0.1      0.0
  MONTH TO DATE    T                         0.5   -0.5      0.0
  SINCE SEP 1      T                         0.7   -0.7      0.0
  SINCE JUL 1      T                         0.7   -0.7      0.0
  SNOW DEPTH       0

DEGREE DAYS
 HEATING
  YESTERDAY       39                        27     12       18
  MONTH TO DATE  261                       229     32      120
  SINCE SEP 1    757                       992   -235      561
  SINCE JUL 1    798                      1055   -257      574

 COOLING
  YESTERDAY        0                         0      0        0
  MONTH TO DATE    0                         0      0        0
  SINCE SEP 1    100                        36     64       55
  SINCE JAN 1    477                       398     79      577
..................................................................


WIND (MPH)
  HIGHEST WIND SPEED    29   HIGHEST WIND DIRECTION    NW (300)
  HIGHEST GUST SPEED    36   HIGHEST GUST DIRECTION    NW (300)
  AVERAGE WIND SPEED    14.8


SKY COVER
  POSSIBLE SUNSHINE  MM
  AVERAGE SKY COVER 0.5


WEATHER CONDITIONS
 THE FOLLOWING WEATHER WAS RECORDED YESTERDAY.
  LIGHT RAIN
  LIGHT SNOW


RELATIVE HUMIDITY (PERCENT)
 HIGHEST    92           200 AM
 LOWEST     45           400 PM
 AVERAGE    69

..........................................................


THE GREEN BAY WI CLIMATE NORMALS FOR TODAY
                         NORMAL    RECORD    YEAR
 MAXIMUM TEMPERATURE (F)   45        67      2016
 MINIMUM TEMPERATURE (F)   30        12      1933


SUNRISE AND SUNSET
NOVEMBER 10 2017......SUNRISE   642 AM CST   SUNSET   430 PM CST
NOVEMBER 11 2017......SUNRISE   644 AM CST   SUNSET   429 PM CST


-  INDICATES NEGATIVE NUMBERS.
R  INDICATES RECORD WAS SET OR TIED.
MM INDICATES DATA IS MISSING.
T  INDICATES TRACE AMOUNT.

$$
