000
CDUS43 KGRB 120638
CLIGRB


CLIMATE REPORT
NATIONAL WEATHER SERVICE GREEN BAY
138 AM CDT THU MAY 12 2016


...................................

...THE GREEN BAY WI CLIMATE SUMMARY FOR MAY 11 2016...

CLIMATE NORMAL PERIOD 1981 TO 2010
CLIMATE RECORD PERIOD 1886 TO 2016


WEATHER ITEM   OBSERVED TIME   RECORD YEAR NORMAL DEPARTURE LAST
                VALUE   (LST)  VALUE       VALUE  FROM      YEAR
                                                  NORMAL
..................................................................
TEMPERATURE (F)
 YESTERDAY
  MAXIMUM         62    603 PM  88    1922  65     -3       69
  MINIMUM         49    552 AM  28    1907  42      7       49
  AVERAGE         56                        53      3       59

PRECIPITATION (IN)
  YESTERDAY        0.11          1.38 2006   0.09   0.02     0.62
  MONTH TO DATE    0.72                      0.92  -0.20     0.83
  SINCE MAR 1      6.06                      5.40   0.66     3.36
  SINCE JAN 1      8.54                      7.64   0.90     4.33

SNOWFALL (IN)
  YESTERDAY        0.0           T    1971   0.0    0.0      0.0
                                      1949
  MONTH TO DATE    0.0                       0.1   -0.1      0.0
  SINCE MAR 1     16.2                      11.1    5.1      4.2
  SINCE JUL 1     50.0                      51.3   -1.3     32.7
  SNOW DEPTH       0

DEGREE DAYS
 HEATING
  YESTERDAY        9                        12     -3        6
  MONTH TO DATE  128                       147    -19       57
  SINCE MAR 1   1665                      1844   -179     1589
  SINCE JUL 1   6476                      7684  -1208     7627

 COOLING
  YESTERDAY        0                         0      0        0
  MONTH TO DATE    1                         0      1        7
  SINCE MAR 1      1                         2     -1        7
  SINCE JAN 1      1                         2     -1        7
..................................................................


WIND (MPH)
  HIGHEST WIND SPEED    12   HIGHEST WIND DIRECTION    SE (150)
  HIGHEST GUST SPEED    14   HIGHEST GUST DIRECTION     S (160)
  AVERAGE WIND SPEED     5.8


SKY COVER
  POSSIBLE SUNSHINE  MM
  AVERAGE SKY COVER 0.9


WEATHER CONDITIONS
 THE FOLLOWING WEATHER WAS RECORDED YESTERDAY.
  LIGHT RAIN
  FOG
  HAZE


RELATIVE HUMIDITY (PERCENT)
 HIGHEST    93           600 AM
 LOWEST     75           200 PM
 AVERAGE    84

..........................................................


THE GREEN BAY WI CLIMATE NORMALS FOR TODAY
                         NORMAL    RECORD    YEAR
 MAXIMUM TEMPERATURE (F)   65        87      1991
 MINIMUM TEMPERATURE (F)   43        27      1967


SUNRISE AND SUNSET
MAY 12 2016...........SUNRISE   528 AM CDT   SUNSET   811 PM CDT
MAY 13 2016...........SUNRISE   527 AM CDT   SUNSET   812 PM CDT


-  INDICATES NEGATIVE NUMBERS.
R  INDICATES RECORD WAS SET OR TIED.
MM INDICATES DATA IS MISSING.
T  INDICATES TRACE AMOUNT.




$$
