000
CDUS43 KGRB 270726
CLIGRB


CLIMATE REPORT
NATIONAL WEATHER SERVICE GREEN BAY
224 AM CDT FRI MAY 27 2016


...................................

...THE GREEN BAY WI CLIMATE SUMMARY FOR MAY 26 2016...

CLIMATE NORMAL PERIOD 1981 TO 2010
CLIMATE RECORD PERIOD 1886 TO 2016


WEATHER ITEM   OBSERVED TIME   RECORD YEAR NORMAL DEPARTURE LAST
                VALUE   (LST)  VALUE       VALUE  FROM      YEAR
                                                  NORMAL
..................................................................
TEMPERATURE (F)
 YESTERDAY
  MAXIMUM         81    525 PM  88    1978  69     12       78
                                      1914
  MINIMUM         59    330 AM  31    1969  47     12       62
  AVERAGE         70                        58     12       70

PRECIPITATION (IN)
  YESTERDAY        0.00          0.86 2009   0.11  -0.11     0.14
  MONTH TO DATE    1.70                      2.36  -0.66     2.71
  SINCE MAR 1      7.04                      6.84   0.20     5.24
  SINCE JAN 1      9.52                      9.08   0.44     6.21

SNOWFALL (IN)
  YESTERDAY        0.0           T    1907   0.0    0.0      0.0
  MONTH TO DATE    T                         0.2   -0.2      0.0
  SINCE MAR 1     16.2                      11.2    5.0      4.2
  SINCE JUL 1     50.0                      51.4   -1.4     32.7
  SNOW DEPTH       0

DEGREE DAYS
 HEATING
  YESTERDAY        0                         8     -8        0
  MONTH TO DATE  247                       292    -45      184
  SINCE MAR 1   1784                      1989   -205     1716
  SINCE JUL 1   6595                      7829  -1234     7754

 COOLING
  YESTERDAY        5                         1      4        5
  MONTH TO DATE   14                         9      5       15
  SINCE MAR 1     14                        11      3       15
  SINCE JAN 1     14                        11      3       15
..................................................................


WIND (MPH)
  HIGHEST WIND SPEED    23   HIGHEST WIND DIRECTION    SW (230)
  HIGHEST GUST SPEED    33   HIGHEST GUST DIRECTION    SW (240)
  AVERAGE WIND SPEED     7.1


SKY COVER
  POSSIBLE SUNSHINE  MM
  AVERAGE SKY COVER 0.3


WEATHER CONDITIONS
 THE FOLLOWING WEATHER WAS RECORDED YESTERDAY.
  FOG
  FOG W/VISIBILITY <= 1/4 MILE


RELATIVE HUMIDITY (PERCENT)
 HIGHEST   100           600 AM
 LOWEST     45           500 PM
 AVERAGE    73

..........................................................


THE GREEN BAY WI CLIMATE NORMALS FOR TODAY
                         NORMAL    RECORD    YEAR
 MAXIMUM TEMPERATURE (F)   69        89      1978
 MINIMUM TEMPERATURE (F)   48        31      1961


SUNRISE AND SUNSET
MAY 27 2016...........SUNRISE   514 AM CDT   SUNSET   826 PM CDT
MAY 28 2016...........SUNRISE   513 AM CDT   SUNSET   827 PM CDT


-  INDICATES NEGATIVE NUMBERS.
R  INDICATES RECORD WAS SET OR TIED.
MM INDICATES DATA IS MISSING.
T  INDICATES TRACE AMOUNT.

$$
