000
CDUS43 KGRB 220909
CLIGRB


CLIMATE REPORT
NATIONAL WEATHER SERVICE GREEN BAY
408 AM CDT MON SEP 22 2014


...................................

...THE GREEN BAY WI CLIMATE SUMMARY FOR SEPTEMBER 21 2014...

CLIMATE NORMAL PERIOD 1981 TO 2010
CLIMATE RECORD PERIOD 1886 TO 2014


WEATHER ITEM   OBSERVED TIME   RECORD YEAR NORMAL DEPARTURE LAST
                VALUE   (LST)  VALUE       VALUE  FROM      YEAR
                                                  NORMAL
..................................................................
TEMPERATURE (F)
 YESTERDAY
  MAXIMUM         59    310 PM  90    1908  68     -9       60
                                      1895
  MINIMUM         40   1159 PM  28    1974  46     -6       41
  AVERAGE         50                        57     -7       51

PRECIPITATION (IN)
  YESTERDAY        0.26          1.83 1893   0.11   0.15      T
  MONTH TO DATE    4.57                      2.15   2.42     2.67
  SINCE SEP 1      4.57                      2.15   2.42     2.67
  SINCE JAN 1     25.29                     22.55   2.74    26.66

SNOWFALL (IN)
  YESTERDAY        0.0           0.0    MM   0.0    0.0      0.0
  MONTH TO DATE    0.0                       0.0    0.0      0.0
  SINCE SEP 1      0.0                       0.0    0.0      0.0
  SINCE JUL 1      0.0                       0.0    0.0      0.0
  SNOW DEPTH       0

DEGREE DAYS
 HEATING
  YESTERDAY       15                         9      6       14
  MONTH TO DATE  141                       113     28       98
  SINCE SEP 1    141                       113     28       98
  SINCE JUL 1    170                       176     -6      138

 COOLING
  YESTERDAY        0                         1     -1        0
  MONTH TO DATE   18                        31    -13       54
  SINCE SEP 1     18                        31    -13       54
  SINCE JAN 1    361                       393    -32      532
..................................................................


WIND (MPH)
  HIGHEST WIND SPEED    23   HIGHEST WIND DIRECTION     N (360)
  HIGHEST GUST SPEED    29   HIGHEST GUST DIRECTION     N (350)
  AVERAGE WIND SPEED    10.1


SKY COVER
  POSSIBLE SUNSHINE  MM
  AVERAGE SKY COVER 0.6


WEATHER CONDITIONS
 THE FOLLOWING WEATHER WAS RECORDED YESTERDAY.
  HEAVY RAIN
  RAIN
  LIGHT RAIN
  FOG


RELATIVE HUMIDITY (PERCENT)
 HIGHEST   100           100 AM
 LOWEST     57           400 PM
 AVERAGE    79

..........................................................


THE GREEN BAY WI CLIMATE NORMALS FOR TODAY
                         NORMAL    RECORD    YEAR
 MAXIMUM TEMPERATURE (F)   67        93      1895
 MINIMUM TEMPERATURE (F)   46        27      1974


SUNRISE AND SUNSET
SEPTEMBER 22 2014.....SUNRISE   640 AM CDT   SUNSET   650 PM CDT
SEPTEMBER 23 2014.....SUNRISE   641 AM CDT   SUNSET   648 PM CDT


-  INDICATES NEGATIVE NUMBERS.
R  INDICATES RECORD WAS SET OR TIED.
MM INDICATES DATA IS MISSING.
T  INDICATES TRACE AMOUNT.




$$
