787
CDUS43 KGRB 180720
CLIGRB


CLIMATE REPORT
NATIONAL WEATHER SERVICE GREEN BAY
217 AM CDT TUE JUL 18 2017


...................................

...THE GREEN BAY WI CLIMATE SUMMARY FOR JULY 17 2017...

CLIMATE NORMAL PERIOD 1981 TO 2010
CLIMATE RECORD PERIOD 1886 TO 2017


WEATHER ITEM   OBSERVED TIME   RECORD YEAR NORMAL DEPARTURE LAST
                VALUE   (LST)  VALUE       VALUE  FROM      YEAR
                                                  NORMAL
..................................................................
TEMPERATURE (F)
 YESTERDAY
  MAXIMUM         79    212 PM  98    1931  80     -1       81
  MINIMUM         50    441 AM  45    1958  59     -9       59
                                      1896
  AVERAGE         65                        69     -4       70

PRECIPITATION (IN)
  YESTERDAY        0.00          1.75 1994   0.11  -0.11     0.34
  MONTH TO DATE    2.71                      1.98   0.73     1.57
  SINCE JUN 1      6.49                      5.86   0.63     6.01
  SINCE JAN 1     19.49                     15.51   3.98    17.19

SNOWFALL (IN)
  YESTERDAY        0.0           0.0    MM   0.0    0.0      0.0
  MONTH TO DATE    0.0                       0.0    0.0      0.0
  SINCE JUN 1      0.0                       0.0    0.0      0.0
  SINCE JUL 1      0.0                       0.0    0.0      0.0
  SNOW DEPTH       0

DEGREE DAYS
 HEATING
  YESTERDAY        0                         1     -1        0
  MONTH TO DATE    1                        17    -16        6
  SINCE JUN 1     28                       109    -81       31
  SINCE JUL 1      1                        17    -16        6

 COOLING
  YESTERDAY        0                         5     -5        5
  MONTH TO DATE   93                        85      8       90
  SINCE JUN 1    208                       168     40      190
  SINCE JAN 1    216                       186     30      223
..................................................................


WIND (MPH)
  HIGHEST WIND SPEED     9   HIGHEST WIND DIRECTION     S (200)
  HIGHEST GUST SPEED    14   HIGHEST GUST DIRECTION    SE (150)
  AVERAGE WIND SPEED     3.5


SKY COVER
  POSSIBLE SUNSHINE  MM
  AVERAGE SKY COVER 0.0


WEATHER CONDITIONS
 THE FOLLOWING WEATHER WAS RECORDED YESTERDAY.
  FOG


RELATIVE HUMIDITY (PERCENT)
 HIGHEST   100           100 AM
 LOWEST     50           100 PM
 AVERAGE    75

..........................................................


THE GREEN BAY WI CLIMATE NORMALS FOR TODAY
                         NORMAL    RECORD    YEAR
 MAXIMUM TEMPERATURE (F)   80        97      1894
 MINIMUM TEMPERATURE (F)   59        46      2003
                                             2000
                                             1956


SUNRISE AND SUNSET
JULY 18 2017..........SUNRISE   525 AM CDT   SUNSET   832 PM CDT
JULY 19 2017..........SUNRISE   526 AM CDT   SUNSET   831 PM CDT


-  INDICATES NEGATIVE NUMBERS.
R  INDICATES RECORD WAS SET OR TIED.
MM INDICATES DATA IS MISSING.
T  INDICATES TRACE AMOUNT.

$$
