000
CDUS43 KGRB 190738
CLIGRB


CLIMATE REPORT
NATIONAL WEATHER SERVICE GREEN BAY
138 AM CST WED NOV 19 2014


...................................

...THE GREEN BAY WI CLIMATE SUMMARY FOR NOVEMBER 18 2014...

CLIMATE NORMAL PERIOD 1981 TO 2010
CLIMATE RECORD PERIOD 1886 TO 2014


WEATHER ITEM   OBSERVED TIME   RECORD YEAR NORMAL DEPARTURE LAST
                VALUE   (LST)  VALUE       VALUE  FROM      YEAR
                                                  NORMAL
..................................................................
TEMPERATURE (F)
 YESTERDAY
  MAXIMUM         20    200 PM  68    1953  41    -21       41
  MINIMUM         11    731 AM   4    1891  26    -15       28
  AVERAGE         16                        33    -17       35

PRECIPITATION (IN)
  YESTERDAY        T             1.20 1957   0.07  -0.07      T
  MONTH TO DATE    1.41                      1.30   0.11     3.29
  SINCE SEP 1      8.61                      6.78   1.83     9.13
  SINCE JAN 1     29.33                     27.18   2.15    33.12

SNOWFALL (IN)
  YESTERDAY        T             5.3  1926   0.1   -0.1       T
  MONTH TO DATE    1.6                       1.4    0.2       T
  SINCE SEP 1      1.6                       1.6    0.0       T
  SINCE JUL 1      1.6                       1.6    0.0       T
  SNOW DEPTH       T

DEGREE DAYS
 HEATING
  YESTERDAY       49                        32     17       30
  MONTH TO DATE  600                       497    103      451
  SINCE SEP 1   1317                      1260     57     1109
  SINCE JUL 1   1346                      1323     23     1149

 COOLING
  YESTERDAY        0                         0      0        0
  MONTH TO DATE    0                         0      0        0
  SINCE SEP 1     19                        36    -17       57
  SINCE JAN 1    362                       398    -36      535
..................................................................


WIND (MPH)
  HIGHEST WIND SPEED    24   HIGHEST WIND DIRECTION     W (270)
  HIGHEST GUST SPEED    30   HIGHEST GUST DIRECTION     W (250)
  AVERAGE WIND SPEED    14.5


SKY COVER
  POSSIBLE SUNSHINE  MM
  AVERAGE SKY COVER 0.4


WEATHER CONDITIONS
 THE FOLLOWING WEATHER WAS RECORDED YESTERDAY.
  NO SIGNIFICANT WEATHER WAS OBSERVED.


RELATIVE HUMIDITY (PERCENT)
 HIGHEST    73           500 AM
 LOWEST     56          1200 PM
 AVERAGE    65

..........................................................


THE GREEN BAY WI CLIMATE NORMALS FOR TODAY
                         NORMAL    RECORD    YEAR
 MAXIMUM TEMPERATURE (F)   40        72      1953
 MINIMUM TEMPERATURE (F)   26         1      1894


SUNRISE AND SUNSET
NOVEMBER 19 2014......SUNRISE   654 AM CST   SUNSET   421 PM CST
NOVEMBER 20 2014......SUNRISE   655 AM CST   SUNSET   421 PM CST


-  INDICATES NEGATIVE NUMBERS.
R  INDICATES RECORD WAS SET OR TIED.
MM INDICATES DATA IS MISSING.
T  INDICATES TRACE AMOUNT.




$$
