428
CDUS43 KGRB 040641
CLIGRB


CLIMATE REPORT
NATIONAL WEATHER SERVICE GREEN BAY
1239 AM CST SUN DEC 4 2016


...................................

...THE GREEN BAY WI CLIMATE SUMMARY FOR DECEMBER 3 2016...

CLIMATE NORMAL PERIOD 1981 TO 2010
CLIMATE RECORD PERIOD 1886 TO 2016


WEATHER ITEM   OBSERVED TIME   RECORD YEAR NORMAL DEPARTURE LAST
                VALUE   (LST)  VALUE       VALUE  FROM      YEAR
                                                  NORMAL
..................................................................
TEMPERATURE (F)
 YESTERDAY
  MAXIMUM         35    200 AM  62    2012  33      2       39
                                      1998
  MINIMUM         32   1116 PM -13    1940  19     13       31
  AVERAGE         34                        26      8       35

PRECIPITATION (IN)
  YESTERDAY        T             0.92 1990   0.06  -0.06     0.00
  MONTH TO DATE    0.02                      0.18  -0.16     0.31
  SINCE DEC 1      0.02                      0.18  -0.16     0.31
  SINCE JAN 1     30.88                     28.19   2.69    27.49

SNOWFALL (IN)
  YESTERDAY        T            14.4  1990   0.4   -0.4      0.0
  MONTH TO DATE    T                         1.1   -1.1       T
  SINCE DEC 1      T                         1.1   -1.1       T
  SINCE JUL 1      0.9                       5.3   -4.4      0.2
  SNOW DEPTH       0

DEGREE DAYS
 HEATING
  YESTERDAY       31                        39     -8       30
  MONTH TO DATE   85                       116    -31       90
  SINCE DEC 1     85                       116    -31       90
  SINCE JUL 1   1147                      1856   -709     1362

 COOLING
  YESTERDAY        0                         0      0        0
  MONTH TO DATE    0                         0      0        0
  SINCE DEC 1      0                         0      0        0
  SINCE JAN 1    577                       398    179      517
..................................................................


WIND (MPH)
  HIGHEST WIND SPEED    15   HIGHEST WIND DIRECTION     W (260)
  HIGHEST GUST SPEED    17   HIGHEST GUST DIRECTION     W (270)
  AVERAGE WIND SPEED     6.0


SKY COVER
  POSSIBLE SUNSHINE  MM
  AVERAGE SKY COVER 1.0


WEATHER CONDITIONS
 THE FOLLOWING WEATHER WAS RECORDED YESTERDAY.
  NO SIGNIFICANT WEATHER WAS OBSERVED.


RELATIVE HUMIDITY (PERCENT)
 HIGHEST    82           300 AM
 LOWEST     69          1000 AM
 AVERAGE    76

..........................................................


THE GREEN BAY WI CLIMATE NORMALS FOR TODAY
                         NORMAL    RECORD    YEAR
 MAXIMUM TEMPERATURE (F)   33        60      2001
 MINIMUM TEMPERATURE (F)   19        -8      1977


SUNRISE AND SUNSET
DECEMBER  4 2016......SUNRISE   713 AM CST   SUNSET   413 PM CST
DECEMBER  5 2016......SUNRISE   714 AM CST   SUNSET   413 PM CST


-  INDICATES NEGATIVE NUMBERS.
R  INDICATES RECORD WAS SET OR TIED.
MM INDICATES DATA IS MISSING.
T  INDICATES TRACE AMOUNT.




$$
