000
CDUS43 KGRB 100632
CLIGRB


CLIMATE REPORT
NATIONAL WEATHER SERVICE GREEN BAY
132 AM CDT SAT SEP 10 2016


...................................

...THE GREEN BAY WI CLIMATE SUMMARY FOR SEPTEMBER 9 2016...

CLIMATE NORMAL PERIOD 1981 TO 2010
CLIMATE RECORD PERIOD 1886 TO 2016


WEATHER ITEM   OBSERVED TIME   RECORD YEAR NORMAL DEPARTURE LAST
                VALUE   (LST)  VALUE       VALUE  FROM      YEAR
                                                  NORMAL
..................................................................
TEMPERATURE (F)
 YESTERDAY
  MAXIMUM         74    257 PM  95    1955  73      1       76
                                      1931
  MINIMUM         53    559 AM  36    1956  51      2       52
  AVERAGE         64                        62      2       64

PRECIPITATION (IN)
  YESTERDAY        T             1.44 1901   0.10  -0.10     0.00
  MONTH TO DATE    0.99                      0.90   0.09     4.12
  SINCE SEP 1      0.99                      0.90   0.09     4.12
  SINCE JAN 1     22.61                     21.30   1.31    20.32

SNOWFALL (IN)
  YESTERDAY        0.0           0.0    MM   0.0    0.0      0.0
  MONTH TO DATE    0.0                       0.0    0.0      0.0
  SINCE SEP 1      0.0                       0.0    0.0      0.0
  SINCE JUL 1      0.0                       0.0    0.0      0.0
  SNOW DEPTH       0

DEGREE DAYS
 HEATING
  YESTERDAY        1                         5     -4        1
  MONTH TO DATE    9                        33    -24        1
  SINCE SEP 1      9                        33    -24        1
  SINCE JUL 1     22                        96    -74       51

 COOLING
  YESTERDAY        0                         2     -2        0
  MONTH TO DATE   33                        18     15       73
  SINCE SEP 1     33                        18     15       73
  SINCE JAN 1    555                       380    175      475
..................................................................


WIND (MPH)
  HIGHEST WIND SPEED    18   HIGHEST WIND DIRECTION     S (160)
  HIGHEST GUST SPEED    24   HIGHEST GUST DIRECTION    SE (150)
  AVERAGE WIND SPEED     3.1


SKY COVER
  POSSIBLE SUNSHINE  MM
  AVERAGE SKY COVER 0.2


WEATHER CONDITIONS
 THE FOLLOWING WEATHER WAS RECORDED YESTERDAY.
  LIGHT RAIN
  FOG


RELATIVE HUMIDITY (PERCENT)
 HIGHEST   100          1200 AM
 LOWEST     64           200 PM
 AVERAGE    82

..........................................................


THE GREEN BAY WI CLIMATE NORMALS FOR TODAY
                         NORMAL    RECORD    YEAR
 MAXIMUM TEMPERATURE (F)   72        97      1931
 MINIMUM TEMPERATURE (F)   51        36      1967
                                             1917


SUNRISE AND SUNSET
SEPTEMBER 10 2016.....SUNRISE   626 AM CDT   SUNSET   712 PM CDT
SEPTEMBER 11 2016.....SUNRISE   627 AM CDT   SUNSET   710 PM CDT


-  INDICATES NEGATIVE NUMBERS.
R  INDICATES RECORD WAS SET OR TIED.
MM INDICATES DATA IS MISSING.
T  INDICATES TRACE AMOUNT.




$$
