000
CDUS43 KGRB 040802
CLIGRB


CLIMATE REPORT
NATIONAL WEATHER SERVICE GREEN BAY
200 AM CST WED JAN 4 2017


...................................

...THE GREEN BAY WI CLIMATE SUMMARY FOR JANUARY 3 2017...

CLIMATE NORMAL PERIOD 1981 TO 2010
CLIMATE RECORD PERIOD 1886 TO 2017


WEATHER ITEM   OBSERVED TIME   RECORD YEAR NORMAL DEPARTURE LAST
                VALUE   (LST)  VALUE       VALUE  FROM      YEAR
                                                  NORMAL
..................................................................
TEMPERATURE (F)
 YESTERDAY
  MAXIMUM         37    326 PM  50    1897  25     12       30
  MINIMUM         13   1159 PM -18    2014  10      3       22
  AVERAGE         25                        17      8       26

PRECIPITATION (IN)
  YESTERDAY        0.01          0.97 1897   0.04  -0.03      T
  MONTH TO DATE    0.04                      0.12  -0.08      T
  SINCE DEC 1      2.29                      1.63   0.66     5.71
  SINCE JAN 1      0.04                      0.12  -0.08      T

SNOWFALL (IN)
  YESTERDAY        T             8.2  1943   0.4   -0.4       T
  MONTH TO DATE    T                         1.2   -1.2       T
  SINCE DEC 1     23.1                      14.3    8.8     13.7
  SINCE JUL 1     24.0                      18.5    5.5     13.9
  SNOW DEPTH       3

DEGREE DAYS
 HEATING
  YESTERDAY       40                        48     -8       39
  MONTH TO DATE  109                       144    -35      125
  SINCE DEC 1   1360                      1494   -134     1063
  SINCE JUL 1   2422                      3234   -812     2335

 COOLING
  YESTERDAY        0                         0      0        0
  MONTH TO DATE    0                         0      0        0
  SINCE DEC 1      0                         0      0        0
  SINCE JAN 1      0                         0      0        0
..................................................................


WIND (MPH)
  HIGHEST WIND SPEED    30   HIGHEST WIND DIRECTION     W (280)
  HIGHEST GUST SPEED    37   HIGHEST GUST DIRECTION     W (270)
  AVERAGE WIND SPEED    11.9


SKY COVER
  POSSIBLE SUNSHINE  MM
  AVERAGE SKY COVER 1.0


WEATHER CONDITIONS
 THE FOLLOWING WEATHER WAS RECORDED YESTERDAY.
  LIGHT RAIN
  LIGHT SNOW
  FOG


RELATIVE HUMIDITY (PERCENT)
 HIGHEST    92          1200 AM
 LOWEST     67          1000 PM
 AVERAGE    80

..........................................................


THE GREEN BAY WI CLIMATE NORMALS FOR TODAY
                         NORMAL    RECORD    YEAR
 MAXIMUM TEMPERATURE (F)   25        46      2007
 MINIMUM TEMPERATURE (F)   10       -18      1919
                                             1912
                                             1911


SUNRISE AND SUNSET
JANUARY  4 2017.......SUNRISE   729 AM CST   SUNSET   427 PM CST
JANUARY  5 2017.......SUNRISE   729 AM CST   SUNSET   428 PM CST


-  INDICATES NEGATIVE NUMBERS.
R  INDICATES RECORD WAS SET OR TIED.
MM INDICATES DATA IS MISSING.
T  INDICATES TRACE AMOUNT.

$$
