000
CDUS43 KGRB 132133
CLIGRB


CLIMATE REPORT
NATIONAL WEATHER SERVICE GREEN BAY
433 PM CDT SAT MAY 13 2017


...................................

...THE GREEN BAY WI CLIMATE SUMMARY FOR MAY 13 2017...
VALID TODAY AS OF 0400 PM LOCAL TIME.

CLIMATE NORMAL PERIOD 1981 TO 2010
CLIMATE RECORD PERIOD 1886 TO 2017


WEATHER ITEM   OBSERVED TIME   RECORD YEAR NORMAL DEPARTURE LAST
                VALUE   (LST)  VALUE       VALUE  FROM      YEAR
                                                  NORMAL
..................................................................
TEMPERATURE (F)
 TODAY
  MAXIMUM         74   1215 PM  88    1991  65      9       56
                                      1977
  MINIMUM         48    348 AM  30    2013  43      5       42
                                      1997
                                      1996
  AVERAGE         61                        54      7       49

PRECIPITATION (IN)
  TODAY            T             1.38 1978   0.09  -0.09     0.01
  MONTH TO DATE    0.75                      1.09  -0.34     1.28
  SINCE MAR 1      7.53                      5.57   1.96     6.62
  SINCE JAN 1     10.78                      7.81   2.97     9.10

SNOWFALL (IN)
  TODAY           MM             1.0  1895   0.0   MM        0.0
  MONTH TO DATE    0.0                       0.1   -0.1      0.0
  SINCE MAR 1      9.0                      11.1   -2.1     16.2
  SINCE JUL 1     53.2                      51.3    1.9     50.0
  SNOW DEPTH       0

DEGREE DAYS
 HEATING
  TODAY            4                        11     -7       16
  MONTH TO DATE  174                       170      4      149
  SINCE MAR 1   1685                      1867   -182     1686
  SINCE JUL 1   6258                      7707  -1449     6497

 COOLING
  TODAY            0                         0      0        0
  MONTH TO DATE    0                         0      0        1
  SINCE MAR 1      0                         2     -2        1
  SINCE JAN 1      0                         2     -2        1
..................................................................


WIND (MPH)
  HIGHEST WIND SPEED    18   HIGHEST WIND DIRECTION    NE (40)
  HIGHEST GUST SPEED    22   HIGHEST GUST DIRECTION    NE (40)
  AVERAGE WIND SPEED     8.6


SKY COVER
  POSSIBLE SUNSHINE  MM
  AVERAGE SKY COVER 0.2


WEATHER CONDITIONS
 THE FOLLOWING WEATHER WAS RECORDED TODAY.
  NO SIGNIFICANT WEATHER WAS OBSERVED.


RELATIVE HUMIDITY (PERCENT)
 HIGHEST   100           400 AM
 LOWEST     47          1100 AM
 AVERAGE    74

..........................................................


THE GREEN BAY WI CLIMATE NORMALS FOR TOMORROW
                         NORMAL    RECORD    YEAR
 MAXIMUM TEMPERATURE (F)   66        89      1991
 MINIMUM TEMPERATURE (F)   43        29      1895


SUNRISE AND SUNSET
MAY 13 2017...........SUNRISE   527 AM CDT   SUNSET   811 PM CDT
MAY 14 2017...........SUNRISE   526 AM CDT   SUNSET   813 PM CDT


-  INDICATES NEGATIVE NUMBERS.
R  INDICATES RECORD WAS SET OR TIED.
MM INDICATES DATA IS MISSING.
T  INDICATES TRACE AMOUNT.




$$
