000
CDUS43 KGRB 130658
CLIGRB


CLIMATE REPORT
NATIONAL WEATHER SERVICE GREEN BAY
153 AM CDT SAT SEP 13 2014


...................................

...THE GREEN BAY WI CLIMATE SUMMARY FOR SEPTEMBER 12 2014...

CLIMATE NORMAL PERIOD 1981 TO 2010
CLIMATE RECORD PERIOD 1886 TO 2014


WEATHER ITEM   OBSERVED TIME   RECORD YEAR NORMAL DEPARTURE LAST
                VALUE   (LST)  VALUE       VALUE  FROM      YEAR
                                                  NORMAL
..................................................................
TEMPERATURE (F)
 YESTERDAY
  MAXIMUM         50    128 PM  93    1952  72    -22       72
  MINIMUM         40    349 AM  32    1955  50    -10       48
  AVERAGE         45                        61    -16       60

PRECIPITATION (IN)
  YESTERDAY        0.25          1.53 1984   0.10   0.15     0.00
  MONTH TO DATE    3.67                      1.21   2.46     1.88
  SINCE SEP 1      3.67                      1.21   2.46     1.88
  SINCE JAN 1     24.39                     21.61   2.78    25.87

SNOWFALL (IN)
  YESTERDAY        0.0           0.0    MM   0.0    0.0      0.0
  MONTH TO DATE    0.0                       0.0    0.0      0.0
  SINCE SEP 1      0.0                       0.0    0.0      0.0
  SINCE JUL 1      0.0                       0.0    0.0      0.0
  SNOW DEPTH       0

DEGREE DAYS
 HEATING
  YESTERDAY       20                         6     14        5
  MONTH TO DATE   46                        49     -3       23
  SINCE SEP 1     46                        49     -3       23
  SINCE JUL 1     75                       112    -37       63

 COOLING
  YESTERDAY        0                         1     -1        0
  MONTH TO DATE   17                        22     -5       43
  SINCE SEP 1     17                        22     -5       43
  SINCE JAN 1    360                       384    -24      521
..................................................................


WIND (MPH)
  HIGHEST WIND SPEED    12   HIGHEST WIND DIRECTION     N (360)
  HIGHEST GUST SPEED    14   HIGHEST GUST DIRECTION     N (360)
  AVERAGE WIND SPEED     6.7


SKY COVER
  POSSIBLE SUNSHINE  MM
  AVERAGE SKY COVER 0.7


WEATHER CONDITIONS
 THE FOLLOWING WEATHER WAS RECORDED YESTERDAY.
  LIGHT RAIN
  FOG


RELATIVE HUMIDITY (PERCENT)
 HIGHEST   100           800 PM
 LOWEST     61          1200 PM
 AVERAGE    81

..........................................................


THE GREEN BAY WI CLIMATE NORMALS FOR TODAY
                         NORMAL    RECORD    YEAR
 MAXIMUM TEMPERATURE (F)   71        92      1952
                                             1939
 MINIMUM TEMPERATURE (F)   50        33      1953


SUNRISE AND SUNSET
SEPTEMBER 13 2014.....SUNRISE   629 AM CDT   SUNSET   707 PM CDT
SEPTEMBER 14 2014.....SUNRISE   630 AM CDT   SUNSET   705 PM CDT


-  INDICATES NEGATIVE NUMBERS.
R  INDICATES RECORD WAS SET OR TIED.
MM INDICATES DATA IS MISSING.
T  INDICATES TRACE AMOUNT.




$$
