000
CDUS43 KGRB 140746
CLIGRB


CLIMATE REPORT
NATIONAL WEATHER SERVICE GREEN BAY
243 AM CDT WED SEP 14 2016


...................................

...THE GREEN BAY WI CLIMATE SUMMARY FOR SEPTEMBER 13 2016...

CLIMATE NORMAL PERIOD 1981 TO 2010
CLIMATE RECORD PERIOD 1886 TO 2016


WEATHER ITEM   OBSERVED TIME   RECORD YEAR NORMAL DEPARTURE LAST
                VALUE   (LST)  VALUE       VALUE  FROM      YEAR
                                                  NORMAL
..................................................................
TEMPERATURE (F)
 YESTERDAY
  MAXIMUM         70   1011 AM  92    1952  71     -1       72
                                      1939
  MINIMUM         57   1007 PM  33    1953  50      7       41
  AVERAGE         64                        60      4       57

PRECIPITATION (IN)
  YESTERDAY        0.36          1.56 1954   0.10   0.26     0.00
  MONTH TO DATE    2.17                      1.31   0.86     4.19
  SINCE SEP 1      2.17                      1.31   0.86     4.19
  SINCE JAN 1     23.79                     21.71   2.08    20.39

SNOWFALL (IN)
  YESTERDAY        0.0           0.0    MM   0.0    0.0      0.0
  MONTH TO DATE    0.0                       0.0    0.0      0.0
  SINCE SEP 1      0.0                       0.0    0.0      0.0
  SINCE JUL 1      0.0                       0.0    0.0      0.0
  SNOW DEPTH       0

DEGREE DAYS
 HEATING
  YESTERDAY        1                         6     -5        8
  MONTH TO DATE   18                        55    -37       27
  SINCE SEP 1     18                        55    -37       27
  SINCE JUL 1     31                       118    -87       77

 COOLING
  YESTERDAY        0                         1     -1        0
  MONTH TO DATE   35                        23     12       74
  SINCE SEP 1     35                        23     12       74
  SINCE JAN 1    557                       385    172      476
..................................................................


WIND (MPH)
  HIGHEST WIND SPEED    18   HIGHEST WIND DIRECTION     N (350)
  HIGHEST GUST SPEED    27   HIGHEST GUST DIRECTION     S (190)
  AVERAGE WIND SPEED     6.7


SKY COVER
  POSSIBLE SUNSHINE  MM
  AVERAGE SKY COVER 0.7


WEATHER CONDITIONS
 THE FOLLOWING WEATHER WAS RECORDED YESTERDAY.
  THUNDERSTORM
  HEAVY RAIN
  RAIN
  LIGHT RAIN
  FOG


RELATIVE HUMIDITY (PERCENT)
 HIGHEST   100           500 AM
 LOWEST     70           100 AM
 AVERAGE    85

..........................................................


THE GREEN BAY WI CLIMATE NORMALS FOR TODAY
                         NORMAL    RECORD    YEAR
 MAXIMUM TEMPERATURE (F)   71        94      1939
 MINIMUM TEMPERATURE (F)   49        34      1963
                                             1923


SUNRISE AND SUNSET
SEPTEMBER 14 2016.....SUNRISE   631 AM CDT   SUNSET   704 PM CDT
SEPTEMBER 15 2016.....SUNRISE   632 AM CDT   SUNSET   702 PM CDT


-  INDICATES NEGATIVE NUMBERS.
R  INDICATES RECORD WAS SET OR TIED.
MM INDICATES DATA IS MISSING.
T  INDICATES TRACE AMOUNT.

$$
