000
CDUS43 KGRB 242148
CLIGRB


CLIMATE REPORT
NATIONAL WEATHER SERVICE GREEN BAY
447 PM CDT SUN AUG 24 2014


...................................

...THE GREEN BAY WI CLIMATE SUMMARY FOR AUGUST 24 2014...
VALID TODAY AS OF 0400 PM LOCAL TIME.

CLIMATE NORMAL PERIOD 1981 TO 2010
CLIMATE RECORD PERIOD 1886 TO 2014


WEATHER ITEM   OBSERVED TIME   RECORD YEAR NORMAL DEPARTURE LAST
                VALUE   (LST)  VALUE       VALUE  FROM      YEAR
                                                  NORMAL
..................................................................
TEMPERATURE (F)
 TODAY
  MAXIMUM         80    216 PM 100    1948  77      3       81
  MINIMUM         67    618 AM  41    1987  56     11       55
  AVERAGE         74                        66      8       68

PRECIPITATION (IN)
  TODAY            0.00          0.96 1922   0.10  -0.10     0.00
  MONTH TO DATE    3.53                      2.66   0.87     2.37
  SINCE JUN 1      8.79                     10.04  -1.25     9.54
  SINCE JAN 1     19.45                     19.69  -0.24    23.31

SNOWFALL (IN)
  TODAY            0.0           0.0    MM   0.0    0.0      0.0
  MONTH TO DATE    0.0                       0.0    0.0      0.0
  SINCE JUN 1      0.0                       0.0    0.0      0.0
  SINCE JUL 1      0.0                       0.0    0.0      0.0
  SNOW DEPTH       0

DEGREE DAYS
 HEATING
  TODAY            0                         2     -2        0
  MONTH TO DATE   12                        25    -13       18
  SINCE JUN 1     58                       140    -82      112
  SINCE JUL 1     27                        48    -21       40

 COOLING
  TODAY            9                         3      6        3
  MONTH TO DATE   91                        90      1       59
  SINCE JUN 1    296                       323    -27      362
  SINCE JAN 1    312                       341    -29      400
..................................................................


WIND (MPH)
  HIGHEST WIND SPEED    17   HIGHEST WIND DIRECTION    SE (130)
  HIGHEST GUST SPEED    22   HIGHEST GUST DIRECTION    SE (130)
  AVERAGE WIND SPEED     9.1


SKY COVER
  POSSIBLE SUNSHINE  MM
  AVERAGE SKY COVER 0.3


WEATHER CONDITIONS
 THE FOLLOWING WEATHER WAS RECORDED TODAY.
  FOG


RELATIVE HUMIDITY (PERCENT)
 HIGHEST   100           600 AM
 LOWEST     74          1200 PM
 AVERAGE    87

..........................................................


THE GREEN BAY WI CLIMATE NORMALS FOR TOMORROW
                         NORMAL    RECORD    YEAR
 MAXIMUM TEMPERATURE (F)   77        96      1948
 MINIMUM TEMPERATURE (F)   56        40      1958
                                             1917


SUNRISE AND SUNSET
AUGUST 24 2014........SUNRISE   606 AM CDT   SUNSET   743 PM CDT
AUGUST 25 2014........SUNRISE   607 AM CDT   SUNSET   741 PM CDT


-  INDICATES NEGATIVE NUMBERS.
R  INDICATES RECORD WAS SET OR TIED.
MM INDICATES DATA IS MISSING.
T  INDICATES TRACE AMOUNT.




$$
