719
CDUS43 KGRB 132147
CLIGRB


CLIMATE REPORT
NATIONAL WEATHER SERVICE GREEN BAY
447 PM CDT THU JUL 13 2017


...................................

...THE GREEN BAY WI CLIMATE SUMMARY FOR JULY 13 2017...
VALID TODAY AS OF 0400 PM LOCAL TIME.

CLIMATE NORMAL PERIOD 1981 TO 2010
CLIMATE RECORD PERIOD 1886 TO 2017


WEATHER ITEM   OBSERVED TIME   RECORD YEAR NORMAL DEPARTURE LAST
                VALUE   (LST)  VALUE       VALUE  FROM      YEAR
                                                  NORMAL
..................................................................
TEMPERATURE (F)
 TODAY
  MAXIMUM         76   1112 AM 104    1936  80     -4       88
  MINIMUM         68    648 AM  47    1975  59      9       67
                                      1950
  AVERAGE         72                        69      3       78

PRECIPITATION (IN)
  TODAY            0.00          1.33 2015   0.11  -0.11     0.00
  MONTH TO DATE    1.78                      1.52   0.26     0.99
  SINCE JUN 1      5.56                      5.40   0.16     5.43
  SINCE JAN 1     18.56                     15.05   3.51    16.61

SNOWFALL (IN)
  TODAY            0.0           0.0    MM   0.0    0.0      0.0
  MONTH TO DATE    0.0                       0.0    0.0      0.0
  SINCE JUN 1      0.0                       0.0    0.0      0.0
  SINCE JUL 1      0.0                       0.0    0.0      0.0
  SNOW DEPTH       0

DEGREE DAYS
 HEATING
  TODAY            0                         1     -1        0
  MONTH TO DATE    0                        13    -13        1
  SINCE JUN 1     27                       105    -78       26
  SINCE JUL 1      0                        13    -13        1

 COOLING
  TODAY            7                         5      2       13
  MONTH TO DATE   88                        65     23       80
  SINCE JUN 1    203                       148     55      180
  SINCE JAN 1    211                       166     45      213
..................................................................


WIND (MPH)
  HIGHEST WIND SPEED    14   HIGHEST WIND DIRECTION    NE (50)
  HIGHEST GUST SPEED    17   HIGHEST GUST DIRECTION    NE (40)
  AVERAGE WIND SPEED     6.5


SKY COVER
  POSSIBLE SUNSHINE  MM
  AVERAGE SKY COVER 0.8


WEATHER CONDITIONS
 THE FOLLOWING WEATHER WAS RECORDED TODAY.
  FOG


RELATIVE HUMIDITY (PERCENT)
 HIGHEST   100          1200 AM
 LOWEST     79           900 AM
 AVERAGE    90

..........................................................


THE GREEN BAY WI CLIMATE NORMALS FOR TOMORROW
                         NORMAL    RECORD    YEAR
 MAXIMUM TEMPERATURE (F)   80       102      1995
 MINIMUM TEMPERATURE (F)   59        45      1950


SUNRISE AND SUNSET
JULY 13 2017..........SUNRISE   520 AM CDT   SUNSET   836 PM CDT
JULY 14 2017..........SUNRISE   521 AM CDT   SUNSET   835 PM CDT


-  INDICATES NEGATIVE NUMBERS.
R  INDICATES RECORD WAS SET OR TIED.
MM INDICATES DATA IS MISSING.
T  INDICATES TRACE AMOUNT.




$$
