000
CDUS43 KGRB 190906
CLIGRB


CLIMATE REPORT
NATIONAL WEATHER SERVICE GREEN BAY
405 AM CDT THU MAR 19 2015


...................................

...THE GREEN BAY WI CLIMATE SUMMARY FOR MARCH 18 2015...

CLIMATE NORMAL PERIOD 1981 TO 2010
CLIMATE RECORD PERIOD 1886 TO 2015


WEATHER ITEM   OBSERVED TIME   RECORD YEAR NORMAL DEPARTURE LAST
                VALUE   (LST)  VALUE       VALUE  FROM      YEAR
                                                  NORMAL
..................................................................
TEMPERATURE (F)
 YESTERDAY
  MAXIMUM         48    323 PM  79    2012  40      8       37
  MINIMUM         29   1132 PM  -3    1967  23      6       26
  AVERAGE         39                        32      7       32

PRECIPITATION (IN)
  YESTERDAY        0.00          1.11 1986   0.06  -0.06     0.01
  MONTH TO DATE    0.16                      1.01  -0.85     0.16
  SINCE MAR 1      0.16                      1.01  -0.85     0.16
  SINCE JAN 1      1.13                      3.25  -2.12     2.95

SNOWFALL (IN)
  YESTERDAY        0.0           4.8  2013   0.2   -0.2       T
  MONTH TO DATE    1.4                       5.6   -4.2      2.9
  SINCE MAR 1      1.4                       5.6   -4.2      2.9
  SINCE JUL 1     29.9                      45.8  -15.9     65.2
  SNOW DEPTH       0

DEGREE DAYS
 HEATING
  YESTERDAY       26                        33     -7       33
  MONTH TO DATE  578                       664    -86      839
  SINCE MAR 1    578                       664    -86      839
  SINCE JUL 1   6616                      6504    112     7320

 COOLING
  YESTERDAY        0                         0      0        0
  MONTH TO DATE    0                         0      0        0
  SINCE MAR 1      0                         0      0        0
  SINCE JAN 1      0                         0      0        0
..................................................................


WIND (MPH)
  HIGHEST WIND SPEED    16   HIGHEST WIND DIRECTION     W (280)
  HIGHEST GUST SPEED    22   HIGHEST GUST DIRECTION     W (270)
  AVERAGE WIND SPEED     8.2


SKY COVER
  POSSIBLE SUNSHINE  MM
  AVERAGE SKY COVER 0.0


WEATHER CONDITIONS
 THE FOLLOWING WEATHER WAS RECORDED YESTERDAY.
  NO SIGNIFICANT WEATHER WAS OBSERVED.


RELATIVE HUMIDITY (PERCENT)
 HIGHEST    85          1100 PM
 LOWEST     37           400 PM
 AVERAGE    61

..........................................................


THE GREEN BAY WI CLIMATE NORMALS FOR TODAY
                         NORMAL    RECORD    YEAR
 MAXIMUM TEMPERATURE (F)   40        77      2012
 MINIMUM TEMPERATURE (F)   24        -5      1989
                                             1923


SUNRISE AND SUNSET
MARCH 19 2015.........SUNRISE   658 AM CDT   SUNSET   703 PM CDT
MARCH 20 2015.........SUNRISE   656 AM CDT   SUNSET   705 PM CDT


-  INDICATES NEGATIVE NUMBERS.
R  INDICATES RECORD WAS SET OR TIED.
MM INDICATES DATA IS MISSING.
T  INDICATES TRACE AMOUNT.




$$
