000
CDUS43 KGRB 140901
CLIGRB


CLIMATE REPORT
NATIONAL WEATHER SERVICE GREEN BAY
401 AM CDT THU JUL 14 2016


...................................

...THE GREEN BAY WI CLIMATE SUMMARY FOR JULY 13 2016...

CLIMATE NORMAL PERIOD 1981 TO 2010
CLIMATE RECORD PERIOD 1886 TO 2016


WEATHER ITEM   OBSERVED TIME   RECORD YEAR NORMAL DEPARTURE LAST
                VALUE   (LST)  VALUE       VALUE  FROM      YEAR
                                                  NORMAL
..................................................................
TEMPERATURE (F)
 YESTERDAY
  MAXIMUM         88    216 PM 104    1936  80      8       84
  MINIMUM         67    441 AM  47    1975  59      8       65
                                      1950
  AVERAGE         78                        69      9       75

PRECIPITATION (IN)
  YESTERDAY        0.00          1.33 2015   0.11  -0.11     1.33
  MONTH TO DATE    0.99                      1.52  -0.53     1.37
  SINCE JUN 1      5.43                      5.40   0.03     4.61
  SINCE JAN 1     16.61                     15.05   1.56    11.55

SNOWFALL (IN)
  YESTERDAY        0.0           0.0    MM   0.0    0.0      0.0
  MONTH TO DATE    0.0                       0.0    0.0      0.0
  SINCE JUN 1      0.0                       0.0    0.0      0.0
  SINCE JUL 1      0.0                       0.0    0.0      0.0
  SNOW DEPTH       0

DEGREE DAYS
 HEATING
  YESTERDAY        0                         1     -1        0
  MONTH TO DATE    1                        13    -12       17
  SINCE JUN 1     26                       105    -79       70
  SINCE JUL 1      1                        13    -12       17

 COOLING
  YESTERDAY       13                         5      8       10
  MONTH TO DATE   80                        65     15       49
  SINCE JUN 1    180                       148     32      116
  SINCE JAN 1    213                       166     47      144
..................................................................


WIND (MPH)
  HIGHEST WIND SPEED    18   HIGHEST WIND DIRECTION     W (250)
  HIGHEST GUST SPEED    26   HIGHEST GUST DIRECTION    SW (220)
  AVERAGE WIND SPEED    10.2


SKY COVER
  POSSIBLE SUNSHINE  MM
  AVERAGE SKY COVER 0.0


WEATHER CONDITIONS
 THE FOLLOWING WEATHER WAS RECORDED YESTERDAY.
  NO SIGNIFICANT WEATHER WAS OBSERVED.


RELATIVE HUMIDITY (PERCENT)
 HIGHEST   100           300 AM
 LOWEST     57           100 PM
 AVERAGE    79

..........................................................


THE GREEN BAY WI CLIMATE NORMALS FOR TODAY
                         NORMAL    RECORD    YEAR
 MAXIMUM TEMPERATURE (F)   80       102      1995
 MINIMUM TEMPERATURE (F)   59        45      1950


SUNRISE AND SUNSET
JULY 14 2016..........SUNRISE   522 AM CDT   SUNSET   835 PM CDT
JULY 15 2016..........SUNRISE   522 AM CDT   SUNSET   834 PM CDT


-  INDICATES NEGATIVE NUMBERS.
R  INDICATES RECORD WAS SET OR TIED.
MM INDICATES DATA IS MISSING.
T  INDICATES TRACE AMOUNT.




$$
