000
CDUS43 KGRB 130716
CLIGRB


CLIMATE REPORT
NATIONAL WEATHER SERVICE GREEN BAY
215 AM CDT MON MAR 13 2017


...................................

...THE GREEN BAY WI CLIMATE SUMMARY FOR MARCH 11 2017...

CLIMATE NORMAL PERIOD 1981 TO 2010
CLIMATE RECORD PERIOD 1886 TO 2017


WEATHER ITEM   OBSERVED TIME   RECORD YEAR NORMAL DEPARTURE LAST
                VALUE   (LST)  VALUE       VALUE  FROM      YEAR
                                                  NORMAL
..................................................................
TEMPERATURE (F)
 YESTERDAY
  MAXIMUM         28    412 PM  63    2012  37     -9       48
  MINIMUM         10    633 AM -12    1948  21    -11       29
  AVERAGE         19                        29    -10       39

PRECIPITATION (IN)
  YESTERDAY        0.00          1.21 1902   0.05  -0.05     0.00
  MONTH TO DATE    0.69                      0.62   0.07     0.30
  SINCE MAR 1      0.69                      0.62   0.07     0.30
  SINCE JAN 1      3.94                      2.86   1.08     2.78

SNOWFALL (IN)
  YESTERDAY        0.0           5.1  1941   0.3   -0.3      0.0
  MONTH TO DATE    5.9                       3.7    2.2      3.7
  SINCE MAR 1      5.9                       3.7    2.2      3.7
  SINCE JUL 1     50.1                      43.9    6.2     37.5
  SNOW DEPTH       0

DEGREE DAYS
 HEATING
  YESTERDAY       46                        36     10       26
  MONTH TO DATE  394                       421    -27      337
  SINCE MAR 1    394                       421    -27      337
  SINCE JUL 1   4967                      6261  -1294     5148

 COOLING
  YESTERDAY        0                         0      0        0
  MONTH TO DATE    0                         0      0        0
  SINCE MAR 1      0                         0      0        0
  SINCE JAN 1      0                         0      0        0
..................................................................


WIND (MPH)
  HIGHEST WIND SPEED    18   HIGHEST WIND DIRECTION    NW (320)
  HIGHEST GUST SPEED    25   HIGHEST GUST DIRECTION     W (290)
  AVERAGE WIND SPEED    10.4


SKY COVER
  POSSIBLE SUNSHINE  MM
  AVERAGE SKY COVER 0.0


WEATHER CONDITIONS
 THE FOLLOWING WEATHER WAS RECORDED YESTERDAY.
  NO SIGNIFICANT WEATHER WAS OBSERVED.


RELATIVE HUMIDITY (PERCENT)
 HIGHEST    58           500 AM
 LOWEST     40          1200 AM
 AVERAGE    49

..........................................................


THE GREEN BAY WI CLIMATE NORMALS FOR TODAY
                         NORMAL    RECORD    YEAR
 MAXIMUM TEMPERATURE (F)   37        70      1990
 MINIMUM TEMPERATURE (F)   21        -7      1948


SUNRISE AND SUNSET
MARCH 12 2017.........SUNRISE   710 AM CDT   SUNSET   655 PM CDT
MARCH 13 2017.........SUNRISE   708 AM CDT   SUNSET   656 PM CDT


-  INDICATES NEGATIVE NUMBERS.
R  INDICATES RECORD WAS SET OR TIED.
MM INDICATES DATA IS MISSING.
T  INDICATES TRACE AMOUNT.




$$
