000
CDUS43 KGRB 260743
CLIGRB


CLIMATE REPORT
NATIONAL WEATHER SERVICE GREEN BAY
242 AM CDT FRI JUN 26 2015


...................................

...THE GREEN BAY WI CLIMATE SUMMARY FOR JUNE 25 2015...

CLIMATE NORMAL PERIOD 1981 TO 2010
CLIMATE RECORD PERIOD 1886 TO 2015


WEATHER ITEM   OBSERVED TIME   RECORD YEAR NORMAL DEPARTURE LAST
                VALUE   (LST)  VALUE       VALUE  FROM      YEAR
                                                  NORMAL
..................................................................
TEMPERATURE (F)
 YESTERDAY
  MAXIMUM         76    210 PM  92    1966  78     -2       69
                                      1963
  MINIMUM         60   1159 PM  41    1970  57      3       57
  AVERAGE         68                        67      1       63

PRECIPITATION (IN)
  YESTERDAY        0.00          1.74 1934   0.13  -0.13     0.00
  MONTH TO DATE    2.40                      3.26  -0.86     3.72
  SINCE JUN 1      2.40                      3.26  -0.86     3.72
  SINCE JAN 1      9.34                     12.91  -3.57    14.38

SNOWFALL (IN)
  YESTERDAY        0.0           0.0    MM   0.0    0.0      0.0
  MONTH TO DATE    0.0                       0.0    0.0      0.0
  SINCE JUN 1      0.0                       0.0    0.0      0.0
  SINCE JUL 1     32.7                      51.4  -18.7     72.1
  SNOW DEPTH       0

DEGREE DAYS
 HEATING
  YESTERDAY        0                         2     -2        2
  MONTH TO DATE   49                        86    -37       31
  SINCE JUN 1     49                        86    -37       31
  SINCE JUL 1   7829                      7949   -120     8771

 COOLING
  YESTERDAY        3                         4     -1        0
  MONTH TO DATE   57                        62     -5       69
  SINCE JUN 1     57                        62     -5       69
  SINCE JAN 1     85                        80      5       85
..................................................................


WIND (MPH)
  HIGHEST WIND SPEED    17   HIGHEST WIND DIRECTION    NE (50)
  HIGHEST GUST SPEED    22   HIGHEST GUST DIRECTION    NE (50)
  AVERAGE WIND SPEED     7.9


SKY COVER
  POSSIBLE SUNSHINE  MM
  AVERAGE SKY COVER 0.0


WEATHER CONDITIONS
 THE FOLLOWING WEATHER WAS RECORDED YESTERDAY.
  FOG
  HAZE


RELATIVE HUMIDITY (PERCENT)
 HIGHEST    97           300 AM
 LOWEST     60           200 PM
 AVERAGE    79

..........................................................


THE GREEN BAY WI CLIMATE NORMALS FOR TODAY
                         NORMAL    RECORD    YEAR
 MAXIMUM TEMPERATURE (F)   78        96      1901
 MINIMUM TEMPERATURE (F)   57        41      1982


SUNRISE AND SUNSET
JUNE 26 2015..........SUNRISE   509 AM CDT   SUNSET   841 PM CDT
JUNE 27 2015..........SUNRISE   510 AM CDT   SUNSET   841 PM CDT


-  INDICATES NEGATIVE NUMBERS.
R  INDICATES RECORD WAS SET OR TIED.
MM INDICATES DATA IS MISSING.
T  INDICATES TRACE AMOUNT.




$$
