000
CDUS43 KGRB 092121
CLIGRB


CLIMATE REPORT
NATIONAL WEATHER SERVICE GREEN BAY
420 PM CDT TUE AUG 9 2016


...................................

...THE GREEN BAY WI CLIMATE SUMMARY FOR AUGUST 9 2016...
VALID TODAY AS OF 0400 PM LOCAL TIME.

CLIMATE NORMAL PERIOD 1981 TO 2010
CLIMATE RECORD PERIOD 1886 TO 2016


WEATHER ITEM   OBSERVED TIME   RECORD YEAR NORMAL DEPARTURE LAST
                VALUE   (LST)  VALUE       VALUE  FROM      YEAR
                                                  NORMAL
..................................................................
TEMPERATURE (F)
 TODAY
  MAXIMUM         85    259 PM  94    1934  79      6       81
                                      1900
  MINIMUM         60    340 AM  41    1964  58      2       57
  AVERAGE         73                        68      5       69

PRECIPITATION (IN)
  TODAY            0.00          2.16 1906   0.12  -0.12      T
  MONTH TO DATE    T                         1.01  -1.01     1.88
  SINCE JUN 1      7.66                      8.39  -0.73     6.92
  SINCE JAN 1     18.84                     18.04   0.80    13.86

SNOWFALL (IN)
  TODAY            0.0           0.0    MM   0.0    0.0      0.0
  MONTH TO DATE    0.0                       0.0    0.0      0.0
  SINCE JUN 1      0.0                       0.0    0.0      0.0
  SINCE JUL 1      0.0                       0.0    0.0      0.0
  SNOW DEPTH       0

DEGREE DAYS
 HEATING
  TODAY            0                         1     -1        0
  MONTH TO DATE    0                         9     -9        0
  SINCE JUN 1     31                       124    -93       72
  SINCE JUL 1      6                        32    -26       19

 COOLING
  TODAY            8                         4      4        4
  MONTH TO DATE   59                        37     22       34
  SINCE JUN 1    357                       270     87      277
  SINCE JAN 1    390                       288    102      305
..................................................................


WIND (MPH)
  HIGHEST WIND SPEED    16   HIGHEST WIND DIRECTION    SW (230)
  HIGHEST GUST SPEED    25   HIGHEST GUST DIRECTION     S (200)
  AVERAGE WIND SPEED     6.3


SKY COVER
  POSSIBLE SUNSHINE  MM
  AVERAGE SKY COVER 0.3


WEATHER CONDITIONS
 THE FOLLOWING WEATHER WAS RECORDED TODAY.
  FOG


RELATIVE HUMIDITY (PERCENT)
 HIGHEST   100           100 AM
 LOWEST     51           300 PM
 AVERAGE    76

..........................................................


THE GREEN BAY WI CLIMATE NORMALS FOR TOMORROW
                         NORMAL    RECORD    YEAR
 MAXIMUM TEMPERATURE (F)   79        95      1944
 MINIMUM TEMPERATURE (F)   58        44      1972


SUNRISE AND SUNSET
AUGUST  9 2016........SUNRISE   549 AM CDT   SUNSET   806 PM CDT
AUGUST 10 2016........SUNRISE   550 AM CDT   SUNSET   805 PM CDT


-  INDICATES NEGATIVE NUMBERS.
R  INDICATES RECORD WAS SET OR TIED.
MM INDICATES DATA IS MISSING.
T  INDICATES TRACE AMOUNT.




$$
