000
CDUS43 KGRB 310829
CLIGRB


CLIMATE REPORT
NATIONAL WEATHER SERVICE GREEN BAY
228 AM CST SAT DEC 31 2016


...................................

...THE GREEN BAY WI CLIMATE SUMMARY FOR DECEMBER 30 2016...

CLIMATE NORMAL PERIOD 1981 TO 2010
CLIMATE RECORD PERIOD 1886 TO 2016


WEATHER ITEM   OBSERVED TIME   RECORD YEAR NORMAL DEPARTURE LAST
                VALUE   (LST)  VALUE       VALUE  FROM      YEAR
                                                  NORMAL
..................................................................
TEMPERATURE (F)
 YESTERDAY
  MAXIMUM         31   1159 PM  55    1936  25      6       29
  MINIMUM         21   1013 AM -19    2013  11     10       24
  AVERAGE         26                        18      8       27

PRECIPITATION (IN)
  YESTERDAY        T             0.78 1972   0.04  -0.04     0.01
  MONTH TO DATE    2.24                      1.47   0.77     5.71
  SINCE DEC 1      2.24                      1.47   0.77     5.71
  SINCE JAN 1     33.10                     29.48   3.62    32.89

SNOWFALL (IN)
  YESTERDAY        T             6.7  1971   0.4   -0.4      0.2
  MONTH TO DATE   22.9                      12.7   10.2     13.7
  SINCE DEC 1     22.9                      12.7   10.2     13.7
  SINCE JUL 1     23.8                      16.9    6.9     13.9
  SNOW DEPTH       3

DEGREE DAYS
 HEATING
  YESTERDAY       39                        47     -8       38
  MONTH TO DATE 1212                      1303    -91      896
  SINCE DEC 1   1212                      1303    -91      896
  SINCE JUL 1   2274                      3043   -769     2168

 COOLING
  YESTERDAY        0                         0      0        0
  MONTH TO DATE    0                         0      0        0
  SINCE DEC 1      0                         0      0        0
  SINCE JAN 1    577                       398    179      517
..................................................................


WIND (MPH)
  HIGHEST WIND SPEED    24   HIGHEST WIND DIRECTION     W (290)
  HIGHEST GUST SPEED    30   HIGHEST GUST DIRECTION     W (290)
  AVERAGE WIND SPEED     9.8


SKY COVER
  POSSIBLE SUNSHINE  MM
  AVERAGE SKY COVER 0.6


WEATHER CONDITIONS
 THE FOLLOWING WEATHER WAS RECORDED YESTERDAY.
  LIGHT SNOW


RELATIVE HUMIDITY (PERCENT)
 HIGHEST    74           400 PM
 LOWEST     62           600 AM
 AVERAGE    68

..........................................................


THE GREEN BAY WI CLIMATE NORMALS FOR TODAY
                         NORMAL    RECORD    YEAR
 MAXIMUM TEMPERATURE (F)   25        51      1965
 MINIMUM TEMPERATURE (F)   10       -19      1967


SUNRISE AND SUNSET
DECEMBER 31 2016......SUNRISE   729 AM CST   SUNSET   423 PM CST
JANUARY  1 2017.......SUNRISE   729 AM CST   SUNSET   424 PM CST


-  INDICATES NEGATIVE NUMBERS.
R  INDICATES RECORD WAS SET OR TIED.
MM INDICATES DATA IS MISSING.
T  INDICATES TRACE AMOUNT.




$$
