000
CDUS43 KGRB 200737
CLIGRB


CLIMATE REPORT
NATIONAL WEATHER SERVICE GREEN BAY
237 AM CDT WED AUG 20 2014


...................................

...THE GREEN BAY WI CLIMATE SUMMARY FOR AUGUST 19 2014...

CLIMATE NORMAL PERIOD 1981 TO 2010
CLIMATE RECORD PERIOD 1886 TO 2014


WEATHER ITEM   OBSERVED TIME   RECORD YEAR NORMAL DEPARTURE LAST
                VALUE   (LST)  VALUE       VALUE  FROM      YEAR
                                                  NORMAL
..................................................................
TEMPERATURE (F)
 YESTERDAY
  MAXIMUM         78    243 PM  96    1955  78      0       83
                                      1900
  MINIMUM         62   1019 PM  42    2004  57      5       55
  AVERAGE         70                        67      3       69

PRECIPITATION (IN)
  YESTERDAY        1.01          2.08 1994   0.11   0.90     0.00
  MONTH TO DATE    3.16                      2.15   1.01     0.74
  SINCE JUN 1      8.42                      9.53  -1.11     7.91
  SINCE JAN 1     19.08                     19.18  -0.10    21.68

SNOWFALL (IN)
  YESTERDAY        0.0           0.0    MM   0.0    0.0      0.0
  MONTH TO DATE    0.0                       0.0    0.0      0.0
  SINCE JUN 1      0.0                       0.0    0.0      0.0
  SINCE JUL 1      0.0                       0.0    0.0      0.0
  SNOW DEPTH       0

DEGREE DAYS
 HEATING
  YESTERDAY        0                         1     -1        0
  MONTH TO DATE   12                        19     -7       18
  SINCE JUN 1     58                       134    -76      112
  SINCE JUL 1     27                        42    -15       40

 COOLING
  YESTERDAY        5                         3      2        4
  MONTH TO DATE   61                        75    -14       32
  SINCE JUN 1    266                       308    -42      335
  SINCE JAN 1    282                       326    -44      373
..................................................................


WIND (MPH)
  HIGHEST WIND SPEED    15   HIGHEST WIND DIRECTION    NW (310)
  HIGHEST GUST SPEED    19   HIGHEST GUST DIRECTION    NW (310)
  AVERAGE WIND SPEED     5.7


SKY COVER
  POSSIBLE SUNSHINE  MM
  AVERAGE SKY COVER 0.7


WEATHER CONDITIONS
 THE FOLLOWING WEATHER WAS RECORDED YESTERDAY.
  THUNDERSTORM
  HEAVY RAIN
  RAIN
  LIGHT RAIN
  FOG


RELATIVE HUMIDITY (PERCENT)
 HIGHEST   100           300 AM
 LOWEST     69           200 PM
 AVERAGE    85

..........................................................


THE GREEN BAY WI CLIMATE NORMALS FOR TODAY
                         NORMAL    RECORD    YEAR
 MAXIMUM TEMPERATURE (F)   77        97      1955
 MINIMUM TEMPERATURE (F)   57        39      1950


SUNRISE AND SUNSET
AUGUST 20 2014........SUNRISE   601 AM CDT   SUNSET   750 PM CDT
AUGUST 21 2014........SUNRISE   602 AM CDT   SUNSET   748 PM CDT


-  INDICATES NEGATIVE NUMBERS.
R  INDICATES RECORD WAS SET OR TIED.
MM INDICATES DATA IS MISSING.
T  INDICATES TRACE AMOUNT.




$$
