000
CDUS43 KGRB 050630
CLIGRB


CLIMATE REPORT
NATIONAL WEATHER SERVICE GREEN BAY
130 AM CDT SAT AUG 5 2017


...................................

...THE GREEN BAY WI CLIMATE SUMMARY FOR AUGUST 4 2017...

CLIMATE NORMAL PERIOD 1981 TO 2010
CLIMATE RECORD PERIOD 1886 TO 2017


WEATHER ITEM   OBSERVED TIME   RECORD YEAR NORMAL DEPARTURE LAST
                VALUE   (LST)  VALUE       VALUE  FROM      YEAR
                                                  NORMAL
..................................................................
TEMPERATURE (F)
 YESTERDAY
  MAXIMUM         68    451 PM  95    1988  79    -11       86
                                      1931
                                      1896
  MINIMUM         53   1159 PM  40    1951  58     -5       68
  AVERAGE         61                        69     -8       77

PRECIPITATION (IN)
  YESTERDAY        0.59          1.31 1896   0.11   0.48      T
  MONTH TO DATE    1.23                      0.43   0.80      T
  SINCE JUN 1      9.57                      7.81   1.76     7.66
  SINCE JAN 1     22.57                     17.46   5.11    18.84

SNOWFALL (IN)
  YESTERDAY        0.0           0.0    MM   0.0    0.0      0.0
  MONTH TO DATE    0.0                       0.0    0.0      0.0
  SINCE JUN 1      0.0                       0.0    0.0      0.0
  SINCE JUL 1      0.0                       0.0    0.0      0.0
  SNOW DEPTH       0

DEGREE DAYS
 HEATING
  YESTERDAY        4                         1      3        0
  MONTH TO DATE    6                         4      2        0
  SINCE JUN 1     34                       119    -85       31
  SINCE JUL 1      7                        27    -20        6

 COOLING
  YESTERDAY        0                         4     -4       12
  MONTH TO DATE   13                        17     -4       35
  SINCE JUN 1    314                       250     64      333
  SINCE JAN 1    322                       268     54      366
..................................................................


WIND (MPH)
  HIGHEST WIND SPEED    20   HIGHEST WIND DIRECTION     N (340)
  HIGHEST GUST SPEED    28   HIGHEST GUST DIRECTION     N (340)
  AVERAGE WIND SPEED     8.7


SKY COVER
  POSSIBLE SUNSHINE  MM
  AVERAGE SKY COVER 0.8


WEATHER CONDITIONS
 THE FOLLOWING WEATHER WAS RECORDED YESTERDAY.
  HEAVY RAIN
  RAIN
  LIGHT RAIN
  FOG


RELATIVE HUMIDITY (PERCENT)
 HIGHEST   100          1200 AM
 LOWEST     67           200 PM
 AVERAGE    84

..........................................................


THE GREEN BAY WI CLIMATE NORMALS FOR TODAY
                         NORMAL    RECORD    YEAR
 MAXIMUM TEMPERATURE (F)   79        99      1947
 MINIMUM TEMPERATURE (F)   58        41      1957


SUNRISE AND SUNSET
AUGUST  5 2017........SUNRISE   544 AM CDT   SUNSET   812 PM CDT
AUGUST  6 2017........SUNRISE   545 AM CDT   SUNSET   811 PM CDT


-  INDICATES NEGATIVE NUMBERS.
R  INDICATES RECORD WAS SET OR TIED.
MM INDICATES DATA IS MISSING.
T  INDICATES TRACE AMOUNT.




$$
