000
CDUS43 KGRB 042140
CLIGRB


CLIMATE REPORT
NATIONAL WEATHER SERVICE GREEN BAY
440 PM CDT SUN JUN 4 2017


...................................

...THE GREEN BAY WI CLIMATE SUMMARY FOR JUNE 4 2017...
VALID TODAY AS OF 0400 PM LOCAL TIME.

CLIMATE NORMAL PERIOD 1981 TO 2010
CLIMATE RECORD PERIOD 1886 TO 2017


WEATHER ITEM   OBSERVED TIME   RECORD YEAR NORMAL DEPARTURE LAST
                VALUE   (LST)  VALUE       VALUE  FROM      YEAR
                                                  NORMAL
..................................................................
TEMPERATURE (F)
 TODAY
  MAXIMUM         86    240 PM  94    1934  72     14       72
  MINIMUM         63    459 AM  35    1945  51     12       57
  AVERAGE         75                        61     14       65

PRECIPITATION (IN)
  TODAY            0.00          1.59 1925   0.13  -0.13     0.22
  MONTH TO DATE    0.49                      0.50  -0.01     1.04
  SINCE JUN 1      0.49                      0.50  -0.01     1.04
  SINCE JAN 1     13.49                     10.15   3.34    12.22

SNOWFALL (IN)
  TODAY            0.0           0.0    MM   0.0    0.0      0.0
  MONTH TO DATE    0.0                       0.0    0.0      0.0
  SINCE JUN 1      0.0                       0.0    0.0      0.0
  SINCE JUL 1     53.2                      51.4    1.8     50.0
  SNOW DEPTH       0

DEGREE DAYS
 HEATING
  TODAY            0                         5     -5        0
  MONTH TO DATE    3                        22    -19        2
  SINCE JUN 1      3                        22    -19        2
  SINCE JUL 1   6390                      7885  -1495     6599

 COOLING
  TODAY           10                         1      9        0
  MONTH TO DATE   17                         4     13        4
  SINCE JUN 1     17                         4     13        4
  SINCE JAN 1     25                        22      3       37
..................................................................


WIND (MPH)
  HIGHEST WIND SPEED    18   HIGHEST WIND DIRECTION    NW (310)
  HIGHEST GUST SPEED    24   HIGHEST GUST DIRECTION     W (290)
  AVERAGE WIND SPEED     9.0


SKY COVER
  POSSIBLE SUNSHINE  MM
  AVERAGE SKY COVER 0.1


WEATHER CONDITIONS
 THE FOLLOWING WEATHER WAS RECORDED TODAY.
  FOG


RELATIVE HUMIDITY (PERCENT)
 HIGHEST   100           100 AM
 LOWEST     34           300 PM
 AVERAGE    67

..........................................................


THE GREEN BAY WI CLIMATE NORMALS FOR TOMORROW
                         NORMAL    RECORD    YEAR
 MAXIMUM TEMPERATURE (F)   72        93      1934
 MINIMUM TEMPERATURE (F)   51        36      1958


SUNRISE AND SUNSET
JUNE  4 2017..........SUNRISE   509 AM CDT   SUNSET   833 PM CDT
JUNE  5 2017..........SUNRISE   509 AM CDT   SUNSET   833 PM CDT


-  INDICATES NEGATIVE NUMBERS.
R  INDICATES RECORD WAS SET OR TIED.
MM INDICATES DATA IS MISSING.
T  INDICATES TRACE AMOUNT.




$$
