000
CDUS43 KGRB 090808
CLIGRB


CLIMATE REPORT
NATIONAL WEATHER SERVICE GREEN BAY
208 AM CST TUE JAN 9 2018


...................................

...THE GREEN BAY WI CLIMATE SUMMARY FOR JANUARY 8 2018...

CLIMATE NORMAL PERIOD 1981 TO 2010
CLIMATE RECORD PERIOD 1886 TO 2018


WEATHER ITEM   OBSERVED TIME   RECORD YEAR NORMAL DEPARTURE LAST
                VALUE   (LST)  VALUE       VALUE  FROM      YEAR
                                                  NORMAL
..................................................................
TEMPERATURE (F)
 YESTERDAY
  MAXIMUM         37    252 PM  49    2003  24     13       18
  MINIMUM         21    807 AM -21    1971   9     12        0
  AVERAGE         29                        17     12        9

PRECIPITATION (IN)
  YESTERDAY        0.02          0.89 2008   0.03  -0.01      T
  MONTH TO DATE    0.06                      0.31  -0.25     0.04
  SINCE DEC 1      1.35                      1.82  -0.47     2.29
  SINCE JAN 1      0.06                      0.31  -0.25     0.04

SNOWFALL (IN)
  YESTERDAY        0.3           5.3  1889   0.4   -0.1       T
  MONTH TO DATE    1.3                       3.2   -1.9       T
  SINCE DEC 1     13.3                      16.3   -3.0     23.1
  SINCE JUL 1     13.9                      20.5   -6.6     24.0
  SNOW DEPTH       5

DEGREE DAYS
 HEATING
  YESTERDAY       36                        48    -12       56
  MONTH TO DATE  457                       384     73      413
  SINCE DEC 1   1884                      1734    150     1664
  SINCE JUL 1   3300                      3474   -174     2726

 COOLING
  YESTERDAY        0                         0      0        0
  MONTH TO DATE    0                         0      0        0
  SINCE DEC 1      0                         0      0        0
  SINCE JAN 1      0                         0      0        0
..................................................................


WIND (MPH)
  HIGHEST WIND SPEED    23   HIGHEST WIND DIRECTION     W (260)
  HIGHEST GUST SPEED    29   HIGHEST GUST DIRECTION     W (280)
  AVERAGE WIND SPEED    10.7


SKY COVER
  POSSIBLE SUNSHINE  MM
  AVERAGE SKY COVER 0.1


WEATHER CONDITIONS
 THE FOLLOWING WEATHER WAS RECORDED YESTERDAY.
  LIGHT SNOW
  FOG
  HAZE


RELATIVE HUMIDITY (PERCENT)
 HIGHEST    84           300 AM
 LOWEST     52           400 PM
 AVERAGE    68

..........................................................


THE GREEN BAY WI CLIMATE NORMALS FOR TODAY
                         NORMAL    RECORD    YEAR
 MAXIMUM TEMPERATURE (F)   24        53      2002
 MINIMUM TEMPERATURE (F)    9       -27      1977


SUNRISE AND SUNSET
JANUARY  9 2018.......SUNRISE   728 AM CST   SUNSET   432 PM CST
JANUARY 10 2018.......SUNRISE   728 AM CST   SUNSET   433 PM CST


-  INDICATES NEGATIVE NUMBERS.
R  INDICATES RECORD WAS SET OR TIED.
MM INDICATES DATA IS MISSING.
T  INDICATES TRACE AMOUNT.




$$
