000
CDUS43 KGRB 100736
CLIGRB

CLIMATE REPORT
NATIONAL WEATHER SERVICE GREEN BAY
234 AM CDT MON APR 10 2017

...................................

...THE GREEN BAY WI CLIMATE SUMMARY FOR APRIL 9 2017...

CLIMATE NORMAL PERIOD 1981 TO 2010
CLIMATE RECORD PERIOD 1886 TO 2017

WEATHER ITEM   OBSERVED TIME   RECORD YEAR NORMAL DEPARTURE LAST
                VALUE   (LST)  VALUE       VALUE  FROM      YEAR
                                                  NORMAL
..................................................................
TEMPERATURE (F)
 YESTERDAY
  MAXIMUM         74    356 PM  76    1955  51     23       32
                                      1945
  MINIMUM         55    559 AM  12    1928  32     23       13
  AVERAGE         65                        41     24       23

PRECIPITATION (IN)
  YESTERDAY        0.00          0.81 1978   0.08  -0.08     0.00
  MONTH TO DATE    0.45                      0.73  -0.28     0.62
  SINCE MAR 1      2.75                      2.58   0.17     4.67
  SINCE JAN 1      6.00                      4.82   1.18     7.15

SNOWFALL (IN)
  YESTERDAY        0.0           4.4  1973   0.1   -0.1      0.0
  MONTH TO DATE    0.0                       1.3   -1.3      4.4
  SINCE MAR 1      9.0                       9.4   -0.4     16.2
  SINCE JUL 1     53.2                      49.6    3.6     50.0
  SNOW DEPTH       0

DEGREE DAYS
 HEATING
  YESTERDAY        0                        24    -24       42
  MONTH TO DATE  148                       231    -83      299
  SINCE MAR 1   1172                      1291   -119     1164
  SINCE JUL 1   5745                      7131  -1386     5975

COOLING
  YESTERDAY        0                         0      0        0
  MONTH TO DATE    0                         0      0        0
  SINCE MAR 1      0                         0      0        0
  SINCE JAN 1      0                         0      0        0
..................................................................

WIND (MPH)
  HIGHEST WIND SPEED    18   HIGHEST WIND DIRECTION     S (190)
  HIGHEST GUST SPEED    25   HIGHEST GUST DIRECTION    SW (210)
  AVERAGE WIND SPEED    10.6

SKY COVER
  POSSIBLE SUNSHINE  MM
  AVERAGE SKY COVER 0.4

WEATHER CONDITIONS
 THE FOLLOWING WEATHER WAS RECORDED YESTERDAY.
  NO SIGNIFICANT WEATHER WAS OBSERVED.

RELATIVE HUMIDITY (PERCENT)
 HIGHEST    84          1100 PM
 LOWEST     57           200 PM
 AVERAGE    71
..........................................................

THE GREEN BAY WI CLIMATE NORMALS FOR TODAY
                         NORMAL    RECORD    YEAR
 MAXIMUM TEMPERATURE (F)   51        79      1977
 MINIMUM TEMPERATURE (F)   32        18      1909

SUNRISE AND SUNSET
APRIL 10 2017.........SUNRISE   617 AM CDT   SUNSET   731 PM CDT
APRIL 11 2017.........SUNRISE   615 AM CDT   SUNSET   733 PM CDT

-  INDICATES NEGATIVE NUMBERS.
R  INDICATES RECORD WAS SET OR TIED.
MM INDICATES DATA IS MISSING.
T  INDICATES TRACE AMOUNT.

$$
