746
CDUS43 KGRB 160701
CLIGRB


CLIMATE REPORT
NATIONAL WEATHER SERVICE GREEN BAY
201 AM CDT THU MAR 16 2017


...................................

...THE GREEN BAY WI CLIMATE SUMMARY FOR MARCH 15 2017...

CLIMATE NORMAL PERIOD 1981 TO 2010
CLIMATE RECORD PERIOD 1886 TO 2017


WEATHER ITEM   OBSERVED TIME   RECORD YEAR NORMAL DEPARTURE LAST
                VALUE   (LST)  VALUE       VALUE  FROM      YEAR
                                                  NORMAL
..................................................................
TEMPERATURE (F)
 YESTERDAY
  MAXIMUM         37    408 PM  66    1995  39     -2       51
  MINIMUM         16    628 AM  -4    1906  22     -6       37
  AVERAGE         27                        30     -3       44

PRECIPITATION (IN)
  YESTERDAY        0.00          0.73 1943   0.05  -0.05     0.55
  MONTH TO DATE    0.77                      0.84  -0.07     1.13
  SINCE MAR 1      0.77                      0.84  -0.07     1.13
  SINCE JAN 1      4.02                      3.08   0.94     3.61

SNOWFALL (IN)
  YESTERDAY        0.0           5.5  1936   0.2   -0.2      0.0
  MONTH TO DATE    7.1                       4.8    2.3      3.7
  SINCE MAR 1      7.1                       4.8    2.3      3.7
  SINCE JUL 1     51.3                      45.0    6.3     37.5
  SNOW DEPTH       T

DEGREE DAYS
 HEATING
  YESTERDAY       38                        35      3       21
  MONTH TO DATE  566                       563      3      415
  SINCE MAR 1    566                       563      3      415
  SINCE JUL 1   5139                      6403  -1264     5226

 COOLING
  YESTERDAY        0                         0      0        0
  MONTH TO DATE    0                         0      0        0
  SINCE MAR 1      0                         0      0        0
  SINCE JAN 1      0                         0      0        0
..................................................................


WIND (MPH)
  HIGHEST WIND SPEED    16   HIGHEST WIND DIRECTION     W (270)
  HIGHEST GUST SPEED    25   HIGHEST GUST DIRECTION    NW (330)
  AVERAGE WIND SPEED     9.4


SKY COVER
  POSSIBLE SUNSHINE  MM
  AVERAGE SKY COVER 0.0


WEATHER CONDITIONS
 THE FOLLOWING WEATHER WAS RECORDED YESTERDAY.
  NO SIGNIFICANT WEATHER WAS OBSERVED.


RELATIVE HUMIDITY (PERCENT)
 HIGHEST    67           100 AM
 LOWEST     38           500 PM
 AVERAGE    53

..........................................................


THE GREEN BAY WI CLIMATE NORMALS FOR TODAY
                         NORMAL    RECORD    YEAR
 MAXIMUM TEMPERATURE (F)   39        70      2012
                                             1927
 MINIMUM TEMPERATURE (F)   22       -12      1997


SUNRISE AND SUNSET
MARCH 16 2017.........SUNRISE   703 AM CDT   SUNSET   700 PM CDT
MARCH 17 2017.........SUNRISE   701 AM CDT   SUNSET   702 PM CDT


-  INDICATES NEGATIVE NUMBERS.
R  INDICATES RECORD WAS SET OR TIED.
MM INDICATES DATA IS MISSING.
T  INDICATES TRACE AMOUNT.




$$
