000
CDUS43 KGRB 130624
CLIGRB


CLIMATE REPORT
NATIONAL WEATHER SERVICE GREEN BAY
124 AM CDT SUN JUL 13 2014


...................................

...THE GREEN BAY WI CLIMATE SUMMARY FOR JULY 12 2014...

CLIMATE NORMAL PERIOD 1981 TO 2010
CLIMATE RECORD PERIOD 1886 TO 2014


WEATHER ITEM   OBSERVED TIME   RECORD YEAR NORMAL DEPARTURE LAST
                VALUE   (LST)  VALUE       VALUE  FROM      YEAR
                                                  NORMAL
..................................................................
TEMPERATURE (F)
 YESTERDAY
  MAXIMUM         81    240 PM 102    1936  80      1       83
  MINIMUM         64   1159 PM  47    1976  59      5       56
  AVERAGE         73                        69      4       70

PRECIPITATION (IN)
  YESTERDAY        T             2.05 1950   0.11  -0.11     0.00
  MONTH TO DATE    0.34                      1.41  -1.07     1.35
  SINCE JUN 1      4.39                      5.29  -0.90     5.17
  SINCE JAN 1     15.05                     14.94   0.11    18.94

SNOWFALL (IN)
  YESTERDAY        0.0           0.0    MM   0.0    0.0      0.0
  MONTH TO DATE    0.0                       0.0    0.0      0.0
  SINCE JUN 1      0.0                       0.0    0.0      0.0
  SINCE JUL 1      0.0                       0.0    0.0      0.0
  SNOW DEPTH       0

DEGREE DAYS
 HEATING
  YESTERDAY        0                         1     -1        0
  MONTH TO DATE    6                        12     -6        1
  SINCE JUN 1     37                       104    -67       73
  SINCE JUL 1      6                        12     -6        1

 COOLING
  YESTERDAY        8                         5      3        5
  MONTH TO DATE   39                        60    -21       78
  SINCE JUN 1    145                       143      2      183
  SINCE JAN 1    161                       161      0      221
..................................................................


WIND (MPH)
  HIGHEST WIND SPEED    23   HIGHEST WIND DIRECTION    NW (300)
  HIGHEST GUST SPEED    27   HIGHEST GUST DIRECTION    NW (300)
  AVERAGE WIND SPEED     4.7


SKY COVER
  POSSIBLE SUNSHINE  MM
  AVERAGE SKY COVER 0.4


WEATHER CONDITIONS
 THE FOLLOWING WEATHER WAS RECORDED YESTERDAY.
  LIGHT RAIN
  FOG
  HAZE


RELATIVE HUMIDITY (PERCENT)
 HIGHEST    93          1100 PM
 LOWEST     69           200 PM
 AVERAGE    81

..........................................................


THE GREEN BAY WI CLIMATE NORMALS FOR TODAY
                         NORMAL    RECORD    YEAR
 MAXIMUM TEMPERATURE (F)   80       104      1936
 MINIMUM TEMPERATURE (F)   59        47      1975
                                             1950


SUNRISE AND SUNSET
JULY 13 2014..........SUNRISE   520 AM CDT   SUNSET   836 PM CDT
JULY 14 2014..........SUNRISE   521 AM CDT   SUNSET   835 PM CDT


-  INDICATES NEGATIVE NUMBERS.
R  INDICATES RECORD WAS SET OR TIED.
MM INDICATES DATA IS MISSING.
T  INDICATES TRACE AMOUNT.




$$
