000
CDUS43 KGRB 072142
CLIGRB


CLIMATE REPORT
NATIONAL WEATHER SERVICE GREEN BAY
441 PM CDT WED SEP 7 2016


...................................

...THE GREEN BAY WI CLIMATE SUMMARY FOR SEPTEMBER 7 2016...
VALID TODAY AS OF 0400 PM LOCAL TIME.

CLIMATE NORMAL PERIOD 1981 TO 2010
CLIMATE RECORD PERIOD 1886 TO 2016


WEATHER ITEM   OBSERVED TIME   RECORD YEAR NORMAL DEPARTURE LAST
                VALUE   (LST)  VALUE       VALUE  FROM      YEAR
                                                  NORMAL
..................................................................
TEMPERATURE (F)
 TODAY
  MAXIMUM         76    257 PM  93    1959  73      3       78
  MINIMUM         68    523 AM  35    1986  52     16       69
  AVERAGE         72                        63      9       74

PRECIPITATION (IN)
  TODAY            0.40          1.43 2007   0.09   0.31     1.37
  MONTH TO DATE    0.88                      0.70   0.18     1.62
  SINCE SEP 1      0.88                      0.70   0.18     1.62
  SINCE JAN 1     22.50                     21.10   1.40    17.82

SNOWFALL (IN)
  TODAY            0.0           0.0    MM   0.0    0.0      0.0
  MONTH TO DATE    0.0                       0.0    0.0      0.0
  SINCE SEP 1      0.0                       0.0    0.0      0.0
  SINCE JUL 1      0.0                       0.0    0.0      0.0
  SNOW DEPTH       0

DEGREE DAYS
 HEATING
  TODAY            0                         4     -4        0
  MONTH TO DATE    8                        24    -16        0
  SINCE SEP 1      8                        24    -16        0
  SINCE JUL 1     21                        87    -66       50

 COOLING
  TODAY            7                         2      5        9
  MONTH TO DATE   29                        14     15       69
  SINCE SEP 1     29                        14     15       69
  SINCE JAN 1    551                       376    175      471
..................................................................


WIND (MPH)
  HIGHEST WIND SPEED    12   HIGHEST WIND DIRECTION     W (290)
  HIGHEST GUST SPEED    16   HIGHEST GUST DIRECTION     W (280)
  AVERAGE WIND SPEED     5.0


SKY COVER
  POSSIBLE SUNSHINE  MM
  AVERAGE SKY COVER 0.5


WEATHER CONDITIONS
 THE FOLLOWING WEATHER WAS RECORDED TODAY.
  HEAVY RAIN
  RAIN
  LIGHT RAIN
  FOG


RELATIVE HUMIDITY (PERCENT)
 HIGHEST   100           100 AM
 LOWEST     87           300 PM
 AVERAGE    94

..........................................................


THE GREEN BAY WI CLIMATE NORMALS FOR TOMORROW
                         NORMAL    RECORD    YEAR
 MAXIMUM TEMPERATURE (F)   73        96      1933
 MINIMUM TEMPERATURE (F)   52        37      1956


SUNRISE AND SUNSET
SEPTEMBER  7 2016.....SUNRISE   623 AM CDT   SUNSET   717 PM CDT
SEPTEMBER  8 2016.....SUNRISE   624 AM CDT   SUNSET   715 PM CDT


-  INDICATES NEGATIVE NUMBERS.
R  INDICATES RECORD WAS SET OR TIED.
MM INDICATES DATA IS MISSING.
T  INDICATES TRACE AMOUNT.




$$
