000
CDUS43 KGRB 120718
CLIGRB


CLIMATE REPORT
NATIONAL WEATHER SERVICE GREEN BAY
217 AM CDT FRI AUG 12 2016


...................................

...THE GREEN BAY WI CLIMATE SUMMARY FOR AUGUST 11 2016...

CLIMATE NORMAL PERIOD 1981 TO 2010
CLIMATE RECORD PERIOD 1886 TO 2016


WEATHER ITEM   OBSERVED TIME   RECORD YEAR NORMAL DEPARTURE LAST
                VALUE   (LST)  VALUE       VALUE  FROM      YEAR
                                                  NORMAL
..................................................................
TEMPERATURE (F)
 YESTERDAY
  MAXIMUM         87    420 PM  95    1944  78      9       81
  MINIMUM         70    513 AM  40    1967  58     12       59
  AVERAGE         79                        68     11       70

PRECIPITATION (IN)
  YESTERDAY        0.02          1.52 2002   0.12  -0.10     0.00
  MONTH TO DATE    0.02                      1.25  -1.23     1.90
  SINCE JUN 1      7.68                      8.63  -0.95     6.94
  SINCE JAN 1     18.86                     18.28   0.58    13.88

SNOWFALL (IN)
  YESTERDAY        0.0           0.0    MM   0.0    0.0      0.0
  MONTH TO DATE    0.0                       0.0    0.0      0.0
  SINCE JUN 1      0.0                       0.0    0.0      0.0
  SINCE JUL 1      0.0                       0.0    0.0      0.0
  SNOW DEPTH       0

DEGREE DAYS
 HEATING
  YESTERDAY        0                         1     -1        0
  MONTH TO DATE    0                        11    -11        0
  SINCE JUN 1     31                       126    -95       72
  SINCE JUL 1      6                        34    -28       19

 COOLING
  YESTERDAY       14                         4     10        5
  MONTH TO DATE   86                        45     41       47
  SINCE JUN 1    384                       278    106      290
  SINCE JAN 1    417                       296    121      318
..................................................................


WIND (MPH)
  HIGHEST WIND SPEED    21   HIGHEST WIND DIRECTION     S (160)
  HIGHEST GUST SPEED    27   HIGHEST GUST DIRECTION     S (170)
  AVERAGE WIND SPEED     9.0


SKY COVER
  POSSIBLE SUNSHINE  MM
  AVERAGE SKY COVER 0.2


WEATHER CONDITIONS
 THE FOLLOWING WEATHER WAS RECORDED YESTERDAY.
  LIGHT RAIN
  FOG


RELATIVE HUMIDITY (PERCENT)
 HIGHEST   100          1200 AM
 LOWEST     65           400 PM
 AVERAGE    83

..........................................................


THE GREEN BAY WI CLIMATE NORMALS FOR TODAY
                         NORMAL    RECORD    YEAR
 MAXIMUM TEMPERATURE (F)   78        94      1947
 MINIMUM TEMPERATURE (F)   58        44      1954


SUNRISE AND SUNSET
AUGUST 12 2016........SUNRISE   552 AM CDT   SUNSET   802 PM CDT
AUGUST 13 2016........SUNRISE   554 AM CDT   SUNSET   800 PM CDT


-  INDICATES NEGATIVE NUMBERS.
R  INDICATES RECORD WAS SET OR TIED.
MM INDICATES DATA IS MISSING.
T  INDICATES TRACE AMOUNT.




$$
