000
CDUS43 KGRB 050827
CLIGRB


CLIMATE REPORT
NATIONAL WEATHER SERVICE GREEN BAY
226 AM CST SUN MAR 5 2017


...................................

...THE GREEN BAY WI CLIMATE SUMMARY FOR MARCH 4 2017...

CLIMATE NORMAL PERIOD 1981 TO 2010
CLIMATE RECORD PERIOD 1886 TO 2017


WEATHER ITEM   OBSERVED TIME   RECORD YEAR NORMAL DEPARTURE LAST
                VALUE   (LST)  VALUE       VALUE  FROM      YEAR
                                                  NORMAL
..................................................................
TEMPERATURE (F)
 YESTERDAY
  MAXIMUM         32   1159 PM  57    2000  34     -2       34
                                      1894
  MINIMUM          6    551 AM -13    2002  18    -12       15
  AVERAGE         19                        26     -7       25

PRECIPITATION (IN)
  YESTERDAY        0.00          0.70 1976   0.05  -0.05     0.12
  MONTH TO DATE    0.51                      0.22   0.29     0.19
  SINCE MAR 1      0.51                      0.22   0.29     0.19
  SINCE JAN 1      3.76                      2.46   1.30     2.67

SNOWFALL (IN)
  YESTERDAY        0.0           7.0  1920   0.3   -0.3      1.6
  MONTH TO DATE    5.9                       1.4    4.5      2.9
  SINCE MAR 1      5.9                       1.4    4.5      2.9
  SINCE JUL 1     50.1                      41.6    8.5     36.7
  SNOW DEPTH       5

DEGREE DAYS
 HEATING
  YESTERDAY       46                        39      7       40
  MONTH TO DATE  177                       158     19      178
  SINCE MAR 1    177                       158     19      178
  SINCE JUL 1   4750                      5998  -1248     4989

 COOLING
  YESTERDAY        0                         0      0        0
  MONTH TO DATE    0                         0      0        0
  SINCE MAR 1      0                         0      0        0
  SINCE JAN 1      0                         0      0        0
..................................................................


WIND (MPH)
  HIGHEST WIND SPEED    21   HIGHEST WIND DIRECTION    SE (140)
  HIGHEST GUST SPEED    26   HIGHEST GUST DIRECTION    SE (140)
  AVERAGE WIND SPEED     9.0


SKY COVER
  POSSIBLE SUNSHINE  MM
  AVERAGE SKY COVER 0.3


WEATHER CONDITIONS
 THE FOLLOWING WEATHER WAS RECORDED YESTERDAY.
  NO SIGNIFICANT WEATHER WAS OBSERVED.


RELATIVE HUMIDITY (PERCENT)
 HIGHEST    91           500 AM
 LOWEST     63           900 AM
 AVERAGE    77

..........................................................


THE GREEN BAY WI CLIMATE NORMALS FOR TODAY
                         NORMAL    RECORD    YEAR
 MAXIMUM TEMPERATURE (F)   34        57      2000
                                             1894
 MINIMUM TEMPERATURE (F)   18       -23      1890


SUNRISE AND SUNSET
MARCH  5 2017.........SUNRISE   622 AM CST   SUNSET   546 PM CST
MARCH  6 2017.........SUNRISE   621 AM CST   SUNSET   547 PM CST


-  INDICATES NEGATIVE NUMBERS.
R  INDICATES RECORD WAS SET OR TIED.
MM INDICATES DATA IS MISSING.
T  INDICATES TRACE AMOUNT.

$$
