000
CDUS43 KGRB 160746
CLIGRB

CLIMATE REPORT
NATIONAL WEATHER SERVICE GREEN BAY
144 AM CST WED NOV 16 2016

...................................

...THE GREEN BAY WI CLIMATE SUMMARY FOR NOVEMBER 15 2016...

CLIMATE NORMAL PERIOD 1981 TO 2010
CLIMATE RECORD PERIOD 1886 TO 2016


WEATHER ITEM   OBSERVED TIME   RECORD YEAR NORMAL DEPARTURE LAST
                VALUE   (LST)  VALUE       VALUE  FROM      YEAR
                                                  NORMAL
..................................................................
TEMPERATURE (F)
 YESTERDAY
  MAXIMUM         52    307 PM  68    2001  43      9       59
  MINIMUM         41   1159 PM   1    1959  27     14       36
  AVERAGE         47                        35     12       48

PRECIPITATION (IN)
  YESTERDAY        T             0.84 2005   0.08  -0.08     0.00
  MONTH TO DATE    0.10                      1.09  -0.99     0.60
  SINCE SEP 1      7.05                      6.57   0.48     9.09
  SINCE JAN 1     28.67                     26.97   1.70    25.29

SNOWFALL (IN)
  YESTERDAY        0.0           2.4  1973   0.1   -0.1      0.0
  MONTH TO DATE    0.0                       1.0   -1.0       T
  SINCE SEP 1      0.0                       1.2   -1.2       T
  SINCE JUL 1      0.0                       1.2   -1.2       T
  SNOW DEPTH       0

DEGREE DAYS
 HEATING
  YESTERDAY       18                        30    -12       17
  MONTH TO DATE  225                       403   -178      265
  SINCE SEP 1    666                      1166   -500      790
  SINCE JUL 1    679                      1229   -550      840

COOLING
  YESTERDAY        0                         0      0        0
  MONTH TO DATE    0                         0      0        0
  SINCE SEP 1     55                        36     19      115
  SINCE JAN 1    577                       398    179      517
..................................................................

WIND (MPH)
  HIGHEST WIND SPEED    12   HIGHEST WIND DIRECTION    SW (210)
  HIGHEST GUST SPEED    15   HIGHEST GUST DIRECTION    SW (210)
  AVERAGE WIND SPEED     5.0

SKY COVER
  POSSIBLE SUNSHINE  MM
  AVERAGE SKY COVER 0.8

WEATHER CONDITIONS
 THE FOLLOWING WEATHER WAS RECORDED YESTERDAY.
  LIGHT RAIN
  FOG

RELATIVE HUMIDITY (PERCENT)
 HIGHEST   100          1100 PM
 LOWEST     77           200 PM
 AVERAGE    89
..........................................................

THE GREEN BAY WI CLIMATE NORMALS FOR TODAY
                         NORMAL    RECORD    YEAR
 MAXIMUM TEMPERATURE (F)   42        72      1953
 MINIMUM TEMPERATURE (F)   27         1      1959
                                             1933

SUNRISE AND SUNSET
NOVEMBER 16 2016......SUNRISE   651 AM CST   SUNSET   424 PM CST
NOVEMBER 17 2016......SUNRISE   652 AM CST   SUNSET   423 PM CST

-  INDICATES NEGATIVE NUMBERS.
R  INDICATES RECORD WAS SET OR TIED.
MM INDICATES DATA IS MISSING.
T  INDICATES TRACE AMOUNT.

$$
